{"id":87,"date":"2016-02-02T10:36:09","date_gmt":"2016-02-02T08:36:09","guid":{"rendered":"http:\/\/wi.ee\/voro\/?page_id=87"},"modified":"2023-01-07T12:38:18","modified_gmt":"2023-01-07T10:38:18","slug":"andreas-kalkun","status":"publish","type":"page","link":"https:\/\/wi.ee\/voro\/kiranigu\/andreas-kalkun\/","title":{"rendered":"Andreas Kalkun"},"content":{"rendered":"<p><img loading=\"lazy\" decoding=\"async\" class=\"alignnone size-full wp-image-88\" src=\"http:\/\/wi.ee\/voro\/wp-content\/uploads\/2016\/02\/andreas-kalkun.jpg\" alt=\"andreas-kalkun\" width=\"148\" height=\"154\" \/><\/p>\n<h3>Luul\u00f5tuisi<\/h3>\n<p>no pits\u00fcs jo mu suugina ar kinni k\u00f5ik om s\u00e4\u00e4ne<br \/>\nnigu ette kirotanuq veri om jo ammukina m\u00e4\u00e4ne<br \/>\nolt sa ni valg\u00f5k\u00f5n\u00f5 nahk su s\u00e4l\u00e4h keerub<br \/>\nno om mul jo n\u00e4tt\u00fc ah su pest om prao mu i\u00e4\u00e4le<\/p>\n<p>p\u00f5lk\u00f5 no ku tahat kivi pilk\u00f5 jo mi pool\u00f5<br \/>\npalotas su k\u00fcnnel \u00f5ks mu peopessi ma kool\u00f5<br \/>\nsu naal\u00f5 hoit\u00f5h peoh su valgit helmit<br \/>\nun\u00f5htagu-i unn\u00f5 \u00f5nn\u00f5 virgugu-i sa elol\u00f5 sjool\u00f5<\/p>\n<p>hoitnu ol\u00f5 \u00fc\u00fc ni p\u00e4\u00e4v\u00e4 suuh su nimme<br \/>\ntundmalda su ihho silm\u00e4 omma p\u00fcmme<br \/>\nroobits\u00f5t must t\u00f5\u00f5s\u00f5 palv\u00f5 palas kroon su<br \/>\np\u00e4\u00e4h su lats\u00f5hiuussih sa mu kjasko k\u00fcmme<\/p>\n<p>ma ramm\u00f5h\u00f5nu kinkal ammukina kaot\u00f5t m\u00f5\u00f5t<br \/>\nmu k\u00fc\u00fcdsekina kasuss\u00f5 mu hind\u00e4 ihho m\u00f5\u00f5k<br \/>\nja rist minno viil verist\u00e4se liha om hain<br \/>\nmi\u00e4 suuh k\u00f5rd veret\u00e4s ja sinet\u00e4s ku ujam\u00f5\u00f5l<\/p>\n<p>l\u00e4tt suvi jo t\u00f5\u00f5s\u00f5sugumats\u00f5st taivas l\u00e4nn\u00fc om korg\u00f5he n\u00f5s\u00f5<br \/>\nsakina n\u00f5rgahunu kl\u00f5bis\u00f5s\u00f5 haava lehe ku kopka m\u00f5s\u00f5<br \/>\nsilm\u00e4 ku olt n\u00e4nn\u00fc verev\u00e4t ja musta lihha hot ma kool\u00f5-i<br \/>\nhummuk hurmakarvaline kisk ar mu mant \u00fc\u00fc mu \u00fcl\u00e4k\u00f5s\u00f5<\/p>\n<p>ja kil\u00f5h\u00f5he r\u00fc\u00fckv\u00e4 tsirgu nigu piidsaplaksna vai<br \/>\nku halu palotav mu p\u00e4\u00e4h k\u00f5rd p\u00e4h\u00fctsihe p\u00e4hn ja pai<br \/>\nmu p\u00e4\u00e4hh\u00e4 aja uma valg\u00f5 juur\u00f5k\u00f5s\u00f5 vett ja verd<br \/>\nom juusknu tim\u00e4 haavust kakk\u00f5gu-i mu kammits kuuljast sai<\/p>\n<p>oo korg\u00f5he sa kitet\u00fc ku p\u00e4\u00e4le kaet ni kumald\u00f5 sata<br \/>\nimp n\u00f5s\u00f5-i n\u00f5stmalda a roosk sa hikk\u00f5 ki\u00e4 olt l\u00e4nn\u00fcq mata<br \/>\nno hind\u00e4 verev\u00e4 vihina ala vislapuu ku s\u00fc\u00e4<br \/>\nmi\u00e4 ladvani lahki ni om verev\u00e4st pest mu silm\u00e4 kata<\/p>\n<p>vih\u00f5m virgak\u00f5n\u00f5 lakk mu lig\u00f5hit s\u00f5rmi m\u00f5sk<br \/>\nsu ohuk\u00f5s\u00f5st j\u00e4\u00e4n\u00fc olaluid ja mu silm\u00e4 n\u00f5st<br \/>\nikust ilosast ni silm\u00e4viist om veli verev\u00e4st j\u00e4\u00e4n\u00fc<br \/>\nku m\u00e4d\u00e4nen\u00fc ubina mu katski vaotas k\u00f5rd sjoo r\u00f5sk<\/p>\n<p>oh p\u00fch\u00e4 puhas ki\u00e4 sa olt jo armo saanu h\u00fc\u00e4<br \/>\nk\u00f5rd painota minnogina maahha ku lam\u00f5h\u00f5nu r\u00fc\u00e4-<br \/>\np\u00f5lk\u00f5n\u00f5 ma tahassi tolmada njako litst\u00f5h liiva<br \/>\nkool\u00f5 ja h\u00e4itse ku viil l\u00e4bikatsmalda mu neero ja s\u00fc\u00e4<\/p>\n<p>kaonu velekekene kul\u00f5htu-i mu nahalt kiraq mak\u00f5<br \/>\nv\u00f5e \u00f5ks \u00f5nnist\u00f5t om maik mu suuh a \u00f5ks ma pak\u00f5<br \/>\nelo iist ma joos\u00f5 nigu lats mu kur&#8217;a pini<br \/>\nusk ni uhkus takah om mu tar\u00f5 lag\u00f5h\u00f5p ku lak\u00f5<\/p>\n<p>ja m\u00f5ista-ai ma un\u00f5htada k\u00e4kit armi hiuussih l\u00f5ik<br \/>\nsu l\u00f5hn jo vallal\u00f5 sa h\u00e4itset\u00e4t mu naha huul\u00f5 k\u00f5ik<br \/>\nom kumbit vahtr\u00f5 valg\u00f5 soon\u00f5k\u00f5s\u00f5 kulds\u00f5 karva<br \/>\nsu k\u00e4ssil vereht\u00e4v\u00e4h tornih l\u00fc\u00fc viil kurdist mu su h\u00f5ik<\/p>\n<p>no \u00fctle \u00fctski s\u00f5na \u00fcts s\u00f5na pool\u00f5k\u00f5n\u00f5<br \/>\nlumi palotas suu ar valg\u00f5st nigu h\u00f5p\u00f5<br \/>\nmu silmi munn\u00f5 seeh ei kist\u00fc tuli t\u00f5n\u00f5<br \/>\nom su vasits\u00f5 k\u00e4evarr\u00f5 \u00f5nn\u00f5 mu t\u00f5p\u00f5<\/p>\n<p>ja pastmist n\u00e4nn\u00fc p\u00e4\u00e4h nigu n\u00e4t\u00e4q om karist<br \/>\nminno mu hind\u00e4 usk ni m\u00e4\u00e4n\u00fc s\u00fck\u00fcs must<br \/>\nsjoo aastak p\u00e4\u00e4h\u00e4 kraap uma j\u00e4le ja k\u00f5rist<br \/>\nl\u00f5p\u00f5s hel\u00fc ni hing su nimi ikust m\u00f5st<\/p>\n<p>ni mak\u00f5 huulil l\u00e4\u00fck no anna mis mul puudu<br \/>\nvai t\u00f5s\u00f5st tii mu arm ki\u00e4 olt sa ristipuudu<\/p>\n<p>om klaasil varast\u00f5t ar taiva au ni v\u00e4rm<br \/>\nja papr\u00f5 p\u00e4\u00e4le kisk su sisikonna k\u00e4si<br \/>\nom s\u00f5rm\u00f5kunt\u00f5l nahk nigu sinet\u00e4v h\u00e4rm<br \/>\nja h\u00e4b\u00fc huulits koh ma iho ligi kisi<\/p>\n<p>uma r\u00f5ivit ja koh mu ullist pesse tuul<br \/>\nni taiva valgus no ku mu altar om t\u00fchi<br \/>\n\u00f5nn\u00f5 k\u00f5mis\u00f5s p\u00e4\u00e4h ja su m\u00e4rk mi\u00e4 mu suul<br \/>\nminno uimats\u00f5st l\u00fc\u00fc ol\u00f5-i un\u00f5htust p\u00fchhi<\/p>\n<p>su k\u00e4ssi hoit mu miil ku hinge\u00f5nnistust sisi-<br \/>\nkonna verev\u00e4 k\u00f5rd ma papr\u00f5 p\u00e4\u00e4le kisi<\/p>\n<p>ja ar hiid\u00fctet ulli haina lakva halla<br \/>\nja l\u00f5pp\u00f5malda no om uni kaonu \u00fcts<br \/>\nni t\u00f5\u00f5n\u00f5 \u00f5kva l\u00f6\u00fct mu suu su suud jal ots<br \/>\nni un\u00f5htust ma j\u00e4tse maahha su v\u00f5iolla<\/p>\n<p>su valg\u00f5 s\u00e4ng om kirst nigu lats\u00f5 mi kool\u00f5<br \/>\ns\u00e4\u00e4l haig\u00f5 liha k\u00e4kk mi silm\u00e4 kinni imp<br \/>\nno ma jovva-ai pess mu ello m\u00f5t\u00f5 tuul\u00f5<br \/>\nki\u00e4 om kavv\u00f5h ni j\u00e4et mul maahha vitsakimp<\/p>\n<p>ni roosk mu ikk ni ris` om mu p\u00e4h\u00fctsih tuu<br \/>\nol\u00f5-i viil minno no ar muutnu suuh su suu<\/p>\n<p>nigu p\u00fcmme vai ull mi\u00e4 om \u00f5nnistus mi\u00e4 vits<br \/>\nma saa-ai arvu no ku s\u00f5na saanu lihast<br \/>\nom ja \u00fctst\u00f5s\u00f5h kats mi kool\u00f5 v\u00e4ll&#8217;\u00e4 kih\u00e4st<br \/>\nom kistu halu p\u00e4iv ja \u00fc\u00fc mu pindrit kitsk<\/p>\n<p>ja kohes k\u00e4kki noq mul hinn\u00e4st kinka iist<br \/>\nvai mille s\u00fc\u00e4 pess p\u00e4\u00e4h ku \u00e4hn ma upussi<br \/>\nsu olg\u00f5 n\u00f5al\u00f5 kaala \u00fcmbre kaossi<br \/>\nja vesi n\u00f5s\u00f5s verrev kuum ni hahk ja tiist<\/p>\n<p>om n\u00e4t\u00e4 \u00f5nn\u00f5 m\u00e4rk mi silmih no om lihah<br \/>\nku v\u00e4rrin per\u00e4mine mi \u00f5nnistus ni viha<\/p>\n<p>om n\u00f5nah tunda no nigu palanut lihha<br \/>\nja no vaug\u00f5l\u00f5s tuul ja lumi ts&#8217;aun mu kihh\u00e4<br \/>\nni lamm\u00f5s s\u00e4lg\u00e4 hirm ma jovva-i kiild\u00e4 hind\u00e4l<br \/>\nno ei alandust \u00fc\u00fcd ei sinno k\u00f5ik om kindla<\/p>\n<p>om kuudal tett\u00fc t\u00fc\u00fc ja nur&#8217;atuhe l\u00e4\u00fck<br \/>\nnigu kirv\u00f5s su suu ja mi kumbki ei painu<br \/>\nom liha leev\u00e4 iist meil s\u00fc\u00fcd\u00fc p\u00e4\u00e4v\u00e4 ts&#8217;auk<br \/>\nmi kottal verest tsilk nigu p\u00e4\u00e4le olt kaenu<\/p>\n<p>ma pala p\u00e4st\u00e4 arm tul\u00f5 kistuta tembit<br \/>\nma su mahluga no om viha purust tambit<\/p>\n<p>ki\u00e4 no taht tuul no om jo n\u00e4tq kuis meil<br \/>\nl\u00fc\u00fcd\u00fc kinni om hing ni ar sadanu njaoq<br \/>\nhind\u00e4 julgus\u00f5st om ja kuis mi pelg\u00e4<br \/>\nhind\u00e4gi ihho<\/p>\n<p>kuis mi inne sjood ol\u00f5 joudnu ell\u00e4<br \/>\nkuis mi per\u00e4st sjood el\u00e4 hiit\u00fcn\u00fc kats<br \/>\nkatski huul\u00f5 kraap lumivalg\u00f5 i\u00e4\u00e4 om<br \/>\nkuuma su s\u00f5rm\u00f5<\/p>\n<p>\u00f5ks ku tsilguss\u00f5 joba kaart\u00f5 meele-<br \/>\nkotsih hiuussi all sinik\u00f5llats\u00f5 su<br \/>\nsoon\u00f5 pessv\u00e4 s\u00f5s kiso puie kjulm l\u00f5hn<br \/>\nhind\u00e4he sisse<\/p>\n<p>p\u00e4iv ku l\u00e4mmit\u00e4s nigu njakko palas<br \/>\nj\u00e4lg su njapp\u00f5 raast ni ma \u00f5nn\u00f5 h\u00e4mm\u00e4<br \/>\nhind\u00e4 kuiva suud s\u00e4l\u00e4 p\u00e4\u00e4le sata<br \/>\nmaahha ku hindo<\/p>\n<p>pliikn\u00fc p\u00e4ivlik plink aja ringi p\u00e4\u00e4 lahk<br \/>\ns\u00fc\u00e4nd ni hahk\u00f5 i\u00e4\u00e4d ja no timahava<br \/>\nviilgi halosap nigu vaotas pillu<br \/>\np\u00f5lvili maahha<\/p>\n<p>tumm\u00f5hit ts\u00f5\u00f5r\u00f5 tege<br \/>\np\u00e4iv mu silm\u00e4 h\u00f5i sed\u00e4 ma ammu jo oodi sjood ma<br \/>\nkavva jo kaie kasos<br \/>\nl\u00e4bi hah\u00f5st i\u00e4\u00e4st ni mu s\u00fc\u00e4 ni orashaingi<\/p>\n<p>navesna r\u00f5ivas templih<br \/>\nk\u00f5g\u00f5 l\u00f5pust om nigu t\u00f5ot lahenu keskelt pool\u00f5st<br \/>\nputus mu musti silm\u00e4-<br \/>\nalotsit k\u00f5rd kuum nigu raud palotav tuhast su suu<\/p>\n<p>terv\u00fchtet ol\u00f5 \u00f5ig\u00f5<br \/>\nliha pits\u00fcs k\u00f5rd viil mu suu kinni ja lik\u00f5 kandli-<br \/>\nalutsq kuiu-i ar paast<br \/>\nkool\u00f5ta jovva-i ega kae kuiu-i mu ukla uja<\/p>\n","protected":false},"excerpt":{"rendered":"<p>Luul\u00f5tuisi no pits\u00fcs jo mu suugina ar kinni k\u00f5ik om s\u00e4\u00e4ne nigu ette kirotanuq veri om jo ammukina m\u00e4\u00e4ne olt sa ni valg\u00f5k\u00f5n\u00f5 nahk su s\u00e4l\u00e4h keerub no om mul jo n\u00e4tt\u00fc ah su pest om prao mu i\u00e4\u00e4le p\u00f5lk\u00f5 no ku tahat kivi pilk\u00f5 jo mi pool\u00f5 palotas su k\u00fcnnel \u00f5ks mu peopessi ma [&hellip;]<\/p>\n","protected":false},"author":1,"featured_media":0,"parent":9,"menu_order":15,"comment_status":"closed","ping_status":"closed","template":"","meta":{"footnotes":""},"class_list":["post-87","page","type-page","status-publish","hentry"],"yoast_head":"<!-- This site is optimized with the Yoast SEO plugin v27.4 - https:\/\/yoast.com\/product\/yoast-seo-wordpress\/ -->\n<title>Andreas Kalkun - V\u00f5ro kir\u00e4nd\u00fcs<\/title>\n<meta name=\"robots\" content=\"index, follow, max-snippet:-1, max-image-preview:large, max-video-preview:-1\" \/>\n<link rel=\"canonical\" href=\"https:\/\/wi.ee\/voro\/kiranigu\/andreas-kalkun\/\" \/>\n<meta property=\"og:locale\" content=\"et_EE\" \/>\n<meta property=\"og:type\" content=\"article\" \/>\n<meta property=\"og:title\" content=\"Andreas Kalkun - V\u00f5ro kir\u00e4nd\u00fcs\" \/>\n<meta property=\"og:description\" content=\"Luul\u00f5tuisi no pits\u00fcs jo mu suugina ar kinni k\u00f5ik om s\u00e4\u00e4ne nigu ette kirotanuq veri om jo ammukina m\u00e4\u00e4ne olt sa ni valg\u00f5k\u00f5n\u00f5 nahk su s\u00e4l\u00e4h keerub no om mul jo n\u00e4tt\u00fc ah su pest om prao mu i\u00e4\u00e4le p\u00f5lk\u00f5 no ku tahat kivi pilk\u00f5 jo mi pool\u00f5 palotas su k\u00fcnnel \u00f5ks mu peopessi ma [&hellip;]\" \/>\n<meta property=\"og:url\" content=\"https:\/\/wi.ee\/voro\/kiranigu\/andreas-kalkun\/\" \/>\n<meta property=\"og:site_name\" content=\"V\u00f5ro kir\u00e4nd\u00fcs\" \/>\n<meta property=\"article:modified_time\" content=\"2023-01-07T10:38:18+00:00\" \/>\n<meta property=\"og:image\" content=\"http:\/\/wi.ee\/voro\/wp-content\/uploads\/2016\/02\/andreas-kalkun.jpg\" \/>\n<meta name=\"twitter:card\" content=\"summary_large_image\" \/>\n<meta name=\"twitter:label1\" content=\"Est. reading time\" \/>\n\t<meta name=\"twitter:data1\" content=\"6 minutit\" \/>\n<script type=\"application\/ld+json\" class=\"yoast-schema-graph\">{\"@context\":\"https:\\\/\\\/schema.org\",\"@graph\":[{\"@type\":\"WebPage\",\"@id\":\"https:\\\/\\\/wi.ee\\\/voro\\\/kiranigu\\\/andreas-kalkun\\\/\",\"url\":\"https:\\\/\\\/wi.ee\\\/voro\\\/kiranigu\\\/andreas-kalkun\\\/\",\"name\":\"Andreas Kalkun - V\u00f5ro kir\u00e4nd\u00fcs\",\"isPartOf\":{\"@id\":\"https:\\\/\\\/wi.ee\\\/voro\\\/#website\"},\"primaryImageOfPage\":{\"@id\":\"https:\\\/\\\/wi.ee\\\/voro\\\/kiranigu\\\/andreas-kalkun\\\/#primaryimage\"},\"image\":{\"@id\":\"https:\\\/\\\/wi.ee\\\/voro\\\/kiranigu\\\/andreas-kalkun\\\/#primaryimage\"},\"thumbnailUrl\":\"http:\\\/\\\/wi.ee\\\/voro\\\/wp-content\\\/uploads\\\/2016\\\/02\\\/andreas-kalkun.jpg\",\"datePublished\":\"2016-02-02T08:36:09+00:00\",\"dateModified\":\"2023-01-07T10:38:18+00:00\",\"breadcrumb\":{\"@id\":\"https:\\\/\\\/wi.ee\\\/voro\\\/kiranigu\\\/andreas-kalkun\\\/#breadcrumb\"},\"inLanguage\":\"et\",\"potentialAction\":[{\"@type\":\"ReadAction\",\"target\":[\"https:\\\/\\\/wi.ee\\\/voro\\\/kiranigu\\\/andreas-kalkun\\\/\"]}]},{\"@type\":\"ImageObject\",\"inLanguage\":\"et\",\"@id\":\"https:\\\/\\\/wi.ee\\\/voro\\\/kiranigu\\\/andreas-kalkun\\\/#primaryimage\",\"url\":\"http:\\\/\\\/wi.ee\\\/voro\\\/wp-content\\\/uploads\\\/2016\\\/02\\\/andreas-kalkun.jpg\",\"contentUrl\":\"http:\\\/\\\/wi.ee\\\/voro\\\/wp-content\\\/uploads\\\/2016\\\/02\\\/andreas-kalkun.jpg\"},{\"@type\":\"BreadcrumbList\",\"@id\":\"https:\\\/\\\/wi.ee\\\/voro\\\/kiranigu\\\/andreas-kalkun\\\/#breadcrumb\",\"itemListElement\":[{\"@type\":\"ListItem\",\"position\":1,\"name\":\"Home\",\"item\":\"https:\\\/\\\/wi.ee\\\/voro\\\/\"},{\"@type\":\"ListItem\",\"position\":2,\"name\":\"KI\u00c4 OMMA V\u00d5RO KIR\u00c4NIGU\",\"item\":\"https:\\\/\\\/wi.ee\\\/voro\\\/kiranigu\\\/\"},{\"@type\":\"ListItem\",\"position\":3,\"name\":\"Andreas Kalkun\"}]},{\"@type\":\"WebSite\",\"@id\":\"https:\\\/\\\/wi.ee\\\/voro\\\/#website\",\"url\":\"https:\\\/\\\/wi.ee\\\/voro\\\/\",\"name\":\"V\u00f5ro kir\u00e4nd\u00fcs\",\"description\":\"V\u00f5ro kir\u00e4nd\u00fcse kodoleht\",\"potentialAction\":[{\"@type\":\"SearchAction\",\"target\":{\"@type\":\"EntryPoint\",\"urlTemplate\":\"https:\\\/\\\/wi.ee\\\/voro\\\/?s={search_term_string}\"},\"query-input\":{\"@type\":\"PropertyValueSpecification\",\"valueRequired\":true,\"valueName\":\"search_term_string\"}}],\"inLanguage\":\"et\"}]}<\/script>\n<!-- \/ Yoast SEO plugin. -->","yoast_head_json":{"title":"Andreas Kalkun - V\u00f5ro kir\u00e4nd\u00fcs","robots":{"index":"index","follow":"follow","max-snippet":"max-snippet:-1","max-image-preview":"max-image-preview:large","max-video-preview":"max-video-preview:-1"},"canonical":"https:\/\/wi.ee\/voro\/kiranigu\/andreas-kalkun\/","og_locale":"et_EE","og_type":"article","og_title":"Andreas Kalkun - V\u00f5ro kir\u00e4nd\u00fcs","og_description":"Luul\u00f5tuisi no pits\u00fcs jo mu suugina ar kinni k\u00f5ik om s\u00e4\u00e4ne nigu ette kirotanuq veri om jo ammukina m\u00e4\u00e4ne olt sa ni valg\u00f5k\u00f5n\u00f5 nahk su s\u00e4l\u00e4h keerub no om mul jo n\u00e4tt\u00fc ah su pest om prao mu i\u00e4\u00e4le p\u00f5lk\u00f5 no ku tahat kivi pilk\u00f5 jo mi pool\u00f5 palotas su k\u00fcnnel \u00f5ks mu peopessi ma [&hellip;]","og_url":"https:\/\/wi.ee\/voro\/kiranigu\/andreas-kalkun\/","og_site_name":"V\u00f5ro kir\u00e4nd\u00fcs","article_modified_time":"2023-01-07T10:38:18+00:00","og_image":[{"url":"http:\/\/wi.ee\/voro\/wp-content\/uploads\/2016\/02\/andreas-kalkun.jpg","type":"","width":"","height":""}],"twitter_card":"summary_large_image","twitter_misc":{"Est. reading time":"6 minutit"},"schema":{"@context":"https:\/\/schema.org","@graph":[{"@type":"WebPage","@id":"https:\/\/wi.ee\/voro\/kiranigu\/andreas-kalkun\/","url":"https:\/\/wi.ee\/voro\/kiranigu\/andreas-kalkun\/","name":"Andreas Kalkun - V\u00f5ro kir\u00e4nd\u00fcs","isPartOf":{"@id":"https:\/\/wi.ee\/voro\/#website"},"primaryImageOfPage":{"@id":"https:\/\/wi.ee\/voro\/kiranigu\/andreas-kalkun\/#primaryimage"},"image":{"@id":"https:\/\/wi.ee\/voro\/kiranigu\/andreas-kalkun\/#primaryimage"},"thumbnailUrl":"http:\/\/wi.ee\/voro\/wp-content\/uploads\/2016\/02\/andreas-kalkun.jpg","datePublished":"2016-02-02T08:36:09+00:00","dateModified":"2023-01-07T10:38:18+00:00","breadcrumb":{"@id":"https:\/\/wi.ee\/voro\/kiranigu\/andreas-kalkun\/#breadcrumb"},"inLanguage":"et","potentialAction":[{"@type":"ReadAction","target":["https:\/\/wi.ee\/voro\/kiranigu\/andreas-kalkun\/"]}]},{"@type":"ImageObject","inLanguage":"et","@id":"https:\/\/wi.ee\/voro\/kiranigu\/andreas-kalkun\/#primaryimage","url":"http:\/\/wi.ee\/voro\/wp-content\/uploads\/2016\/02\/andreas-kalkun.jpg","contentUrl":"http:\/\/wi.ee\/voro\/wp-content\/uploads\/2016\/02\/andreas-kalkun.jpg"},{"@type":"BreadcrumbList","@id":"https:\/\/wi.ee\/voro\/kiranigu\/andreas-kalkun\/#breadcrumb","itemListElement":[{"@type":"ListItem","position":1,"name":"Home","item":"https:\/\/wi.ee\/voro\/"},{"@type":"ListItem","position":2,"name":"KI\u00c4 OMMA V\u00d5RO KIR\u00c4NIGU","item":"https:\/\/wi.ee\/voro\/kiranigu\/"},{"@type":"ListItem","position":3,"name":"Andreas Kalkun"}]},{"@type":"WebSite","@id":"https:\/\/wi.ee\/voro\/#website","url":"https:\/\/wi.ee\/voro\/","name":"V\u00f5ro kir\u00e4nd\u00fcs","description":"V\u00f5ro kir\u00e4nd\u00fcse kodoleht","potentialAction":[{"@type":"SearchAction","target":{"@type":"EntryPoint","urlTemplate":"https:\/\/wi.ee\/voro\/?s={search_term_string}"},"query-input":{"@type":"PropertyValueSpecification","valueRequired":true,"valueName":"search_term_string"}}],"inLanguage":"et"}]}},"_links":{"self":[{"href":"https:\/\/wi.ee\/voro\/wp-json\/wp\/v2\/pages\/87","targetHints":{"allow":["GET"]}}],"collection":[{"href":"https:\/\/wi.ee\/voro\/wp-json\/wp\/v2\/pages"}],"about":[{"href":"https:\/\/wi.ee\/voro\/wp-json\/wp\/v2\/types\/page"}],"author":[{"embeddable":true,"href":"https:\/\/wi.ee\/voro\/wp-json\/wp\/v2\/users\/1"}],"replies":[{"embeddable":true,"href":"https:\/\/wi.ee\/voro\/wp-json\/wp\/v2\/comments?post=87"}],"version-history":[{"count":5,"href":"https:\/\/wi.ee\/voro\/wp-json\/wp\/v2\/pages\/87\/revisions"}],"predecessor-version":[{"id":945,"href":"https:\/\/wi.ee\/voro\/wp-json\/wp\/v2\/pages\/87\/revisions\/945"}],"up":[{"embeddable":true,"href":"https:\/\/wi.ee\/voro\/wp-json\/wp\/v2\/pages\/9"}],"wp:attachment":[{"href":"https:\/\/wi.ee\/voro\/wp-json\/wp\/v2\/media?parent=87"}],"curies":[{"name":"wp","href":"https:\/\/api.w.org\/{rel}","templated":true}]}}