{"id":71,"date":"2016-02-01T16:23:46","date_gmt":"2016-02-01T14:23:46","guid":{"rendered":"http:\/\/wi.ee\/voro\/?page_id=71"},"modified":"2023-01-07T11:42:54","modified_gmt":"2023-01-07T09:42:54","slug":"aapo-ilves","status":"publish","type":"page","link":"https:\/\/wi.ee\/voro\/kiranigu\/aapo-ilves\/","title":{"rendered":"Aapo Ilves"},"content":{"rendered":"<p><strong><img loading=\"lazy\" decoding=\"async\" class=\"alignleft size-full wp-image-72\" src=\"http:\/\/wi.ee\/voro\/wp-content\/uploads\/2016\/02\/aapo-ilves.jpg\" alt=\"aapo-ilves\" width=\"180\" height=\"208\" \/>Ilvese Aapo<\/strong> om s\u00fcnd\u00fcn\u00fc 1970. aastaga 20. rehekuu p\u00e4\u00e4v\u00e4l R\u00e4pin\u00e4h.<\/p>\n<p>Olnu vabakuts\u00f5lin\u00f5 kir\u00e4nik kunstnik ja muusigamiis. Kujondanu ja toim\u00f5ndanu las\u00f5rts\u00f5\u00f5r\u00f5 ja raamatit, m\u00e4ngn\u00fc pilli ja laulnu, kirotanu muusigat ja laulus\u00f5nno. V\u00f5rokeelsite s\u00f5nnuga v\u00f5itnu 2004. aasta Eesti Eurolaulu v\u00f5istlus\u00f5 (&#8220;Tii&#8221;, ansambi &#8220;Neiok\u00f5s\u00f5&#8221;), umakeelsit laul\u00f5 vid\u00e4n\u00fc ka ansambliga L\u00f5k\u00f5riq ja luul\u00f5tajid\u00f5 kambaga Viie P\u00e4\u00e4le.<\/p>\n<p>Kirotas kir\u00e4keelen ja ida-v\u00f5ro keelen.<\/p>\n<p>Ilmunu kats luul\u00f5koko ja kats proosakoko.<\/p>\n<p>Kirotanu na\u00fct\u00f5m\u00e4ng\u00f5, koh uma kiilt kir\u00e4keelega \u00fcten pruugitas: &#8220;\u00d6\u00f6pik V\u00f5handu kaldalt&#8221; (2002), &#8220;W\u00f5\u00f5bsu palas!&#8221; (2003) ja &#8220;Sillap\u00e4\u00e4 Ossi kronika&#8221; (2004), &#8220;Sanna takah tiigi man&#8221; (2005) ja \u00fcten Kudu Kalevi ja M\u00e4rka Veikoga &#8220;Meie elame V\u00f5rus&#8221; (2004). Naist kolme edimetse iist, mid\u00e4 kutstas R\u00e4pin\u00e4 triloogias, saanu avvuhinna &#8220;P\u00f5lvamaa turismi s\u00f5ber 2004&#8221;.<\/p>\n<p>Nii\u00fcteld\u00e4 katskeeline oll ka novell &#8220;Tallinnast \u00e4ra \/ Talnast \u00e4r&#8221; (raamatust &#8220;Ema on kajaka juures&#8221;; 2001), mih\u00e4nd\u00f5n\u00f5 om t\u00f5lgitu ka soom\u00f5- ja karjala kiilde ja ilmunu raamadun &#8220;Tallinnasta pois&#8221; (Absurdia, Finland, 2003).<\/p>\n<p>Saanu preemia H. Adamsoni nim. murdeluul\u00f5konkursil 2000.<\/p>\n<p>Umakeelist luul\u00f5t ilmunu viil kogomig\u00f5n &#8220;Ime k\u00fctken t\u00e4he poole kist&#8221; (Eesti murdeluule antoloogia, koostanu Siim K\u00e4rner, Print Best Viljandi 2002), &#8220;\u00c4itsnemisa aigu&#8221; (Eesti Keele Instituut, 2004) ja &#8220;Viie p\u00e4\u00e4le&#8221; (luul\u00f5tuisi ja laulutekste kogo + CD; kaasautorites Contra, Olavi Ruitlane, Jan Rahman ja Pulga Jaan. V\u00e4iku V\u00e4ll\u00e4andja 2005).<\/p>\n<p>Kirotanu umakeelsit artiklit, luul\u00f5t vai arvostusi ka aolehtile v\u00e4ll\u00e4stpuult v\u00f5ro-seto keeleruumi.<\/p>\n<p>Om Eesti Kir\u00e4nike Liidu liig\u00f5q.<\/p>\n<h3>Aapo Ilvese luul\u00f5tuisi<\/h3>\n<p><strong>ILVES M\u00d5TEL<\/strong><\/p>\n<p>Jobo m\u00f5tel ilves<br \/>\nilves<br \/>\nm\u00f5tliva jobo<br \/>\nholdo m\u00f5tel ilves<br \/>\nkell m\u00f5tel politsainik<br \/>\nidioot m\u00f5tel ilves<br \/>\nm\u00f5ni m\u00f5tel m\u00f5is<br \/>\njummal m\u00f5tel ilves<br \/>\nhevi m\u00f5tel jummal<br \/>\nrohiline m\u00f5tel ilves<br \/>\nverrev m\u00f5tel rohiline<\/p>\n<p>putsin m\u00f5tel ilves<br \/>\noooh \u00fctel latskene<\/p>\n<p>im\u00e4 m\u00f5tel ilves<br \/>\ntsolgipang om j\u00e4lki t\u00e4us m\u00f5tel im\u00e4<br \/>\n\u00f5lo m\u00f5tel ilves<br \/>\nrahha m\u00f5tel puudnik<br \/>\njobo m\u00f5tel ilves<br \/>\n\u00f5lo m\u00f5tliva jobo<br \/>\njobo m\u00f5tel \u00f5lo<br \/>\nilves m\u00f5tel raha<br \/>\nputsin m\u00f5tel latskene<br \/>\nom jah m\u00f5tel ilves<\/p>\n<p><strong>TAMM\u00d5<\/strong><\/p>\n<p>L\u00f6\u00fcdse tamm\u00f5 taadi murolt<br \/>\nm\u00f5istnu-\u00f5i mi\u00e4kit tet\u00e4<br \/>\nol\u00f5-\u00f5i opnu<br \/>\ninne s\u00e4idse k\u00f5rg-aridust<br \/>\nkir\u00e4 ja tiploomi<\/p>\n<p>sai t\u00f5roga vasta p\u00e4\u00e4d<br \/>\nl\u00e4tsi \u00e4r kodo ikma<\/p>\n<p>ull ol\u00f5<\/p>\n<p><strong>*<\/strong><br \/>\n(a tribute to mississipi delta blues)<\/p>\n<p>V\u00f5handul ol\u00f5-\u00f5i deltat<br \/>\nol\u00f5-\u00f5i ruukatussiga h\u00fctt\u00f5<br \/>\nkoh el\u00e4s niigre<br \/>\nmih\u00e4nds\u00f5 om naade latselatselatselatse<br \/>\nki\u00e4 p\u00fcvvet aahvrikast<br \/>\ntuu jaos et paksu plantaaturi<br \/>\nsaas lasta nail hindi iist t\u00fc\u00fc \u00e4r tet\u00e4<\/p>\n<p>v\u00f5handul ol\u00f5-\u00f5i deltat<br \/>\nkoh ruukatussiga h\u00fctt\u00f5n<br \/>\ns\u00fcnd\u00fcmisest p\u00e4\u00e4le<br \/>\nlegendaarse ja hambutu<br \/>\n(nigu \u00fcts eesti umorist ja aokir\u00e4nik<br \/>\nmu h\u00e4\u00e4 s\u00f5b\u00f5r)<br \/>\nm\u00e4ngv\u00e4 luitsavarrega kipsoni kitarri<br \/>\nja k\u00f5n\u00f5l\u00f5va laulu muudu<br \/>\nkuis nail k\u00f5g\u00f5 taskaa om<br \/>\ntuud kutstas pluus<br \/>\nja eg\u00e4s\u00e4\u00e4nds\u00f5q kl\u00e4ptoni<br \/>\nja k\u00e4rimoori<br \/>\ntahtva kah a saa-\u00f5i<\/p>\n<p>v\u00f5handul ol\u00f5-\u00f5i deltat<br \/>\ninne maq ol\u00f5<br \/>\nluitsavarre iist viinapits<br \/>\nvai mobiiltelehvon<br \/>\nvai mi\u00e4kit<br \/>\nja kipsoni iist musiima<br \/>\na mis tuust<\/p>\n<p>et v\u00f5handul ol\u00f5-\u00f5i deltat<\/p>\n<p><strong>KR\u00c4PP<\/strong><\/p>\n<p>K\u00e4\u00e4n\u00e4 valla uma silm<br \/>\nja sys \u00f5kvapr\u00f5lla n\u00e4\u00e4d sa<br \/>\nkuis ma inne m\u00f6lise<br \/>\nja vehi uma k\u00e4ega<br \/>\nmul om n\u00e4po k\u00fcleh tatt<br \/>\nja sjoo tul\u00f5-\u00f5i \u00e4r\u00e4<br \/>\nja mu m\u00fcts\u00fcnokk om<br \/>\nneli k\u00f5rda pikemp ku mu PIIKS<\/p>\n<p>kr\u00e4pp-kr\u00e4pp&#8230;<\/p>\n<p>ku saa perse ala mersu<br \/>\nmillel takah mullivann ja<br \/>\ntaah siih j\u00e4llit niigre-vanno-<br \/>\nmutt\u00f5 v\u00f5t\u00e4 pannaq<br \/>\nm\u00fcts\u00fcnokk om viilgi pikemp<br \/>\nkaala \u00fcmbre pinikett<br \/>\n\u00f5ks om n\u00e4po k\u00fcleh n\u00f5nakoll<br \/>\nja vehi uma k\u00e4tt<\/p>\n<p>kr\u00e4pp-kr\u00e4pp&#8230;<\/p>\n<p>naglast kraba mulgikuvv\u00f5<br \/>\nja ta s\u00f5ku ala jalg\u00f5<br \/>\ntuust et umba ull om ollaq<br \/>\neestlane ja valg\u00f5<br \/>\nma laula-i tsuhka-nuhka<br \/>\nlaula-i vada-vada-vatt<br \/>\nvehi k\u00e4ega tuust et tul\u00f5-i \u00e4r\u00e4<br \/>\nn\u00e4po k\u00fclest tatt<\/p>\n<p><strong>SEENE<\/strong><\/p>\n<p>L\u00e4tsi m\u00f5tsa sest ma tiidse<br \/>\nm\u00f5tsan kasus puravik<br \/>\ntsilluk\u00f5isi naid ma es putu<br \/>\nv\u00f5ti inne jurakit<\/p>\n<p>koton keedi naist s\u00f5s suppi<br \/>\nv\u00f5i n\u00e4i v\u00f5ikit hallukit<br \/>\npel\u00e4ssi ku ilmal\u00f5ppo<br \/>\numahind\u00e4 alukit<\/p>\n<p>n\u00fc\u00fcd ma tii\u00e4 sest kai perr\u00e4<br \/>\nol\u00f5 tark ja miilen p\u00e4\u00e4<br \/>\npuravik ol\u00f5-i tuu verrev<br \/>\nmil om valg\u00f5 t\u00e4pi p\u00e4\u00e4l<\/p>\n<p><strong>TII<\/strong><\/p>\n<p>Esi hinn\u00e4st<br \/>\nhummogu her\u00e4ti<br \/>\nkikkalauluga<br \/>\nl\u00e4tsi j\u00e4ti vallal\u00f5 v\u00e4r\u00e4ti<br \/>\ntulku t\u00f5\u00f5s\u00f5 ka<\/p>\n<p>saa-\u00f5i maada<br \/>\ntii l\u00e4tt jo edesi<br \/>\n\u00fcmbre mi \u00f5i l\u00e4\u00e4<br \/>\nhuug om s\u00e4\u00e4ne<br \/>\net s\u00e4\u00e4l kon silm\u00e4piir<br \/>\nummi varbit n\u00e4e<\/p>\n<p>oroviir m\u00f5tsatii \u00fcl\u00f5 j\u00f5\u00f5 \u00fcl\u00f5 m\u00e4\u00e4<br \/>\ntii\u00e4-\u00f5i kohe tuu elo viil k\u00e4\u00e4nd<\/p>\n<p>eel\u00e4 mi jo olli ja<br \/>\nt\u00e4\u00e4mb\u00e4 mi tulli ja<br \/>\nhumm\u00f5l mi j\u00e4lki jo l\u00e4\u00e4<br \/>\np\u00e4\u00e4v\u00e4k\u00f5 paistus jo<br \/>\nk\u00f5g\u00f5 mi s\u00fc\u00e4men<br \/>\nja eg\u00e4l puul om miil jo h\u00e4\u00e4<\/p>\n<p>t\u00e4\u00e4mb\u00e4 mi tulli<br \/>\nmi ol\u00f5-\u00f5i ulli ja<br \/>\nhumm\u00f5l mi j\u00e4lki jo l\u00e4\u00e4<br \/>\np\u00e4\u00e4v\u00e4k\u00f5 paistus jo<br \/>\nk\u00f5g\u00f5 mi s\u00fc\u00e4men<br \/>\nja eg\u00e4l puul om miil h\u00e4\u00e4<\/p>\n<p><strong>SETO VINNEMAAL<\/strong><\/p>\n<p>Nii, ku tsuvva jalga saava,<br \/>\nset&#8217; vinnemaale l\u00e4\u00e4v\u00e4.<br \/>\nteev\u00e4 hummogu jo varra<br \/>\npiiri p\u00e4\u00e4le j\u00e4rek\u00f5rra.<\/p>\n<p>mille na ei kotoh p\u00fcs\u00fc?<br \/>\nol\u00f5 esi miis ja k\u00fcs\u00fc<br \/>\nnaade k\u00e4\u00e4st, et mille nii.<br \/>\nseto om jo hitra miis &#8211;<\/p>\n<p>seto tiid kuis nahka kuuri,<br \/>\nl\u00e4\u00e4-\u00f5i pottega ta vuuri.<br \/>\nkate p\u00e4\u00e4ga kulli maale<br \/>\ns\u00f5it ja s\u00e4\u00e4l v\u00f5tt kuurma p\u00e4\u00e4le.<\/p>\n<p>rahanumm\u00f5r s\u00e4\u00e4l tekk duubli &#8211;<br \/>\nkroonist saat p\u00e4\u00e4lt kate ruubli.<br \/>\nviina, pentsu, pentsu, viina,<br \/>\nbellomorkanal ja priima.<\/p>\n<p>ku saas seto s\u00e4tti piiri,<br \/>\nv\u00f5tas tagasi kuriili.<br \/>\nsetomaa, ku m\u00fc\u00fcda n\u00fc\u00fcri,<br \/>\n\u00f5ig\u00f5l\u00f5 juusk hiina m\u00fc\u00fcri.<\/p>\n<p>eesti keeli tuu om tankla,<br \/>\nmi\u00e4 om vinnemaal kalonka.<br \/>\neesti viin ei k\u00f5lba juvva,<br \/>\nselle tule s\u00e4\u00e4ltpuult tuvva.<\/p>\n<p>s\u00e4\u00e4l oll pushkin ja tolstoi,<br \/>\nstaalin, umba kimaroi.<br \/>\nolku konjak vai trainoi &#8211;<br \/>\npo stakanu nalivai!<\/p>\n<p>olnu-es, ki\u00e4 m\u00e4rkse piiri,<br \/>\nseto m\u00fc\u00fcd\u00e4 v\u00f5saviiri.<br \/>\ntuu oll kreml ja olli ulli<br \/>\nkiioraga l\u00fc\u00fcdu molli<\/p>\n<p>nii, ku tsuvva jalga saava,<br \/>\nseto vinnemaale l\u00e4\u00e4v\u00e4.<br \/>\ntiidku toda eg\u00e4 hodo &#8211;<br \/>\ns\u00e4\u00e4l om setolt v\u00f5etu kodo.<\/p>\n<p>ku saas seto s\u00e4tti piiri,<br \/>\nv\u00f5tas tagasi kuriili.<br \/>\nsetomaa, ku m\u00fc\u00fcda n\u00fc\u00fcri,<br \/>\n\u00f5ig\u00f5l\u00f5 juusk hiina m\u00fc\u00fcri.<\/p>\n","protected":false},"excerpt":{"rendered":"<p>Ilvese Aapo om s\u00fcnd\u00fcn\u00fc 1970. aastaga 20. rehekuu p\u00e4\u00e4v\u00e4l R\u00e4pin\u00e4h. Olnu vabakuts\u00f5lin\u00f5 kir\u00e4nik kunstnik ja muusigamiis. Kujondanu ja toim\u00f5ndanu las\u00f5rts\u00f5\u00f5r\u00f5 ja raamatit, m\u00e4ngn\u00fc pilli ja laulnu, kirotanu muusigat ja laulus\u00f5nno. V\u00f5rokeelsite s\u00f5nnuga v\u00f5itnu 2004. aasta Eesti Eurolaulu v\u00f5istlus\u00f5 (&#8220;Tii&#8221;, ansambi &#8220;Neiok\u00f5s\u00f5&#8221;), umakeelsit laul\u00f5 vid\u00e4n\u00fc ka ansambliga L\u00f5k\u00f5riq ja luul\u00f5tajid\u00f5 kambaga Viie P\u00e4\u00e4le. Kirotas kir\u00e4keelen ja [&hellip;]<\/p>\n","protected":false},"author":1,"featured_media":0,"parent":9,"menu_order":10,"comment_status":"closed","ping_status":"closed","template":"","meta":{"footnotes":""},"class_list":["post-71","page","type-page","status-publish","hentry"],"yoast_head":"<!-- This site is optimized with the Yoast SEO plugin v27.4 - https:\/\/yoast.com\/product\/yoast-seo-wordpress\/ -->\n<title>Aapo Ilves - V\u00f5ro kir\u00e4nd\u00fcs<\/title>\n<meta name=\"robots\" content=\"index, follow, max-snippet:-1, max-image-preview:large, max-video-preview:-1\" \/>\n<link rel=\"canonical\" href=\"https:\/\/wi.ee\/voro\/kiranigu\/aapo-ilves\/\" \/>\n<meta property=\"og:locale\" content=\"et_EE\" \/>\n<meta property=\"og:type\" content=\"article\" \/>\n<meta property=\"og:title\" content=\"Aapo Ilves - V\u00f5ro kir\u00e4nd\u00fcs\" \/>\n<meta property=\"og:description\" content=\"Ilvese Aapo om s\u00fcnd\u00fcn\u00fc 1970. aastaga 20. rehekuu p\u00e4\u00e4v\u00e4l R\u00e4pin\u00e4h. Olnu vabakuts\u00f5lin\u00f5 kir\u00e4nik kunstnik ja muusigamiis. Kujondanu ja toim\u00f5ndanu las\u00f5rts\u00f5\u00f5r\u00f5 ja raamatit, m\u00e4ngn\u00fc pilli ja laulnu, kirotanu muusigat ja laulus\u00f5nno. V\u00f5rokeelsite s\u00f5nnuga v\u00f5itnu 2004. aasta Eesti Eurolaulu v\u00f5istlus\u00f5 (&#8220;Tii&#8221;, ansambi &#8220;Neiok\u00f5s\u00f5&#8221;), umakeelsit laul\u00f5 vid\u00e4n\u00fc ka ansambliga L\u00f5k\u00f5riq ja luul\u00f5tajid\u00f5 kambaga Viie P\u00e4\u00e4le. Kirotas kir\u00e4keelen ja [&hellip;]\" \/>\n<meta property=\"og:url\" content=\"https:\/\/wi.ee\/voro\/kiranigu\/aapo-ilves\/\" \/>\n<meta property=\"og:site_name\" content=\"V\u00f5ro kir\u00e4nd\u00fcs\" \/>\n<meta property=\"article:modified_time\" content=\"2023-01-07T09:42:54+00:00\" \/>\n<meta property=\"og:image\" content=\"http:\/\/wi.ee\/voro\/wp-content\/uploads\/2016\/02\/aapo-ilves.jpg\" \/>\n<meta name=\"twitter:card\" content=\"summary_large_image\" \/>\n<meta name=\"twitter:label1\" content=\"Est. reading time\" \/>\n\t<meta name=\"twitter:data1\" content=\"5 minutit\" \/>\n<script type=\"application\/ld+json\" class=\"yoast-schema-graph\">{\"@context\":\"https:\\\/\\\/schema.org\",\"@graph\":[{\"@type\":\"WebPage\",\"@id\":\"https:\\\/\\\/wi.ee\\\/voro\\\/kiranigu\\\/aapo-ilves\\\/\",\"url\":\"https:\\\/\\\/wi.ee\\\/voro\\\/kiranigu\\\/aapo-ilves\\\/\",\"name\":\"Aapo Ilves - V\u00f5ro kir\u00e4nd\u00fcs\",\"isPartOf\":{\"@id\":\"https:\\\/\\\/wi.ee\\\/voro\\\/#website\"},\"primaryImageOfPage\":{\"@id\":\"https:\\\/\\\/wi.ee\\\/voro\\\/kiranigu\\\/aapo-ilves\\\/#primaryimage\"},\"image\":{\"@id\":\"https:\\\/\\\/wi.ee\\\/voro\\\/kiranigu\\\/aapo-ilves\\\/#primaryimage\"},\"thumbnailUrl\":\"http:\\\/\\\/wi.ee\\\/voro\\\/wp-content\\\/uploads\\\/2016\\\/02\\\/aapo-ilves.jpg\",\"datePublished\":\"2016-02-01T14:23:46+00:00\",\"dateModified\":\"2023-01-07T09:42:54+00:00\",\"breadcrumb\":{\"@id\":\"https:\\\/\\\/wi.ee\\\/voro\\\/kiranigu\\\/aapo-ilves\\\/#breadcrumb\"},\"inLanguage\":\"et\",\"potentialAction\":[{\"@type\":\"ReadAction\",\"target\":[\"https:\\\/\\\/wi.ee\\\/voro\\\/kiranigu\\\/aapo-ilves\\\/\"]}]},{\"@type\":\"ImageObject\",\"inLanguage\":\"et\",\"@id\":\"https:\\\/\\\/wi.ee\\\/voro\\\/kiranigu\\\/aapo-ilves\\\/#primaryimage\",\"url\":\"http:\\\/\\\/wi.ee\\\/voro\\\/wp-content\\\/uploads\\\/2016\\\/02\\\/aapo-ilves.jpg\",\"contentUrl\":\"http:\\\/\\\/wi.ee\\\/voro\\\/wp-content\\\/uploads\\\/2016\\\/02\\\/aapo-ilves.jpg\"},{\"@type\":\"BreadcrumbList\",\"@id\":\"https:\\\/\\\/wi.ee\\\/voro\\\/kiranigu\\\/aapo-ilves\\\/#breadcrumb\",\"itemListElement\":[{\"@type\":\"ListItem\",\"position\":1,\"name\":\"Home\",\"item\":\"https:\\\/\\\/wi.ee\\\/voro\\\/\"},{\"@type\":\"ListItem\",\"position\":2,\"name\":\"KI\u00c4 OMMA V\u00d5RO KIR\u00c4NIGU\",\"item\":\"https:\\\/\\\/wi.ee\\\/voro\\\/kiranigu\\\/\"},{\"@type\":\"ListItem\",\"position\":3,\"name\":\"Aapo Ilves\"}]},{\"@type\":\"WebSite\",\"@id\":\"https:\\\/\\\/wi.ee\\\/voro\\\/#website\",\"url\":\"https:\\\/\\\/wi.ee\\\/voro\\\/\",\"name\":\"V\u00f5ro kir\u00e4nd\u00fcs\",\"description\":\"V\u00f5ro kir\u00e4nd\u00fcse kodoleht\",\"potentialAction\":[{\"@type\":\"SearchAction\",\"target\":{\"@type\":\"EntryPoint\",\"urlTemplate\":\"https:\\\/\\\/wi.ee\\\/voro\\\/?s={search_term_string}\"},\"query-input\":{\"@type\":\"PropertyValueSpecification\",\"valueRequired\":true,\"valueName\":\"search_term_string\"}}],\"inLanguage\":\"et\"}]}<\/script>\n<!-- \/ Yoast SEO plugin. -->","yoast_head_json":{"title":"Aapo Ilves - V\u00f5ro kir\u00e4nd\u00fcs","robots":{"index":"index","follow":"follow","max-snippet":"max-snippet:-1","max-image-preview":"max-image-preview:large","max-video-preview":"max-video-preview:-1"},"canonical":"https:\/\/wi.ee\/voro\/kiranigu\/aapo-ilves\/","og_locale":"et_EE","og_type":"article","og_title":"Aapo Ilves - V\u00f5ro kir\u00e4nd\u00fcs","og_description":"Ilvese Aapo om s\u00fcnd\u00fcn\u00fc 1970. aastaga 20. rehekuu p\u00e4\u00e4v\u00e4l R\u00e4pin\u00e4h. Olnu vabakuts\u00f5lin\u00f5 kir\u00e4nik kunstnik ja muusigamiis. Kujondanu ja toim\u00f5ndanu las\u00f5rts\u00f5\u00f5r\u00f5 ja raamatit, m\u00e4ngn\u00fc pilli ja laulnu, kirotanu muusigat ja laulus\u00f5nno. V\u00f5rokeelsite s\u00f5nnuga v\u00f5itnu 2004. aasta Eesti Eurolaulu v\u00f5istlus\u00f5 (&#8220;Tii&#8221;, ansambi &#8220;Neiok\u00f5s\u00f5&#8221;), umakeelsit laul\u00f5 vid\u00e4n\u00fc ka ansambliga L\u00f5k\u00f5riq ja luul\u00f5tajid\u00f5 kambaga Viie P\u00e4\u00e4le. Kirotas kir\u00e4keelen ja [&hellip;]","og_url":"https:\/\/wi.ee\/voro\/kiranigu\/aapo-ilves\/","og_site_name":"V\u00f5ro kir\u00e4nd\u00fcs","article_modified_time":"2023-01-07T09:42:54+00:00","og_image":[{"url":"http:\/\/wi.ee\/voro\/wp-content\/uploads\/2016\/02\/aapo-ilves.jpg","type":"","width":"","height":""}],"twitter_card":"summary_large_image","twitter_misc":{"Est. reading time":"5 minutit"},"schema":{"@context":"https:\/\/schema.org","@graph":[{"@type":"WebPage","@id":"https:\/\/wi.ee\/voro\/kiranigu\/aapo-ilves\/","url":"https:\/\/wi.ee\/voro\/kiranigu\/aapo-ilves\/","name":"Aapo Ilves - V\u00f5ro kir\u00e4nd\u00fcs","isPartOf":{"@id":"https:\/\/wi.ee\/voro\/#website"},"primaryImageOfPage":{"@id":"https:\/\/wi.ee\/voro\/kiranigu\/aapo-ilves\/#primaryimage"},"image":{"@id":"https:\/\/wi.ee\/voro\/kiranigu\/aapo-ilves\/#primaryimage"},"thumbnailUrl":"http:\/\/wi.ee\/voro\/wp-content\/uploads\/2016\/02\/aapo-ilves.jpg","datePublished":"2016-02-01T14:23:46+00:00","dateModified":"2023-01-07T09:42:54+00:00","breadcrumb":{"@id":"https:\/\/wi.ee\/voro\/kiranigu\/aapo-ilves\/#breadcrumb"},"inLanguage":"et","potentialAction":[{"@type":"ReadAction","target":["https:\/\/wi.ee\/voro\/kiranigu\/aapo-ilves\/"]}]},{"@type":"ImageObject","inLanguage":"et","@id":"https:\/\/wi.ee\/voro\/kiranigu\/aapo-ilves\/#primaryimage","url":"http:\/\/wi.ee\/voro\/wp-content\/uploads\/2016\/02\/aapo-ilves.jpg","contentUrl":"http:\/\/wi.ee\/voro\/wp-content\/uploads\/2016\/02\/aapo-ilves.jpg"},{"@type":"BreadcrumbList","@id":"https:\/\/wi.ee\/voro\/kiranigu\/aapo-ilves\/#breadcrumb","itemListElement":[{"@type":"ListItem","position":1,"name":"Home","item":"https:\/\/wi.ee\/voro\/"},{"@type":"ListItem","position":2,"name":"KI\u00c4 OMMA V\u00d5RO KIR\u00c4NIGU","item":"https:\/\/wi.ee\/voro\/kiranigu\/"},{"@type":"ListItem","position":3,"name":"Aapo Ilves"}]},{"@type":"WebSite","@id":"https:\/\/wi.ee\/voro\/#website","url":"https:\/\/wi.ee\/voro\/","name":"V\u00f5ro kir\u00e4nd\u00fcs","description":"V\u00f5ro kir\u00e4nd\u00fcse kodoleht","potentialAction":[{"@type":"SearchAction","target":{"@type":"EntryPoint","urlTemplate":"https:\/\/wi.ee\/voro\/?s={search_term_string}"},"query-input":{"@type":"PropertyValueSpecification","valueRequired":true,"valueName":"search_term_string"}}],"inLanguage":"et"}]}},"_links":{"self":[{"href":"https:\/\/wi.ee\/voro\/wp-json\/wp\/v2\/pages\/71","targetHints":{"allow":["GET"]}}],"collection":[{"href":"https:\/\/wi.ee\/voro\/wp-json\/wp\/v2\/pages"}],"about":[{"href":"https:\/\/wi.ee\/voro\/wp-json\/wp\/v2\/types\/page"}],"author":[{"embeddable":true,"href":"https:\/\/wi.ee\/voro\/wp-json\/wp\/v2\/users\/1"}],"replies":[{"embeddable":true,"href":"https:\/\/wi.ee\/voro\/wp-json\/wp\/v2\/comments?post=71"}],"version-history":[{"count":3,"href":"https:\/\/wi.ee\/voro\/wp-json\/wp\/v2\/pages\/71\/revisions"}],"predecessor-version":[{"id":930,"href":"https:\/\/wi.ee\/voro\/wp-json\/wp\/v2\/pages\/71\/revisions\/930"}],"up":[{"embeddable":true,"href":"https:\/\/wi.ee\/voro\/wp-json\/wp\/v2\/pages\/9"}],"wp:attachment":[{"href":"https:\/\/wi.ee\/voro\/wp-json\/wp\/v2\/media?parent=71"}],"curies":[{"name":"wp","href":"https:\/\/api.w.org\/{rel}","templated":true}]}}