{"id":27,"date":"2016-02-01T15:31:09","date_gmt":"2016-02-01T13:31:09","guid":{"rendered":"http:\/\/wi.ee\/voro\/?page_id=27"},"modified":"2023-01-26T16:20:16","modified_gmt":"2023-01-26T14:20:16","slug":"voro-nautekirandus","status":"publish","type":"page","link":"https:\/\/wi.ee\/voro\/avaleht\/voro-nautekirandus\/","title":{"rendered":"V\u00d5RO N\u00c4\u00dcTEKIR\u00c4ND\u00dcS"},"content":{"rendered":"<p>V\u00f5ro n\u00e4\u00fctem\u00e4ngundus\u00f5 alostus\u00f5 ma n\u00f5stnu vanauandi-aiga. S\u00e4\u00e4lt om v\u00e4h\u00e4mb\u00e4lt kadri- ja m\u00e4rdisant\u00f5 ni hinge-, joulu- ni tabanisant\u00f5 k\u00e4\u00fcmiisi lavastus\u00f5. Tegemist oll nigu kindla teemaga, m\u00e4\u00e4ntsel alal kogon\u00f5si trupp, jaeti rolli ja etendedi. Muusikalis v\u00f5iss pit\u00e4 pulm\u00f5, kos k\u00f5ik tegev\u00fcs k\u00e4ve lauluga. N\u00e4\u00fcdendi-juuni om sisen ka laulum\u00e4ng\u00f5n.<\/p>\n<p>Kas keriguuandi aol m\u00e4ngiti usuliidsi n\u00e4\u00fctem\u00e4ng\u00f5, ei ol\u00f5 mul teed\u00e4. Vahts\u00f5l her\u00e4nemisaol minti \u00fcle \u00fctidsele eesti keelele ja mis keeli sis k\u00fcl\u00e4n\u00e4\u00fctem\u00e4ng\u00f5 lavast\u00f5di, om huvitav teed\u00e4.<\/p>\n<p>Vabariigi-aigu kirotiva k\u00fcll V\u00f5romaalt peri kir\u00e4nigu n\u00e4idendiid (Adson, Jaik), a eesti keeli. S\u00f5ski, ku m\u00e4lu ei pet\u00e4, oll Adsoni n\u00e4idendin \u201cLaulues\u00e4 ja kir\u00e4neitsi\u201d tiinj\u00e4t\u00fctrigu osa v\u00f5rokiilne.<\/p>\n<p>Okupatsiooniaol kirot vangilaagrin n\u00e4idendiid Bernard Kangro. Noist \u00fcts, mille p\u00e4\u00e4lkiri om \u201cHunt\u201d, oll kirot\u00f5t keriguuandi aost. Ain Kaalep soovit toll\u00f5 v\u00f5ro kiilde panda ja Kauksi \u00dclle t\u00f5lks\u00f5 tuu ni ands\u00f5 \u201cSusi\u201d v\u00e4ll\u00e4 ka raamatuna 1991.<\/p>\n<p>S\u00f5ski edim\u00e4dses v\u00f5rokiilses n\u00e4\u00fctem\u00e4ngus sai Madis K\u00f5ivu-Aivo L\u00f5hmus\u00f5 \u201cP\u00f5ud ja vihm P\u00f5lva kihlkonnan 14nd\u00e4m\u00e4 aasta suv\u00f5l\u201d. Ingo Normeti lavastus\u00f5n ja lavakunstikateedri \u00fcli\u00f5pilaisi m\u00e4ngin oll tuu p\u00fc\u00fcne p\u00e4\u00e4l hulga aigu. Tuud m\u00e4ngiti ka 1994. aastal Kaika suv\u00f5\u00fclikooli aigu. \u00dctte p\u00e4\u00e4ossist m\u00e4nge Ain M\u00e4eots.<\/p>\n<p>1995. aasta L\u00fcllem\u00e4e suv\u00f5\u00fclikooli aoss lavast Ain M\u00e4eots \u201cSusi\u201d edim\u00e4dse vaatus\u00f5. P\u00e4\u00e4osan Merle J\u00e4\u00e4ger. Per\u00e4n avati tuusama n\u00e4\u00fctem\u00e4nguga Vanemuis\u00f5 E-lava 5. novvembril 1995. Vanemuis\u00f5 teatri m\u00e4ngukavast ei ol\u00f5q tuu t\u00fckk t\u00e4\u00e4mb\u00e4dse p\u00e4\u00e4v\u00e4ni mahq l\u00e4nn\u00fc ja A. M\u00e4eots om lubanu tuu lavastus\u00f5 viim\u00e4dse etend\u00fcse anda 1999. a s\u00fcg\u00fcse.<\/p>\n<p>1996. a Viitin\u00e4 suv\u00f5\u00fclikooli jaoss kirotiva Kauksi \u00dclle ja Sven Kivisildnik VKKF-i n\u00f5udmise p\u00e4\u00e4le viim\u00e4dse vaatus\u00f5 n\u00e4idendist \u201cTandsja p\u00fch\u00e4lik\u201d. Ain M\u00e4eotsa lavastus\u00f5n, Merle J\u00e4\u00e4ger p\u00e4\u00e4osan kanti tuu ka ette.<\/p>\n<p>1998. aastagal Kaika suv\u00f5\u00fclikoolin P\u00f5lgast\u00f5n kanti ette osa Madis K\u00f5ivu n\u00e4\u00fctem\u00e4ngust \u201cElli\u201d. Sama aasta 19. detsembril esietend\u00fc tuu ka Vanemuis\u00f5n.<\/p>\n<p>Mulgi, tartu ja seto haru kotsil\u00f5 mul tiid\u00fcst ei ol\u00f5. Vast niipall&#8217;o, et Koidula edim\u00e4idsi n\u00e4idendiid oll \u201cS\u00e4\u00e4rane mulk ehk sada vakka tangusoola\u201d.<\/p>\n<p>1998. aastal kuulut V\u00f5ro Instituut v\u00e4ll\u00e4 v\u00f5rokiilside n\u00e4idendiide v\u00f5istlus\u00f5, mille auhinna anti v\u00e4ll\u00e4 sama aasta suv\u00f5\u00fclikoolin. Koon \u201cTandsja p\u00fch\u00e4likuga\u201d sai II-III koha Kauksi \u00dclle seto ooper \u201cKalmuneiu\u201d. Kolmanda koha v\u00f5it Voldemar Raidaru. Ergutusauhinna sai Tea Avarmaa.<\/p>\n<p><strong>Anne T\u00fcrnpu, Kalev Kudu<\/strong><\/p>\n","protected":false},"excerpt":{"rendered":"<p>V\u00f5ro n\u00e4\u00fctem\u00e4ngundus\u00f5 alostus\u00f5 ma n\u00f5stnu vanauandi-aiga. S\u00e4\u00e4lt om v\u00e4h\u00e4mb\u00e4lt kadri- ja m\u00e4rdisant\u00f5 ni hinge-, joulu- ni tabanisant\u00f5 k\u00e4\u00fcmiisi lavastus\u00f5. Tegemist oll nigu kindla teemaga, m\u00e4\u00e4ntsel alal kogon\u00f5si trupp, jaeti rolli ja etendedi. Muusikalis v\u00f5iss pit\u00e4 pulm\u00f5, kos k\u00f5ik tegev\u00fcs k\u00e4ve lauluga. N\u00e4\u00fcdendi-juuni om sisen ka laulum\u00e4ng\u00f5n. Kas keriguuandi aol m\u00e4ngiti usuliidsi n\u00e4\u00fctem\u00e4ng\u00f5, ei ol\u00f5 mul [&hellip;]<\/p>\n","protected":false},"author":1,"featured_media":0,"parent":7,"menu_order":3,"comment_status":"closed","ping_status":"closed","template":"","meta":{"footnotes":""},"class_list":["post-27","page","type-page","status-publish","hentry"],"yoast_head":"<!-- This site is optimized with the Yoast SEO plugin v27.4 - https:\/\/yoast.com\/product\/yoast-seo-wordpress\/ -->\n<title>V\u00d5RO N\u00c4\u00dcTEKIR\u00c4ND\u00dcS - V\u00f5ro kir\u00e4nd\u00fcs<\/title>\n<meta name=\"robots\" content=\"index, follow, max-snippet:-1, max-image-preview:large, max-video-preview:-1\" \/>\n<link rel=\"canonical\" href=\"https:\/\/wi.ee\/voro\/avaleht\/voro-nautekirandus\/\" \/>\n<meta property=\"og:locale\" content=\"et_EE\" \/>\n<meta property=\"og:type\" content=\"article\" \/>\n<meta property=\"og:title\" content=\"V\u00d5RO N\u00c4\u00dcTEKIR\u00c4ND\u00dcS - V\u00f5ro kir\u00e4nd\u00fcs\" \/>\n<meta property=\"og:description\" content=\"V\u00f5ro n\u00e4\u00fctem\u00e4ngundus\u00f5 alostus\u00f5 ma n\u00f5stnu vanauandi-aiga. S\u00e4\u00e4lt om v\u00e4h\u00e4mb\u00e4lt kadri- ja m\u00e4rdisant\u00f5 ni hinge-, joulu- ni tabanisant\u00f5 k\u00e4\u00fcmiisi lavastus\u00f5. Tegemist oll nigu kindla teemaga, m\u00e4\u00e4ntsel alal kogon\u00f5si trupp, jaeti rolli ja etendedi. Muusikalis v\u00f5iss pit\u00e4 pulm\u00f5, kos k\u00f5ik tegev\u00fcs k\u00e4ve lauluga. N\u00e4\u00fcdendi-juuni om sisen ka laulum\u00e4ng\u00f5n. Kas keriguuandi aol m\u00e4ngiti usuliidsi n\u00e4\u00fctem\u00e4ng\u00f5, ei ol\u00f5 mul [&hellip;]\" \/>\n<meta property=\"og:url\" content=\"https:\/\/wi.ee\/voro\/avaleht\/voro-nautekirandus\/\" \/>\n<meta property=\"og:site_name\" content=\"V\u00f5ro kir\u00e4nd\u00fcs\" \/>\n<meta property=\"article:modified_time\" content=\"2023-01-26T14:20:16+00:00\" \/>\n<meta name=\"twitter:card\" content=\"summary_large_image\" \/>\n<meta name=\"twitter:label1\" content=\"Est. reading time\" \/>\n\t<meta name=\"twitter:data1\" content=\"2 minutit\" \/>\n<script type=\"application\/ld+json\" class=\"yoast-schema-graph\">{\"@context\":\"https:\\\/\\\/schema.org\",\"@graph\":[{\"@type\":\"WebPage\",\"@id\":\"https:\\\/\\\/wi.ee\\\/voro\\\/avaleht\\\/voro-nautekirandus\\\/\",\"url\":\"https:\\\/\\\/wi.ee\\\/voro\\\/avaleht\\\/voro-nautekirandus\\\/\",\"name\":\"V\u00d5RO N\u00c4\u00dcTEKIR\u00c4ND\u00dcS - V\u00f5ro kir\u00e4nd\u00fcs\",\"isPartOf\":{\"@id\":\"https:\\\/\\\/wi.ee\\\/voro\\\/#website\"},\"datePublished\":\"2016-02-01T13:31:09+00:00\",\"dateModified\":\"2023-01-26T14:20:16+00:00\",\"breadcrumb\":{\"@id\":\"https:\\\/\\\/wi.ee\\\/voro\\\/avaleht\\\/voro-nautekirandus\\\/#breadcrumb\"},\"inLanguage\":\"et\",\"potentialAction\":[{\"@type\":\"ReadAction\",\"target\":[\"https:\\\/\\\/wi.ee\\\/voro\\\/avaleht\\\/voro-nautekirandus\\\/\"]}]},{\"@type\":\"BreadcrumbList\",\"@id\":\"https:\\\/\\\/wi.ee\\\/voro\\\/avaleht\\\/voro-nautekirandus\\\/#breadcrumb\",\"itemListElement\":[{\"@type\":\"ListItem\",\"position\":1,\"name\":\"Home\",\"item\":\"https:\\\/\\\/wi.ee\\\/voro\\\/\"},{\"@type\":\"ListItem\",\"position\":2,\"name\":\"V\u00d5RO KIR\u00c4ND\u00dcS &#8211; MI\u00c4 TUU UM?\",\"item\":\"https:\\\/\\\/wi.ee\\\/voro\\\/\"},{\"@type\":\"ListItem\",\"position\":3,\"name\":\"V\u00d5RO N\u00c4\u00dcTEKIR\u00c4ND\u00dcS\"}]},{\"@type\":\"WebSite\",\"@id\":\"https:\\\/\\\/wi.ee\\\/voro\\\/#website\",\"url\":\"https:\\\/\\\/wi.ee\\\/voro\\\/\",\"name\":\"V\u00f5ro kir\u00e4nd\u00fcs\",\"description\":\"V\u00f5ro kir\u00e4nd\u00fcse kodoleht\",\"potentialAction\":[{\"@type\":\"SearchAction\",\"target\":{\"@type\":\"EntryPoint\",\"urlTemplate\":\"https:\\\/\\\/wi.ee\\\/voro\\\/?s={search_term_string}\"},\"query-input\":{\"@type\":\"PropertyValueSpecification\",\"valueRequired\":true,\"valueName\":\"search_term_string\"}}],\"inLanguage\":\"et\"}]}<\/script>\n<!-- \/ Yoast SEO plugin. -->","yoast_head_json":{"title":"V\u00d5RO N\u00c4\u00dcTEKIR\u00c4ND\u00dcS - V\u00f5ro kir\u00e4nd\u00fcs","robots":{"index":"index","follow":"follow","max-snippet":"max-snippet:-1","max-image-preview":"max-image-preview:large","max-video-preview":"max-video-preview:-1"},"canonical":"https:\/\/wi.ee\/voro\/avaleht\/voro-nautekirandus\/","og_locale":"et_EE","og_type":"article","og_title":"V\u00d5RO N\u00c4\u00dcTEKIR\u00c4ND\u00dcS - V\u00f5ro kir\u00e4nd\u00fcs","og_description":"V\u00f5ro n\u00e4\u00fctem\u00e4ngundus\u00f5 alostus\u00f5 ma n\u00f5stnu vanauandi-aiga. S\u00e4\u00e4lt om v\u00e4h\u00e4mb\u00e4lt kadri- ja m\u00e4rdisant\u00f5 ni hinge-, joulu- ni tabanisant\u00f5 k\u00e4\u00fcmiisi lavastus\u00f5. Tegemist oll nigu kindla teemaga, m\u00e4\u00e4ntsel alal kogon\u00f5si trupp, jaeti rolli ja etendedi. Muusikalis v\u00f5iss pit\u00e4 pulm\u00f5, kos k\u00f5ik tegev\u00fcs k\u00e4ve lauluga. N\u00e4\u00fcdendi-juuni om sisen ka laulum\u00e4ng\u00f5n. Kas keriguuandi aol m\u00e4ngiti usuliidsi n\u00e4\u00fctem\u00e4ng\u00f5, ei ol\u00f5 mul [&hellip;]","og_url":"https:\/\/wi.ee\/voro\/avaleht\/voro-nautekirandus\/","og_site_name":"V\u00f5ro kir\u00e4nd\u00fcs","article_modified_time":"2023-01-26T14:20:16+00:00","twitter_card":"summary_large_image","twitter_misc":{"Est. reading time":"2 minutit"},"schema":{"@context":"https:\/\/schema.org","@graph":[{"@type":"WebPage","@id":"https:\/\/wi.ee\/voro\/avaleht\/voro-nautekirandus\/","url":"https:\/\/wi.ee\/voro\/avaleht\/voro-nautekirandus\/","name":"V\u00d5RO N\u00c4\u00dcTEKIR\u00c4ND\u00dcS - V\u00f5ro kir\u00e4nd\u00fcs","isPartOf":{"@id":"https:\/\/wi.ee\/voro\/#website"},"datePublished":"2016-02-01T13:31:09+00:00","dateModified":"2023-01-26T14:20:16+00:00","breadcrumb":{"@id":"https:\/\/wi.ee\/voro\/avaleht\/voro-nautekirandus\/#breadcrumb"},"inLanguage":"et","potentialAction":[{"@type":"ReadAction","target":["https:\/\/wi.ee\/voro\/avaleht\/voro-nautekirandus\/"]}]},{"@type":"BreadcrumbList","@id":"https:\/\/wi.ee\/voro\/avaleht\/voro-nautekirandus\/#breadcrumb","itemListElement":[{"@type":"ListItem","position":1,"name":"Home","item":"https:\/\/wi.ee\/voro\/"},{"@type":"ListItem","position":2,"name":"V\u00d5RO KIR\u00c4ND\u00dcS &#8211; MI\u00c4 TUU UM?","item":"https:\/\/wi.ee\/voro\/"},{"@type":"ListItem","position":3,"name":"V\u00d5RO N\u00c4\u00dcTEKIR\u00c4ND\u00dcS"}]},{"@type":"WebSite","@id":"https:\/\/wi.ee\/voro\/#website","url":"https:\/\/wi.ee\/voro\/","name":"V\u00f5ro kir\u00e4nd\u00fcs","description":"V\u00f5ro kir\u00e4nd\u00fcse kodoleht","potentialAction":[{"@type":"SearchAction","target":{"@type":"EntryPoint","urlTemplate":"https:\/\/wi.ee\/voro\/?s={search_term_string}"},"query-input":{"@type":"PropertyValueSpecification","valueRequired":true,"valueName":"search_term_string"}}],"inLanguage":"et"}]}},"_links":{"self":[{"href":"https:\/\/wi.ee\/voro\/wp-json\/wp\/v2\/pages\/27","targetHints":{"allow":["GET"]}}],"collection":[{"href":"https:\/\/wi.ee\/voro\/wp-json\/wp\/v2\/pages"}],"about":[{"href":"https:\/\/wi.ee\/voro\/wp-json\/wp\/v2\/types\/page"}],"author":[{"embeddable":true,"href":"https:\/\/wi.ee\/voro\/wp-json\/wp\/v2\/users\/1"}],"replies":[{"embeddable":true,"href":"https:\/\/wi.ee\/voro\/wp-json\/wp\/v2\/comments?post=27"}],"version-history":[{"count":3,"href":"https:\/\/wi.ee\/voro\/wp-json\/wp\/v2\/pages\/27\/revisions"}],"predecessor-version":[{"id":1002,"href":"https:\/\/wi.ee\/voro\/wp-json\/wp\/v2\/pages\/27\/revisions\/1002"}],"up":[{"embeddable":true,"href":"https:\/\/wi.ee\/voro\/wp-json\/wp\/v2\/pages\/7"}],"wp:attachment":[{"href":"https:\/\/wi.ee\/voro\/wp-json\/wp\/v2\/media?parent=27"}],"curies":[{"name":"wp","href":"https:\/\/api.w.org\/{rel}","templated":true}]}}