{"id":171,"date":"2016-02-02T11:46:00","date_gmt":"2016-02-02T09:46:00","guid":{"rendered":"http:\/\/wi.ee\/voro\/?page_id=171"},"modified":"2016-02-02T11:46:00","modified_gmt":"2016-02-02T09:46:00","slug":"ruitlaso-olavi-luulotuisi","status":"publish","type":"page","link":"https:\/\/wi.ee\/voro\/kiranigu\/olavi-ruitlane\/ruitlaso-olavi-luulotuisi\/","title":{"rendered":"Ruitlas\u00f5 Olavi luul\u00f5tuisi"},"content":{"rendered":"<p>NAASTE K\u00dcMME KILTI<\/p>\n<p>ilm l\u00e4tt k\u00fclm\u00e4s tiidke toda<br \/>\nh\u00e4\u00e4d ei ol\u00f5q uuta<br \/>\nt\u00e4\u00e4mb\u00e4 sulas hummon\u2019 joba<br \/>\nkusi k\u00fclm\u00e4s luuka<\/p>\n<p>hummon\u2019 ku om t\u00e4htsa v\u00f5istlus<br \/>\nnaaste k\u00fcmme kilti<br \/>\nmillest eski eurosport<br \/>\nkand \u00fcle umma pilti<\/p>\n<p>sest ei tul\u00f5q otep\u00e4\u00e4le<br \/>\nmyni litsikari<br \/>\nossa v\u00f5tva paraguai<br \/>\nja kuulus bente skari<\/p>\n<p>stardipauk lask valla m\u00f5tsa<br \/>\nh\u00e4rm\u00e4t\u00fcn\u00fc tutiq<br \/>\ns\u00e4\u00e4l om kiku ni ku t\u00f5s\u00f5q<br \/>\nsitapurujutiq<br \/>\ns\u00e4\u00e4l om kiku ni ku&#8230;<\/p>\n<p>et ei tul\u00f5ss toping-uss j\u00e4lq<br \/>\nhumm\u00f5n trikoluuri<br \/>\ntul\u00f5 kikul t\u00e4\u00e4mb\u00e4 anda<br \/>\nsada pissipruuvi<\/p>\n<p>lisas k\u00e4tte tul\u00f5 saiaq<br \/>\nnynast liitri tatti<br \/>\nk\u00f5rvast vaik ja tuti k\u00fclest<br \/>\nkamalut\u00e4\u00fcs vatti<\/p>\n<p>viil om j\u00e4\u00e4n\u00fcq loetu tunniq<br \/>\nt\u00e4\u00e4mb\u00e4dsest saa humm\u00f5n<br \/>\nk\u00fclmet\u00e4s ja taivast satas<br \/>\nj\u00e4lki valg\u00f5t lumm\u00f5<\/p>\n<p>ki\u00e4 tuu ruumas rata piten<br \/>\nm\u00e4kke niguq huur<br \/>\nki\u00e4 tuu tul\u00f5 mille t\u00e4l<br \/>\nom \u00fcmbre trikoluur<\/p>\n<p>kurb vinissikoridor kon<br \/>\nbente ped\u00e4 pitu<br \/>\nped\u00e4gu yks armasta ma<br \/>\nynn\u00f5 sinnu kiku<\/p>\n<p>AGRAARPUNK<\/p>\n<p>belarussiq kruusatii p\u00e4\u00e4l v\u00f5tva \u00fcles vunki<br \/>\nkulduurimajan \u00fcles astus uma k\u00fcl\u00e4 b\u00e4nd<br \/>\n\u00fcle hulga ao saa n\u00e4t\u00e4q elotervet punki<br \/>\nsys ku kokko kogun\u00f5s mi hardkoor kettu k\u00e4ng<\/p>\n<p>\u00fctes \u00fc\u00fcss saa un\u00f5ht\u00f5t meid painanu hierarhia<br \/>\npuhvaikat s\u00e4l\u00e4n as\u00f5ndas\u00f5q nahk ja r\u00f5ngass\u00e4rk<br \/>\nsjoo om puhas vabadus ja ynn ja om anarhia<br \/>\nsjoo ei ol\u00f5q tiid mis v\u00f5igas sadomasov\u00e4rk<\/p>\n<p>t\u00e4\u00e4mb\u00e4 traktorist v\u00f5i v\u00f5tta trepil agronoomi<br \/>\nki\u00e4 om seeniq hoitnu hinn\u00e4st sitapatareist<br \/>\nt\u00e4\u00e4mb\u00e4 mi ei s\u00fcstiq ja ei kasuda kondoomi<br \/>\nt\u00e4\u00e4mb\u00e4 ei l\u00e4eq \u00fclek\u00e4te mitte ki\u00e4ki meist<\/p>\n<p>hummuguni ol\u00f5-i kotust t\u00fcl\u00fcdel eiq t\u00f5rval<br \/>\nsys ku v\u00e4ll\u00e4 pest\u00e4s meid kulduurimaja tar\u00f5st<br \/>\nvabadus\u00f5 tund\u00f5n olaq t\u00f5in\u00f5t\u00f5is\u00f5 k\u00f5rval<br \/>\nl\u00f5unamaal\u00f5 lind\u00e4se kuun luik ja k\u00fcnnivar\u00f5s<\/p>\n<p>belarussiq kruusatii p\u00e4\u00e4l v\u00f5tva \u00fcles vunki<br \/>\nkulduurimajan \u00fcles astus uma k\u00fcl\u00e4 b\u00e4nd<br \/>\n\u00fctsk\u00f5rd aastan tul\u00f5 pandaq hummuguni punki<br \/>\nsys ku kokko kogun\u00f5s mi hardkoor kettu k\u00e4ng<\/p>\n<p>ES\u00c4 MAJAK\u00d5N\u00d5<\/p>\n<p>oh mu es\u00e4 majak\u00f5n\u00f5<br \/>\ntsirgupes\u00e4 muudu<br \/>\ns\u00e4\u00e4l om joba aastak\u00fcmnit<br \/>\nullimuudu juudu<\/p>\n<p>oh mu es\u00e4 majak\u00f5n\u00f5<br \/>\naknist m\u00f5tsaq oroq<br \/>\nvalg\u00f5q uss\u00f5q \u2013 \u00e4rklitar\u00f5n<br \/>\nsamagonnitoroq<\/p>\n<p>oh mu es\u00e4 majak\u00f5n\u00f5<br \/>\nhapupiim ja kama<br \/>\nvahel miild\u00fct mull\u00f5 \u2013 vahel<br \/>\najat oss\u00f5ndama<\/p>\n<p>JO VEREV\u00c4N\u00c4 P\u00c4IV<\/p>\n<p>jo verev\u00e4n\u00e4 p\u00e4iv hind kistut\u2019 \u00e4r\u00e4q<br \/>\n\u00fc\u00fc lohnas\u2019 sinnu hiussit hainapurru<br \/>\nmaah\u00e4itsmidehe vaotit lik\u00f5 s\u00e4l\u00e4<br \/>\nvii piiril pervel inne laint\u00f5murdu<\/p>\n<p>es tihka puttu lahku s\u00fc\u00e4men v\u00e4rrin<br \/>\nsu esiq kiskse vasta umma l\u00e4mmind<br \/>\nmaq sun ruun pardsi tsiivats\u00e4rrin<br \/>\nja kavv\u00f5n m\u00f5tsan pet\u00e4i tegi larmi<\/p>\n<p>jo ammuq p\u00e4iv tuu verev\u00e4n\u00e4 kistu<br \/>\njo kuud om \u00fcllen pall\u2019u k\u00f5rdi n\u00e4tt\u00fc<br \/>\ntuu perve p\u00e4\u00e4l iks ol\u00f5 vahel istnu<br \/>\nsa-i tul\u00f5q in\u00e4mb, \u00fctlit \u00f5kva n\u00e4kku<\/p>\n<p>PERSEVEST<\/p>\n<p>mul om \u00fcts\u2019 vest<br \/>\nmis katt mu k\u00f5ttu<br \/>\nmu perseq pall\u2019as<br \/>\nom sjollet\u00f5ttu<br \/>\nja pall\u00f5 v\u00e4\u00e4g\u00e4 &#8211;<br \/>\net tet\u00e4s \u017eest<br \/>\nmul ann\u00f5tad\u00f5n<br \/>\npersevest<\/p>\n<p>J\u00d5ULUVANALOITS<\/p>\n<p>\u00e4rke tulk\u00f5 libakiilseq<br \/>\nj\u00f5uluvanaq maniakiq<br \/>\nkommionuq morsiretsiq<br \/>\npehmesuits\u00f5 pedetsejaq<br \/>\nvyyri latsi piidsutajaq<br \/>\nsoom\u00f5 sep\u00e4 sohilats\u00f5q<br \/>\nlapi targa laisaq lats\u00f5q<br \/>\np\u00e4k\u00e4pik\u00f5 p\u00f5hjustajaq<br \/>\np\u00f5h\u2019ap\u00f5drul patustajaq<br \/>\n\u00e4rke tulk\u00f5 mesisuits\u00f5<br \/>\nkutsumada k\u00fcl\u00e4st\u00e4j\u00e4q<br \/>\nlats\u00f5last\u00f5 pilastajaq<br \/>\npudisuust\u00f5 ilastajaq<br \/>\npervaritest pedo. iliq<br \/>\nhab\u00f5naga nekro. iliq<br \/>\nhab\u00f5naga imbetsilliq<br \/>\nrusk\u00f5 rassireeturiq<\/p>\n<p>TELETUPSUQ TIPP JA T\u00c4PI<\/p>\n<p>teletupsuq tipp ja t\u00e4pi<br \/>\nkarum\u00f5mmiq pl\u00fc\u00fcsist<br \/>\nvabastiv\u00e4q eel\u00e4q l\u00e4ti<br \/>\nullmanise k\u00fc\u00fcdsist<\/p>\n<p>t\u00e4pi \u00fclirass\u00f5n joob\u00f5n<br \/>\npinnse t\u00f5isilt salmi<br \/>\nklaabu parlamendihuun\u00f5n<br \/>\npalut\u2019 viil napalmi<\/p>\n<p>tupsuq l\u00e4tsi familiaars\u00f5s<br \/>\nl\u00e4bi k\u00e4tl\u00fcse<br \/>\nkuulutiv\u00e4 illegaals\u00f5s<br \/>\neg\u00e4sugu l\u00e4tl\u00fcse<\/p>\n<p>AGENT<\/p>\n<p>raudtiijaam &#8211; t\u00fcri<br \/>\nsaisa k\u00e4en kohvri<br \/>\nol\u00f5 n\u00fchr\u00fcmiils\u00fcse<br \/>\nohvri<\/p>\n<p>karmanin leping &#8211;<br \/>\nustav re\u017eiimile<br \/>\nhaabsaar\u00f5 &#8211; peking<br \/>\nastu dresiinile<\/p>\n<p>isamaa avvus<br \/>\nja eestimaa iloss<br \/>\ntassa mu silm\u00e4q<br \/>\nmuutus\u00f5q piluss<\/p>\n<p>ARVUDI<\/p>\n<p>osts\u00f5 liinast arvudi ma \u2014<br \/>\nvastn\u00f5 hewlett-packard<br \/>\nk\u00fcs\u00fcti mis tiit sa taaga<br \/>\nesiq s\u00e4\u00e4ne kakard<\/p>\n<p>a ei tiiki mid\u00e4gist ma<br \/>\nlas ta nukan sais<br \/>\nmull\u00f5 lihts\u00e4lt miild\u00fcs tim\u00e4<br \/>\nk\u00f5vaketta hais<\/p>\n<p>KUNN JA LATIK<\/p>\n<p>kunn visas\u2019 s\u00e4lg\u00e4 ol\u00f5k\u00f5rr\u00f5<br \/>\na esi m\u00f5t\u00f5l\u2019 palgi<br \/>\nja \u00fctel\u2019 hel\u00fcl mis oll\u2019 t\u00f5rr\u00f5<br \/>\net ol\u00f5 karibaldi<\/p>\n<p>p\u00e4\u00e4lt toda n\u00e4i \u00fcts\u2019 latik<br \/>\nja parast\u2019 kaien p\u00e4\u00e4lt \u2013<br \/>\nsa ol\u00f5t kunnatatik<br \/>\nja kunnatatis j\u00e4\u00e4t<\/p>\n<p>tuup\u00e4\u00e4leq kunn l\u00e4ts\u2019 t\u00f5rr\u00f5mbas<br \/>\net mis tuu latik l\u00e4ll\u00e4s<br \/>\nja tsusas\u2019 ol\u00f5k\u00f5rr\u00f5ga<br \/>\ntuul kalal silm\u00e4q v\u00e4ll\u00e4<\/p>\n<p>s\u00f5s kala p\u00f5rut\u2019 p\u00f5h\u2019ahaina<br \/>\nhind pedi tap\u00f5tus<br \/>\nja p\u00f5h\u2019an nigu vasta saina<br \/>\nhind r\u00e4mmse lapikus<\/p>\n<p>sjoo ammu juhtu \u2013 es\u00e4 \u00fctel\u2019<br \/>\nku latik l\u00fc\u00fcdi lapikus<br \/>\nku kunn es las\u00f5q eg\u00e4l\u00fctel<br \/>\nhind kutsu tatikus<\/p>\n<p>ku t\u00e4\u00e4mb\u00e4 mynda audi vid\u00e4<br \/>\nja mynda ynn\u00f5 sapik<br \/>\nyks ol\u00f5ss m\u00f5istlik tiid\u00e4q sjoda &#8211;<br \/>\nkunn k\u00f5v\u00f5mb om ku latik<\/p>\n<p>HANSA<\/p>\n<p>im\u00e4 l\u00fc\u00fc k\u00f6\u00f6gin l\u00e4rmi<br \/>\nj\u00e4lq es\u00e4le pahas pandas<br \/>\net t\u00e4 temp praskal\u00f5 p\u00e4rmi<br \/>\nmis n\u00e4d\u00e4li per\u00e4st saa hansas<\/p>\n<p>MA ARMASTA \u00dcTT PLIKAT<\/p>\n<p>ma armasta \u00fctt plikat<br \/>\nt\u00e4 \u00f5ig\u00f5s nimess mann\u2019<br \/>\nt\u00e4 iist om sitavikat\u2019<br \/>\nja takast kastokann\u2019<\/p>\n<p>alt seerist nii ku tikk<br \/>\np\u00e4\u00e4ltp\u00f5lvi tsipa j\u00e4mmemb<br \/>\nt\u00e4 om k\u00fcll pipravitt<br \/>\na mul om t\u00e4`ga l\u00e4mmemb<\/p>\n<p>mis sjoost et \u00fctel\u2019 kasiq<br \/>\nsa t\u00f5bras v\u00e4ll\u00e4 lakast<br \/>\nyks j\u00e4rjest armastasiq<br \/>\niist s\u00fc\u00e4mest ja takast<\/p>\n<p>yks armastasiq plikat<br \/>\nkel \u00f5ig\u00f5s nimess mann\u2019<br \/>\nki\u00e4 iist om sitavikat\u2019<br \/>\nja takast kastokann\u2019<\/p>\n<p>KI\u00c4 AIAN<\/p>\n<p>ki\u00e4 aian ki\u00e4 aian<br \/>\nsavisaar um aian<br \/>\nmis nimes mis nimes<br \/>\nedk\u00e4r tim\u00e4 nimes<br \/>\nk\u00f5tt l\u00e4bi l\u00e4tt l\u00e4bi<br \/>\nl\u00e4tt l\u00e4bi roosip\u00f5\u00f5sast\u00f5<br \/>\nja situq \u00fctskyik kohe saat<br \/>\na n\u00fckk\u00e4 t\u00f5n\u00f5 sisse<\/p>\n<p>ULL\u2019<\/p>\n<p>ma \u00fctsk\u00f5rd juu\u00f5n ullis<br \/>\nhind t\u00e4vvelikult vasse<br \/>\nnii oll\u00f5n joonuq ullis<br \/>\net rohk\u00f5mb ol\u00f5s rass\u00f5<\/p>\n<p>ku mitte Volli-is ol\u00f5s<br \/>\ntuud selges tenn\u00fcq mul \u2013<br \/>\net inne ullisjuumist ol\u00f5-s<br \/>\nSA MIIS JOHT V\u00c4H\u00c4MB ULL\u2019!<\/p>\n<p>UNU UUNO (ma ol\u00f5 terve)<\/p>\n<p>Om unu uuno tuntu paratiid\u00fcste magistri<br \/>\nTid\u00e4 takan aja fbi ja kalmisturegistri<br \/>\nT\u00e4lle allus pornot\u00fc\u00fcst\u00fcs t\u00e4l om vahemeren tankri<br \/>\nT\u00e4lle kuulus villa mexikon ja taivan v\u00e4iku vankri<\/p>\n<p>Ku unu uuno autu akna takan tege tuut-tuut<br \/>\nSys om kindla et j\u00e4l \u00fc\u00fc om tulvil hengesid ja wuudut<br \/>\nDiividii p\u00e4\u00e4lt nii astraals\u00f5 ku mentaals\u00f5 vahepalaq<br \/>\nTranss om k\u00e4en ku l\u00f5p\u00f5tas\u00f5q haisamise uunu jalaq<\/p>\n<p>Ku n\u00e4\u00fct\u00e4siq mul tas\u00f5t okultistilin\u00f5 tseier<br \/>\nSys mul ol\u00f5ss uma pruut ja bmw ja miidiapleier<br \/>\nMa s\u00fc\u00fcs\u2019 hummukid\u00f5 sinki ja praes \u00f5dakid\u00f5 munna<br \/>\nMa es s\u00fc\u00fcssi in\u00e4mp sitta ja es topis suuhv\u00f5 kunna<\/p>\n<p>VANAMIIS K\u00d5RD&#8230;<\/p>\n<p>vanamiis k\u00f5rd m\u00e4nguhob\u00f5st kokko koton tinut\u2019<br \/>\nparand\u2019 latsi lemmikut \u2013 v\u00e4ikut tinast t\u00e4kku<br \/>\n\u201comgi valmis\u201d \u2013 \u00f5kvalt hind\u00e4 ette k\u00e4ega virut\u2019<br \/>\nmille p\u00e4\u00e4leq linnas\u2019 lavvalt salts\u00f5r t\u00e4lle n\u00e4kku<\/p>\n<p>ah sa r\u00f5ib\u00f5q r\u00fc\u00fckse paps ja hyyrs\u00f5 k\u00e4ega silmi<br \/>\nvisas\u2019 n\u00e4ol\u00f5 vett ja n\u00fchkse kuivas tekiga<br \/>\nn\u00fc\u00fcd ma kae salamahti tim\u00e4 porno. lmi<br \/>\nkui t\u00e4 seikl\u00f5s tarr\u00f5 m\u00fc\u00fcd\u00e4 \u2013 valg\u00f5 kepiga<\/p>\n<p>JO-JO<\/p>\n<p>kinkse hann\u00f5s\u00f5l\u00f5 jo-jo<br \/>\nn\u00fc\u00fcd om t\u00e4 jo-jo-hann\u00f5s<br \/>\nmid\u00e4 sa yks m\u00f5istat<br \/>\nkokutajal\u00f5<\/p>\n<p>SAPIK<br \/>\ns\u00f5it massinamutel\u2019<br \/>\nnimes om sapik<br \/>\npardatsokin om putel\u2019<br \/>\ntuud kutsutas lapik<\/p>\n<p>sais lapikun rumm<br \/>\na saisku vai konjak<br \/>\nnii kavvas ku um<br \/>\nhind tunn\u00f5 ku koljat<\/p>\n<p>a ts\u00f5\u00f5riq om maan<br \/>\nja oh sapikut saani<br \/>\npi\u00e4 tul\u00f5 jo haani<br \/>\nja sys tul\u00f5 plaani<\/p>\n<p>nii s\u00f5ida ja r\u00e4mmi<br \/>\nma r\u00fc\u00fcb\u00e4ten lapikust<br \/>\na ku p\u00e4\u00e4l nakkas l\u00e4mmi<br \/>\np\u00e4\u00e4 v\u00e4ll\u00e4 l\u00fc\u00fc sapikust<\/p>\n<p>KASSIRAISK<\/p>\n<p>\u00fcts\u2019 kassiraisk oll\u2019 hukka l\u00e4nn\u00fc<br \/>\nja koor\u00f5p\u00fct\u00fc \u00fcmbre k\u00e4\u00e4ndn\u00fc<br \/>\nja per\u00e4n p\u00f5rmandul\u00f5 sitt\u00f5<br \/>\nkyik kuu\u0105 oll\u2019 lakja karvu piten<\/p>\n<p>mi koton vihastimi tsias<br \/>\nei ol\u00f5q kassi niguq pias<\/p>\n<p>ES\u00c4 VARAST\u2019<\/p>\n<p>es\u00e4 varast\u2019 t\u00fc\u00fc mant \u00fcte \u00fcleliigs\u00f5 kellu<br \/>\nim\u00e4 pands\u00f5 r\u00fc\u00fckm\u00e4 koton v\u00f5i oll\u2019 j\u00e4lle hel\u00fc<br \/>\nsys tull\u2019 miilits \u00f5kvalt es\u00e4 k\u00fclge tiks\u00f5<br \/>\nveigi \u00fcten im\u00e4 per\u00e4n \u00f5daguni iks\u00f5<\/p>\n<p>im\u00e4 tull\u2019 k\u00f5rd poodist n\u00e4puotsan lihamassin<br \/>\nun\u00f5tanuq massa olnuq miskiper\u00e4st sassin<br \/>\nmiilits j\u00e4lki tull\u2019 ja kabla otsan lohist\u2019 pinni<br \/>\nv\u00f5ts\u00f5 im\u00e4 \u00fcten pands\u00f5 elos aos kinniq<\/p>\n<p>es\u00e4 kirot\u2019 vangimajast \u2013 v\u00f5i om\u2019 k\u00fclm\u00e4q ilmaq<br \/>\nim\u00e4 kirot\u2019 vangimajast \u2013 ikva im\u00e4 silm\u00e4q<br \/>\nmul oll\u2019 h\u00e4\u00e4 ku asts\u00f5 esiq umahind\u00e4 ellu<br \/>\nmul oll\u2019 joba lihamassin kasutadu kellu<\/p>\n<p>TULLI LIINAST&#8230;.<\/p>\n<p>tulli liinast kaubaq kotten<br \/>\nleib ja salaviin<br \/>\nk\u00f5rvaklappen r\u00fc\u00fckse Rotten<br \/>\ngod save the queen<\/p>\n<p>tii p\u00e4\u00e4l polla nakas\u2019 r\u00fc\u00fckm\u00e4<br \/>\nlubasi aresti<br \/>\n\u00fctli miis sa ajat \u00fc\u00fckm\u00e4<br \/>\null\u2019 ma tii kompressi<\/p>\n<p>tulli liinast kaubaq kotten<br \/>\nleib ja salaviin<br \/>\nper\u00e4n k\u00e4ve esiq Rotten<br \/>\nv\u00f5ts\u00f5 \u00fcte viil<\/p>\n<p>OH KUIS TAHAS LESBILIITU<\/p>\n<p>oh kuis tahas lesbiliitu<br \/>\nnatoss\u00f5 ja kaposs\u00f5<br \/>\naga innemb euruliitu<br \/>\nastus ma gestaposs\u00f5<\/p>\n<p>teenis f\u00fc\u00fcrerit ni vaklu<br \/>\nar\u00f5ndasiq huvv\u00f5<br \/>\npess\u00e4s ynn\u00f5 p\u00e4h\u00e4q naklu<br \/>\nk\u00fc\u00fcdsi alaq kruvv\u00f5<\/p>\n<p>innemb ihos umma mollu<br \/>\nvasta uss\u00f5piita<br \/>\nku ma sjoda umma ellu<br \/>\n\u00e4r\u00e4q las\u00f5s liita<\/p>\n<p>TAIVATIGU<\/p>\n<p>p\u00e4rt suur\u00f5 sitap\u00fct\u00fcga<br \/>\ns\u00f5it sinik\u00fcl\u00e4 suunan<br \/>\ngas viiek\u00fcmne \u00fctega<br \/>\nja tsiasitt om kuurman<\/p>\n<p>l\u00e4tt nelik\u00fcmmend tunnin s\u00f5it<br \/>\nja per\u00e4n t\u00fc\u00fcd l\u00e4tt peos \u2013<br \/>\ntuud unu p\u00e4rti kutsva kyik<br \/>\nsiin vallan taivateos<\/p>\n<p>LUM\u00d5SULATAJA<\/p>\n<p>istu persetpiten hang\u00f5n<br \/>\ntakan sitamaja<br \/>\nol\u00f5 kuradima kang\u00f5<br \/>\nlum\u00f5sulataja<\/p>\n<p>pauk ni pakan\u00f5 ku talv<br \/>\n\u00fcmbre perseuru<br \/>\naga kannikide all<br \/>\nom kats\u2019 laiku muru<\/p>\n<p>niguq h\u00fcljes liivi lahen<br \/>\nniguq eesti miss<br \/>\nh\u00e4itses minu persevahen<br \/>\nk\u00f5llan\u00f5 n\u00e4rtsiss<\/p>\n<p>KYIK TIIQ VEEV\u00c4Q MEHIKUURMA<\/p>\n<p>kyik tiiq veev\u00e4q mehikuurma<br \/>\ntulk\u00f5 iist tulk\u00f5 jalost<br \/>\nma l\u00e4\u00e4 juuma<br \/>\nma tul\u00f5 meerapalost<\/p>\n<p>INEMISE SISU<\/p>\n<p>inemise sisu om ku raamat<br \/>\nraamatit om h\u00e4id ja saman sittu<br \/>\nn\u00f5stat kaas\u00f5 loet ja \u00f5nne naarat<br \/>\neg\u00e4 lits kitt umahind\u00e4 vittu<\/p>\n<p>T\u00c4DI SOHVI<\/p>\n<p>eel\u00e4q \u00fc\u00fcse pands\u00f5 takka<br \/>\nt\u00e4di sohvil\u00f5<br \/>\nja t\u00e4\u00e4mb\u00e4 as\u00f5prokur\u00f6.<br \/>\nmu kuts\u00f5 kohvil\u00f5<\/p>\n<p>mul tull\u2019gi \u00fcles tunnista<br \/>\net pands\u00f5 sohvil\u00f5<br \/>\nsest j\u00f5hkra k\u00fc\u00fcdsej\u00e4leq olliq<br \/>\nj\u00e4\u00e4n\u00fcq krohvil\u00f5<\/p>\n<p>miis nuums\u00f5 minnu t\u00f5simeeli<br \/>\nja per\u00e4n saats\u00f5 putsi \u2013<br \/>\net kuis su s\u00fc\u00e4 \u00fcldse v\u00f5ts\u00f5 \u2013<br \/>\ns\u00e4\u00e4nest vanamutti<\/p>\n<p>viil k\u00fcsse as\u00f5prokur\u00f6r<br \/>\net mille sohviga<br \/>\nma vastassi et tahts\u00f5 k\u00f5rdki<br \/>\nollaq prohviga<\/p>\n<p>J\u00d5ULUQ<\/p>\n<p>neli k\u00fc\u00fcn\u00e4lt pands\u00f5 kuus\u00f5l\u00f5<br \/>\nja \u00fcte persse<br \/>\nanalgiiniga<\/p>\n<p>h\u00e4\u00e4d<br \/>\nvahts\u00f5t<br \/>\naastat<\/p>\n<p>SUUHVT\u00d5<\/p>\n<p>mull\u00f5 miild\u00fcs v\u00f5tta suuhvt\u00f5<br \/>\nsinu nimme \u2013 es\u00e4maa<br \/>\nvahel v\u00f5ta sys ku vaia<br \/>\nvahel v\u00f5ta niisama<\/p>\n<p>vahel aga saad\u00f5n suhvt\u00f5<br \/>\nm\u00f5tl\u00f5 millet\u00f5ttu<br \/>\npia ma topma suuhvt\u00f5 sjoda<br \/>\nmis ei t\u00e4\u00fcd\u00e4q k\u00f5ttu<\/p>\n<p>aga yks ma v\u00f5ta suhvt\u00f5<br \/>\nesiq anna myn\u00f5l\u00f5<br \/>\nt\u00fch\u00e4 k\u00f5tu ja t\u00e4\u00fcs suuga<br \/>\nin\u00e4mp t\u00e4 ei kyn\u00f5l\u00f5<\/p>\n<p>SUHE<\/p>\n<p>mul \u00fcksk\u00f5rd k\u00e4ve suhe<br \/>\n\u00fcte elliga<br \/>\nki\u00e4 murds\u00f5 mull\u00f5 truudust<br \/>\nelektridrelliga<\/p>\n<p>ja \u00fctel\u2019 l\u00f5pus n\u00e4kku<br \/>\net keriq perse t\u00f5nu<br \/>\net siemens kodumassinist<br \/>\nsaa pall\u2019u suur\u00f5mb m\u00f5nu<\/p>\n","protected":false},"excerpt":{"rendered":"<p>NAASTE K\u00dcMME KILTI ilm l\u00e4tt k\u00fclm\u00e4s tiidke toda h\u00e4\u00e4d ei ol\u00f5q uuta t\u00e4\u00e4mb\u00e4 sulas hummon\u2019 joba kusi k\u00fclm\u00e4s luuka hummon\u2019 ku om t\u00e4htsa v\u00f5istlus naaste k\u00fcmme kilti millest eski eurosport kand \u00fcle umma pilti sest ei tul\u00f5q otep\u00e4\u00e4le myni litsikari ossa v\u00f5tva paraguai ja kuulus bente skari stardipauk lask valla m\u00f5tsa h\u00e4rm\u00e4t\u00fcn\u00fc tutiq s\u00e4\u00e4l om [&hellip;]<\/p>\n","protected":false},"author":1,"featured_media":0,"parent":169,"menu_order":0,"comment_status":"closed","ping_status":"closed","template":"","meta":{"footnotes":""},"class_list":["post-171","page","type-page","status-publish","hentry"],"yoast_head":"<!-- This site is optimized with the Yoast SEO plugin v27.4 - https:\/\/yoast.com\/product\/yoast-seo-wordpress\/ -->\n<title>Ruitlas\u00f5 Olavi luul\u00f5tuisi - V\u00f5ro kir\u00e4nd\u00fcs<\/title>\n<meta name=\"robots\" content=\"index, follow, max-snippet:-1, max-image-preview:large, max-video-preview:-1\" \/>\n<link rel=\"canonical\" href=\"https:\/\/wi.ee\/voro\/kiranigu\/olavi-ruitlane\/ruitlaso-olavi-luulotuisi\/\" \/>\n<meta property=\"og:locale\" content=\"et_EE\" \/>\n<meta property=\"og:type\" content=\"article\" \/>\n<meta property=\"og:title\" content=\"Ruitlas\u00f5 Olavi luul\u00f5tuisi - V\u00f5ro kir\u00e4nd\u00fcs\" \/>\n<meta property=\"og:description\" content=\"NAASTE K\u00dcMME KILTI ilm l\u00e4tt k\u00fclm\u00e4s tiidke toda h\u00e4\u00e4d ei ol\u00f5q uuta t\u00e4\u00e4mb\u00e4 sulas hummon\u2019 joba kusi k\u00fclm\u00e4s luuka hummon\u2019 ku om t\u00e4htsa v\u00f5istlus naaste k\u00fcmme kilti millest eski eurosport kand \u00fcle umma pilti sest ei tul\u00f5q otep\u00e4\u00e4le myni litsikari ossa v\u00f5tva paraguai ja kuulus bente skari stardipauk lask valla m\u00f5tsa h\u00e4rm\u00e4t\u00fcn\u00fc tutiq s\u00e4\u00e4l om [&hellip;]\" \/>\n<meta property=\"og:url\" content=\"https:\/\/wi.ee\/voro\/kiranigu\/olavi-ruitlane\/ruitlaso-olavi-luulotuisi\/\" \/>\n<meta property=\"og:site_name\" content=\"V\u00f5ro kir\u00e4nd\u00fcs\" \/>\n<meta name=\"twitter:card\" content=\"summary_large_image\" \/>\n<meta name=\"twitter:label1\" content=\"Est. reading time\" \/>\n\t<meta name=\"twitter:data1\" content=\"10 minutit\" \/>\n<script type=\"application\/ld+json\" class=\"yoast-schema-graph\">{\"@context\":\"https:\\\/\\\/schema.org\",\"@graph\":[{\"@type\":\"WebPage\",\"@id\":\"https:\\\/\\\/wi.ee\\\/voro\\\/kiranigu\\\/olavi-ruitlane\\\/ruitlaso-olavi-luulotuisi\\\/\",\"url\":\"https:\\\/\\\/wi.ee\\\/voro\\\/kiranigu\\\/olavi-ruitlane\\\/ruitlaso-olavi-luulotuisi\\\/\",\"name\":\"Ruitlas\u00f5 Olavi luul\u00f5tuisi - V\u00f5ro kir\u00e4nd\u00fcs\",\"isPartOf\":{\"@id\":\"https:\\\/\\\/wi.ee\\\/voro\\\/#website\"},\"datePublished\":\"2016-02-02T09:46:00+00:00\",\"breadcrumb\":{\"@id\":\"https:\\\/\\\/wi.ee\\\/voro\\\/kiranigu\\\/olavi-ruitlane\\\/ruitlaso-olavi-luulotuisi\\\/#breadcrumb\"},\"inLanguage\":\"et\",\"potentialAction\":[{\"@type\":\"ReadAction\",\"target\":[\"https:\\\/\\\/wi.ee\\\/voro\\\/kiranigu\\\/olavi-ruitlane\\\/ruitlaso-olavi-luulotuisi\\\/\"]}]},{\"@type\":\"BreadcrumbList\",\"@id\":\"https:\\\/\\\/wi.ee\\\/voro\\\/kiranigu\\\/olavi-ruitlane\\\/ruitlaso-olavi-luulotuisi\\\/#breadcrumb\",\"itemListElement\":[{\"@type\":\"ListItem\",\"position\":1,\"name\":\"Home\",\"item\":\"https:\\\/\\\/wi.ee\\\/voro\\\/\"},{\"@type\":\"ListItem\",\"position\":2,\"name\":\"KI\u00c4 OMMA V\u00d5RO KIR\u00c4NIGU\",\"item\":\"https:\\\/\\\/wi.ee\\\/voro\\\/kiranigu\\\/\"},{\"@type\":\"ListItem\",\"position\":3,\"name\":\"Olavi Ruitlane\",\"item\":\"https:\\\/\\\/wi.ee\\\/voro\\\/kiranigu\\\/olavi-ruitlane\\\/\"},{\"@type\":\"ListItem\",\"position\":4,\"name\":\"Ruitlas\u00f5 Olavi luul\u00f5tuisi\"}]},{\"@type\":\"WebSite\",\"@id\":\"https:\\\/\\\/wi.ee\\\/voro\\\/#website\",\"url\":\"https:\\\/\\\/wi.ee\\\/voro\\\/\",\"name\":\"V\u00f5ro kir\u00e4nd\u00fcs\",\"description\":\"V\u00f5ro kir\u00e4nd\u00fcse kodoleht\",\"potentialAction\":[{\"@type\":\"SearchAction\",\"target\":{\"@type\":\"EntryPoint\",\"urlTemplate\":\"https:\\\/\\\/wi.ee\\\/voro\\\/?s={search_term_string}\"},\"query-input\":{\"@type\":\"PropertyValueSpecification\",\"valueRequired\":true,\"valueName\":\"search_term_string\"}}],\"inLanguage\":\"et\"}]}<\/script>\n<!-- \/ Yoast SEO plugin. -->","yoast_head_json":{"title":"Ruitlas\u00f5 Olavi luul\u00f5tuisi - V\u00f5ro kir\u00e4nd\u00fcs","robots":{"index":"index","follow":"follow","max-snippet":"max-snippet:-1","max-image-preview":"max-image-preview:large","max-video-preview":"max-video-preview:-1"},"canonical":"https:\/\/wi.ee\/voro\/kiranigu\/olavi-ruitlane\/ruitlaso-olavi-luulotuisi\/","og_locale":"et_EE","og_type":"article","og_title":"Ruitlas\u00f5 Olavi luul\u00f5tuisi - V\u00f5ro kir\u00e4nd\u00fcs","og_description":"NAASTE K\u00dcMME KILTI ilm l\u00e4tt k\u00fclm\u00e4s tiidke toda h\u00e4\u00e4d ei ol\u00f5q uuta t\u00e4\u00e4mb\u00e4 sulas hummon\u2019 joba kusi k\u00fclm\u00e4s luuka hummon\u2019 ku om t\u00e4htsa v\u00f5istlus naaste k\u00fcmme kilti millest eski eurosport kand \u00fcle umma pilti sest ei tul\u00f5q otep\u00e4\u00e4le myni litsikari ossa v\u00f5tva paraguai ja kuulus bente skari stardipauk lask valla m\u00f5tsa h\u00e4rm\u00e4t\u00fcn\u00fc tutiq s\u00e4\u00e4l om [&hellip;]","og_url":"https:\/\/wi.ee\/voro\/kiranigu\/olavi-ruitlane\/ruitlaso-olavi-luulotuisi\/","og_site_name":"V\u00f5ro kir\u00e4nd\u00fcs","twitter_card":"summary_large_image","twitter_misc":{"Est. reading time":"10 minutit"},"schema":{"@context":"https:\/\/schema.org","@graph":[{"@type":"WebPage","@id":"https:\/\/wi.ee\/voro\/kiranigu\/olavi-ruitlane\/ruitlaso-olavi-luulotuisi\/","url":"https:\/\/wi.ee\/voro\/kiranigu\/olavi-ruitlane\/ruitlaso-olavi-luulotuisi\/","name":"Ruitlas\u00f5 Olavi luul\u00f5tuisi - V\u00f5ro kir\u00e4nd\u00fcs","isPartOf":{"@id":"https:\/\/wi.ee\/voro\/#website"},"datePublished":"2016-02-02T09:46:00+00:00","breadcrumb":{"@id":"https:\/\/wi.ee\/voro\/kiranigu\/olavi-ruitlane\/ruitlaso-olavi-luulotuisi\/#breadcrumb"},"inLanguage":"et","potentialAction":[{"@type":"ReadAction","target":["https:\/\/wi.ee\/voro\/kiranigu\/olavi-ruitlane\/ruitlaso-olavi-luulotuisi\/"]}]},{"@type":"BreadcrumbList","@id":"https:\/\/wi.ee\/voro\/kiranigu\/olavi-ruitlane\/ruitlaso-olavi-luulotuisi\/#breadcrumb","itemListElement":[{"@type":"ListItem","position":1,"name":"Home","item":"https:\/\/wi.ee\/voro\/"},{"@type":"ListItem","position":2,"name":"KI\u00c4 OMMA V\u00d5RO KIR\u00c4NIGU","item":"https:\/\/wi.ee\/voro\/kiranigu\/"},{"@type":"ListItem","position":3,"name":"Olavi Ruitlane","item":"https:\/\/wi.ee\/voro\/kiranigu\/olavi-ruitlane\/"},{"@type":"ListItem","position":4,"name":"Ruitlas\u00f5 Olavi luul\u00f5tuisi"}]},{"@type":"WebSite","@id":"https:\/\/wi.ee\/voro\/#website","url":"https:\/\/wi.ee\/voro\/","name":"V\u00f5ro kir\u00e4nd\u00fcs","description":"V\u00f5ro kir\u00e4nd\u00fcse kodoleht","potentialAction":[{"@type":"SearchAction","target":{"@type":"EntryPoint","urlTemplate":"https:\/\/wi.ee\/voro\/?s={search_term_string}"},"query-input":{"@type":"PropertyValueSpecification","valueRequired":true,"valueName":"search_term_string"}}],"inLanguage":"et"}]}},"_links":{"self":[{"href":"https:\/\/wi.ee\/voro\/wp-json\/wp\/v2\/pages\/171","targetHints":{"allow":["GET"]}}],"collection":[{"href":"https:\/\/wi.ee\/voro\/wp-json\/wp\/v2\/pages"}],"about":[{"href":"https:\/\/wi.ee\/voro\/wp-json\/wp\/v2\/types\/page"}],"author":[{"embeddable":true,"href":"https:\/\/wi.ee\/voro\/wp-json\/wp\/v2\/users\/1"}],"replies":[{"embeddable":true,"href":"https:\/\/wi.ee\/voro\/wp-json\/wp\/v2\/comments?post=171"}],"version-history":[{"count":1,"href":"https:\/\/wi.ee\/voro\/wp-json\/wp\/v2\/pages\/171\/revisions"}],"predecessor-version":[{"id":172,"href":"https:\/\/wi.ee\/voro\/wp-json\/wp\/v2\/pages\/171\/revisions\/172"}],"up":[{"embeddable":true,"href":"https:\/\/wi.ee\/voro\/wp-json\/wp\/v2\/pages\/169"}],"wp:attachment":[{"href":"https:\/\/wi.ee\/voro\/wp-json\/wp\/v2\/media?parent=171"}],"curies":[{"name":"wp","href":"https:\/\/api.w.org\/{rel}","templated":true}]}}