{"id":16,"date":"2016-02-01T14:41:29","date_gmt":"2016-02-01T12:41:29","guid":{"rendered":"http:\/\/wi.ee\/voro\/?page_id=16"},"modified":"2023-01-26T16:28:53","modified_gmt":"2023-01-26T14:28:53","slug":"voro-kiranduseuurmine","status":"publish","type":"page","link":"https:\/\/wi.ee\/voro\/avaleht\/voro-kiranduseuurmine\/","title":{"rendered":"V\u00d5RO KIR\u00c4ND\u00dcSEUURMINE"},"content":{"rendered":"<p>L\u00f5una-Eesti kir\u00e4nd\u00fcse vanauandi jako omma uurnu edim\u00e4lt sakslas\u00f5, ki\u00e4 kirotiva veid\u00fckese \u00fcles, kas sis piksepalv\u00f5st t\u00fck\u00fc, et piksepapp s\u00fc\u00fcd\u00fc m\u00f5ista vai arvusta, et palv\u00f5 kohegi ei k\u00f5lba. Uma uurjist alost korjamise ja liigit\u00e4mise t\u00fc\u00fcga Jakob Hurt, kinka aoluulis-geograafiline kuulkond viil t\u00e4\u00e4mb\u00e4dsel p\u00e4\u00e4v\u00e4lgi eloj\u00f5un om.<\/p>\n<p>V\u00f5ro kir\u00e4nd\u00fcse keriguuandi jako ummaq ildamba uurnu Saar\u00f5maalt peri Arne Vinkel, p\u00e4\u00e4le tim\u00e4 viil Mihkel Kampmann, Udo Kolk, Leo Anvelt.<\/p>\n<p>Her\u00e4nemisaign\u00f5 kir\u00e4nd\u00fcskriitika nakas k\u00f5g\u00f5p\u00e4\u00e4lt ilmuma Perno Postimehen ja Tartu Postimehen. S\u00e4\u00e4l sai rahvalaul papa Jannseni k\u00e4est vasta p\u00e4id ja jalgu, ildampa Koidula jututar\u00f5n \u00fclist rahvalaulu, a tuu vai\u00f5lus putut v\u00e4h\u00e4 L\u00f5una-Eestit. Ja L\u00f5una-Eesti kir\u00e4nd\u00fcse uurmine j\u00e4i tul\u00f5vast\u00f5 aoj\u00e4rku. Gustav Suits oll k\u00fcll alustanu magistret\u00fc\u00fcd Barbara Juliane von Kr\u00fcdenerist, a tuu j\u00e4i pool\u00f5l\u00f5 ja h\u00e4\u00e4d\u00fc. Vabariigi-aigu teg\u00fcsi eestikiilne, a siski l\u00f5una-eesti kir\u00e4nd\u00fcse uurmise algus.<\/p>\n<p>Vabariigi-aigu oll l\u00f5una-eesti kir\u00e4nd\u00fcse toim\u00f5ndaja muuhulgan Tuglas, ki\u00e4 toet ja arvust ni toim\u00f5nd Henrik Adamsonni ja Artur Adsonit. Vabariigi-aigu es ol\u00f5 s\u00f5ski L\u00f5una-Eesti kir\u00e4nik\u00f5 man niiv\u00f5rd tego tiidv\u00fcstet l\u00f5una-eesti kir\u00e4nd\u00fcse ja kriitikaga, kuv\u00f5rd vaistulids\u00f5 kokkohoitmisega.<\/p>\n<p>Mulgi kir\u00e4nd\u00fcse tiidv\u00fcst uurjana s\u00f5ski August Annist. \u201cPeajooni Mulgimaa kirjandusest\u201d ilmu v\u00e4ll\u00e4and\u00f5n \u201cMulkide almanak 1936\u201d, k\u00f5rdustr\u00fck\u00fc tekk Eesti Mulkide Selts 1992. a, \u201c\u2026 soovides eriti pikema, meie eri maakondade ja h\u00f5imude toodangut v\u00f5rdleva kirjandusloolise \u00fclevaate ilmumist\u2026\u201d<\/p>\n<p>Ku mi v\u00f5inu edim\u00e4dses L\u00f5una-Eesti kir\u00e4nd\u00fcse uurjas-kriitikus-toim\u00f5ndajas pit\u00e4 Tuglast, sis t\u00f5elidses v\u00f5ro kir\u00e4nd\u00fcsluulas\u00f5s saa Bernard Kangro. Tim\u00e4 Kir\u00e4nik\u00f5 Kooperatiiv and v\u00e4ll\u00e4 in\u00e4mb\u00fcse V\u00f5romaalt peri kir\u00e4nik\u00f5 raamatit, tim\u00e4 k\u00e4sitles k\u00f5iki L\u00f5una-Eesti kir\u00e4nikk\u00f5 uma esseeden. N\u00e4\u00fct\u00fcses kogomikun \u201cH\u00e4itsmemehi ja p\u00e4rlip\u00fc\u00fcdjaid I\u201d om k\u00e4sitlet Suitsu, Karl Ast Rumorit, Adsonit, Lindsaart, Kolka ja II k\u00f6\u00fcten viil Visnapuud, Allet, Adamsoni, Annistit. Ku edim\u00e4dsen k\u00f6\u00fcten oll p\u00e4\u00e4r\u00f5hk v\u00f5ro kir\u00e4nik\u00f5l, s\u00f5s t\u00f5s\u00f5n osan noil, ked\u00e4 Annist nimet\u00e4s mulgi kir\u00e4nik\u00f5s.<\/p>\n<p>Okupatsiooniaigs\u00f5 L\u00f5una-Eesti kir\u00e4nd\u00fcse uurmise ja kriitika t\u00e4htsq ideoloogi, ki\u00e4 esseeden kaitsva ja arvustuisin kirotas\u00f5 L\u00f5una-Eesti kir\u00e4nd\u00fcsest, omma Kaalep ja Kaplinski. Kaalep tarvitas L\u00f5una-Eesti m\u00e4\u00e4ratlemises Ugandi nimme, Kaplinski Uandit. Kaalep arvustas ja toim\u00f5tas Iheri \u201cKassim\u00e4rssi\u201d, Kaplinski uur rahvalaulu. Oskar Kruus v\u00f5tt v\u00f5ro kir\u00e4nd\u00fcse teemal s\u00f5nna ja kirotas magistrit\u00fc\u00fcd Raimond Kolgast. Aivo L\u00f5hmus ja \u00dclo Tonts esinese toim\u00f5ndajana vai kriitikuna. Hando Runnel uur ja esit\u00e4s ettekandid Henrik Adamsonnist ja Jaan Lattikust. V\u00f5ro kir\u00e4nd\u00fcst arvustas ja kirotas k\u00e4sikirja j\u00e4\u00e4n\u00fc antoloogia Heino Sikk. Tim\u00e4 Viruskundra, kos t\u00e4 materjal\u00f5 v\u00f5ro kir\u00e4nik\u00f5st avaldas, j\u00e4\u00e4ss aga v\u00f5ro-seto liikumise aiga.<\/p>\n<p>V\u00f5ro-seto liikumise aol esinese kir\u00e4nd\u00fcskriitikina nii-\u00fcteld kallendrikir\u00e4niku Evar Saar, Jaan Pulk , Marju K\u00f5ivupuu. Arvustamist jatkas\u00f5 kuigiv\u00f5rd Kauksi \u00dclle ja Oskar Kruus. Arne Merilai esit\u00e4s ettekand\u00f5 v\u00f5ro kir\u00e4nd\u00fcse oppamisest V\u00f5romaa kool\u00f5n.<\/p>\n<p>Edim\u00e4ne, ki\u00e4 kirotas arvustuisi v\u00f5ro keeli v\u00f5ro kir\u00e4nd\u00fcsest, um Evar Saar. Tek\u00fcs ka edim\u00e4ne umakiilne kir\u00e4nd\u00fcseuurja Tiia Allas, ki\u00e4 esit\u00e4s bakalaurus\u00f5t\u00fc\u00fc v\u00f5ro keeli v\u00f5ro kir\u00e4nd\u00fcsest (\u201cKolm kenn\u00e4* Kauksi \u00dclle kaetust\u201d). Kriitikuna astus \u00fcles ka Valdo Valper. V\u00f5ro kir\u00e4nik\u00f5 teossit arvustas Rannar Susi. Kriitikuna om alustanu Olavi Ruitlane.<\/p>\n<p><strong><a href=\"http:\/\/wi.ee\/voro\/jaigi-ja-lattiku-ilmaq\/\">Jaigi ja Lattiku ilmaq (Kauksi \u00dclle) &gt;&gt;<\/a><\/strong><\/p>\n","protected":false},"excerpt":{"rendered":"<p>L\u00f5una-Eesti kir\u00e4nd\u00fcse vanauandi jako omma uurnu edim\u00e4lt sakslas\u00f5, ki\u00e4 kirotiva veid\u00fckese \u00fcles, kas sis piksepalv\u00f5st t\u00fck\u00fc, et piksepapp s\u00fc\u00fcd\u00fc m\u00f5ista vai arvusta, et palv\u00f5 kohegi ei k\u00f5lba. Uma uurjist alost korjamise ja liigit\u00e4mise t\u00fc\u00fcga Jakob Hurt, kinka aoluulis-geograafiline kuulkond viil t\u00e4\u00e4mb\u00e4dsel p\u00e4\u00e4v\u00e4lgi eloj\u00f5un om. V\u00f5ro kir\u00e4nd\u00fcse keriguuandi jako ummaq ildamba uurnu Saar\u00f5maalt peri Arne Vinkel, [&hellip;]<\/p>\n","protected":false},"author":1,"featured_media":0,"parent":7,"menu_order":1,"comment_status":"closed","ping_status":"closed","template":"","meta":{"footnotes":""},"class_list":["post-16","page","type-page","status-publish","hentry"],"yoast_head":"<!-- This site is optimized with the Yoast SEO plugin v27.4 - https:\/\/yoast.com\/product\/yoast-seo-wordpress\/ -->\n<title>V\u00d5RO KIR\u00c4ND\u00dcSEUURMINE - V\u00f5ro kir\u00e4nd\u00fcs<\/title>\n<meta name=\"robots\" content=\"index, follow, max-snippet:-1, max-image-preview:large, max-video-preview:-1\" \/>\n<link rel=\"canonical\" href=\"https:\/\/wi.ee\/voro\/avaleht\/voro-kiranduseuurmine\/\" \/>\n<meta property=\"og:locale\" content=\"et_EE\" \/>\n<meta property=\"og:type\" content=\"article\" \/>\n<meta property=\"og:title\" content=\"V\u00d5RO KIR\u00c4ND\u00dcSEUURMINE - V\u00f5ro kir\u00e4nd\u00fcs\" \/>\n<meta property=\"og:description\" content=\"L\u00f5una-Eesti kir\u00e4nd\u00fcse vanauandi jako omma uurnu edim\u00e4lt sakslas\u00f5, ki\u00e4 kirotiva veid\u00fckese \u00fcles, kas sis piksepalv\u00f5st t\u00fck\u00fc, et piksepapp s\u00fc\u00fcd\u00fc m\u00f5ista vai arvusta, et palv\u00f5 kohegi ei k\u00f5lba. Uma uurjist alost korjamise ja liigit\u00e4mise t\u00fc\u00fcga Jakob Hurt, kinka aoluulis-geograafiline kuulkond viil t\u00e4\u00e4mb\u00e4dsel p\u00e4\u00e4v\u00e4lgi eloj\u00f5un om. V\u00f5ro kir\u00e4nd\u00fcse keriguuandi jako ummaq ildamba uurnu Saar\u00f5maalt peri Arne Vinkel, [&hellip;]\" \/>\n<meta property=\"og:url\" content=\"https:\/\/wi.ee\/voro\/avaleht\/voro-kiranduseuurmine\/\" \/>\n<meta property=\"og:site_name\" content=\"V\u00f5ro kir\u00e4nd\u00fcs\" \/>\n<meta property=\"article:modified_time\" content=\"2023-01-26T14:28:53+00:00\" \/>\n<meta name=\"twitter:card\" content=\"summary_large_image\" \/>\n<meta name=\"twitter:label1\" content=\"Est. reading time\" \/>\n\t<meta name=\"twitter:data1\" content=\"3 minutit\" \/>\n<script type=\"application\/ld+json\" class=\"yoast-schema-graph\">{\"@context\":\"https:\\\/\\\/schema.org\",\"@graph\":[{\"@type\":\"WebPage\",\"@id\":\"https:\\\/\\\/wi.ee\\\/voro\\\/avaleht\\\/voro-kiranduseuurmine\\\/\",\"url\":\"https:\\\/\\\/wi.ee\\\/voro\\\/avaleht\\\/voro-kiranduseuurmine\\\/\",\"name\":\"V\u00d5RO KIR\u00c4ND\u00dcSEUURMINE - V\u00f5ro kir\u00e4nd\u00fcs\",\"isPartOf\":{\"@id\":\"https:\\\/\\\/wi.ee\\\/voro\\\/#website\"},\"datePublished\":\"2016-02-01T12:41:29+00:00\",\"dateModified\":\"2023-01-26T14:28:53+00:00\",\"breadcrumb\":{\"@id\":\"https:\\\/\\\/wi.ee\\\/voro\\\/avaleht\\\/voro-kiranduseuurmine\\\/#breadcrumb\"},\"inLanguage\":\"et\",\"potentialAction\":[{\"@type\":\"ReadAction\",\"target\":[\"https:\\\/\\\/wi.ee\\\/voro\\\/avaleht\\\/voro-kiranduseuurmine\\\/\"]}]},{\"@type\":\"BreadcrumbList\",\"@id\":\"https:\\\/\\\/wi.ee\\\/voro\\\/avaleht\\\/voro-kiranduseuurmine\\\/#breadcrumb\",\"itemListElement\":[{\"@type\":\"ListItem\",\"position\":1,\"name\":\"Home\",\"item\":\"https:\\\/\\\/wi.ee\\\/voro\\\/\"},{\"@type\":\"ListItem\",\"position\":2,\"name\":\"V\u00d5RO KIR\u00c4ND\u00dcS &#8211; MI\u00c4 TUU UM?\",\"item\":\"https:\\\/\\\/wi.ee\\\/voro\\\/\"},{\"@type\":\"ListItem\",\"position\":3,\"name\":\"V\u00d5RO KIR\u00c4ND\u00dcSEUURMINE\"}]},{\"@type\":\"WebSite\",\"@id\":\"https:\\\/\\\/wi.ee\\\/voro\\\/#website\",\"url\":\"https:\\\/\\\/wi.ee\\\/voro\\\/\",\"name\":\"V\u00f5ro kir\u00e4nd\u00fcs\",\"description\":\"V\u00f5ro kir\u00e4nd\u00fcse kodoleht\",\"potentialAction\":[{\"@type\":\"SearchAction\",\"target\":{\"@type\":\"EntryPoint\",\"urlTemplate\":\"https:\\\/\\\/wi.ee\\\/voro\\\/?s={search_term_string}\"},\"query-input\":{\"@type\":\"PropertyValueSpecification\",\"valueRequired\":true,\"valueName\":\"search_term_string\"}}],\"inLanguage\":\"et\"}]}<\/script>\n<!-- \/ Yoast SEO plugin. -->","yoast_head_json":{"title":"V\u00d5RO KIR\u00c4ND\u00dcSEUURMINE - V\u00f5ro kir\u00e4nd\u00fcs","robots":{"index":"index","follow":"follow","max-snippet":"max-snippet:-1","max-image-preview":"max-image-preview:large","max-video-preview":"max-video-preview:-1"},"canonical":"https:\/\/wi.ee\/voro\/avaleht\/voro-kiranduseuurmine\/","og_locale":"et_EE","og_type":"article","og_title":"V\u00d5RO KIR\u00c4ND\u00dcSEUURMINE - V\u00f5ro kir\u00e4nd\u00fcs","og_description":"L\u00f5una-Eesti kir\u00e4nd\u00fcse vanauandi jako omma uurnu edim\u00e4lt sakslas\u00f5, ki\u00e4 kirotiva veid\u00fckese \u00fcles, kas sis piksepalv\u00f5st t\u00fck\u00fc, et piksepapp s\u00fc\u00fcd\u00fc m\u00f5ista vai arvusta, et palv\u00f5 kohegi ei k\u00f5lba. Uma uurjist alost korjamise ja liigit\u00e4mise t\u00fc\u00fcga Jakob Hurt, kinka aoluulis-geograafiline kuulkond viil t\u00e4\u00e4mb\u00e4dsel p\u00e4\u00e4v\u00e4lgi eloj\u00f5un om. V\u00f5ro kir\u00e4nd\u00fcse keriguuandi jako ummaq ildamba uurnu Saar\u00f5maalt peri Arne Vinkel, [&hellip;]","og_url":"https:\/\/wi.ee\/voro\/avaleht\/voro-kiranduseuurmine\/","og_site_name":"V\u00f5ro kir\u00e4nd\u00fcs","article_modified_time":"2023-01-26T14:28:53+00:00","twitter_card":"summary_large_image","twitter_misc":{"Est. reading time":"3 minutit"},"schema":{"@context":"https:\/\/schema.org","@graph":[{"@type":"WebPage","@id":"https:\/\/wi.ee\/voro\/avaleht\/voro-kiranduseuurmine\/","url":"https:\/\/wi.ee\/voro\/avaleht\/voro-kiranduseuurmine\/","name":"V\u00d5RO KIR\u00c4ND\u00dcSEUURMINE - V\u00f5ro kir\u00e4nd\u00fcs","isPartOf":{"@id":"https:\/\/wi.ee\/voro\/#website"},"datePublished":"2016-02-01T12:41:29+00:00","dateModified":"2023-01-26T14:28:53+00:00","breadcrumb":{"@id":"https:\/\/wi.ee\/voro\/avaleht\/voro-kiranduseuurmine\/#breadcrumb"},"inLanguage":"et","potentialAction":[{"@type":"ReadAction","target":["https:\/\/wi.ee\/voro\/avaleht\/voro-kiranduseuurmine\/"]}]},{"@type":"BreadcrumbList","@id":"https:\/\/wi.ee\/voro\/avaleht\/voro-kiranduseuurmine\/#breadcrumb","itemListElement":[{"@type":"ListItem","position":1,"name":"Home","item":"https:\/\/wi.ee\/voro\/"},{"@type":"ListItem","position":2,"name":"V\u00d5RO KIR\u00c4ND\u00dcS &#8211; MI\u00c4 TUU UM?","item":"https:\/\/wi.ee\/voro\/"},{"@type":"ListItem","position":3,"name":"V\u00d5RO KIR\u00c4ND\u00dcSEUURMINE"}]},{"@type":"WebSite","@id":"https:\/\/wi.ee\/voro\/#website","url":"https:\/\/wi.ee\/voro\/","name":"V\u00f5ro kir\u00e4nd\u00fcs","description":"V\u00f5ro kir\u00e4nd\u00fcse kodoleht","potentialAction":[{"@type":"SearchAction","target":{"@type":"EntryPoint","urlTemplate":"https:\/\/wi.ee\/voro\/?s={search_term_string}"},"query-input":{"@type":"PropertyValueSpecification","valueRequired":true,"valueName":"search_term_string"}}],"inLanguage":"et"}]}},"_links":{"self":[{"href":"https:\/\/wi.ee\/voro\/wp-json\/wp\/v2\/pages\/16","targetHints":{"allow":["GET"]}}],"collection":[{"href":"https:\/\/wi.ee\/voro\/wp-json\/wp\/v2\/pages"}],"about":[{"href":"https:\/\/wi.ee\/voro\/wp-json\/wp\/v2\/types\/page"}],"author":[{"embeddable":true,"href":"https:\/\/wi.ee\/voro\/wp-json\/wp\/v2\/users\/1"}],"replies":[{"embeddable":true,"href":"https:\/\/wi.ee\/voro\/wp-json\/wp\/v2\/comments?post=16"}],"version-history":[{"count":4,"href":"https:\/\/wi.ee\/voro\/wp-json\/wp\/v2\/pages\/16\/revisions"}],"predecessor-version":[{"id":1006,"href":"https:\/\/wi.ee\/voro\/wp-json\/wp\/v2\/pages\/16\/revisions\/1006"}],"up":[{"embeddable":true,"href":"https:\/\/wi.ee\/voro\/wp-json\/wp\/v2\/pages\/7"}],"wp:attachment":[{"href":"https:\/\/wi.ee\/voro\/wp-json\/wp\/v2\/media?parent=16"}],"curies":[{"name":"wp","href":"https:\/\/api.w.org\/{rel}","templated":true}]}}