{"id":156,"date":"2016-02-02T11:36:54","date_gmt":"2016-02-02T09:36:54","guid":{"rendered":"http:\/\/wi.ee\/voro\/?page_id=156"},"modified":"2023-01-15T14:52:56","modified_gmt":"2023-01-15T12:52:56","slug":"jan-rahman","status":"publish","type":"page","link":"https:\/\/wi.ee\/voro\/kiranigu\/jan-rahman\/","title":{"rendered":"Jan Rahman"},"content":{"rendered":"<p><strong><img loading=\"lazy\" decoding=\"async\" class=\"alignleft size-full wp-image-158\" src=\"http:\/\/wi.ee\/voro\/wp-content\/uploads\/2016\/02\/jan-rahman.jpg\" alt=\"jan-rahman\" width=\"200\" height=\"224\" \/>Jan Rahman<\/strong> om s\u00fcnd\u00fcn\u00fc 30.07.1975 V\u00f5ron. Opnu Loosi 8-klassilids\u00f5n koolin (1982-1990), V\u00f5ru I keskkoolin (1990-1993) ja v\u00e4h\u00e4 aigu ka Tartu \u00dclikoolin aokir\u00e4nd\u00fcst (aastil 1993-2004). Olnu Tartu Noorte Autorite Koondisen ja V\u00f5ro Seltsin VKKF. K\u00f5rraldanu eg\u00e4sugutsid v\u00f5ro keele ja kultuuri \u00fcrit\u00fcisi (Kaika suv\u00f5\u00fclikooliq jm).<\/p>\n<p>Kirotanu (in\u00e4mb\u00fcisi v\u00f5rokeelitsit) luul\u00f5tuisi, n\u00e4\u00fctem\u00e4nge, arvustuisi ja niisama aolehejutuk\u00f5isi. V\u00f5ro kiilde t\u00f5lknu luul\u00f5tuisi (Heli Laaksonen, Hasso Krull) ja draamat (Shakespeare \u201eSuve\u00f6\u00f6 unen\u00e4o\u201c k\u00e4sit\u00fc\u00fcliisi stseene). Kirotanu laul\u00f5 ja laulus\u00f5nnu ansamblil\u00f5 Ummamuudu (K\u00f5n\u00f5traat, A mille, Kloostrivein, Mis uudist, Ummamuudu<br \/>\nliin), Jaak Tuksamile (Uni) ja ansamblil\u00f5 Viie p\u00e4\u00e4le (Uni, Kuionu puu, Puu palas, \u00dc\u00fc jt).<\/p>\n<h3>Raamatu:<\/h3>\n<p>\u2022 Luul\u00f5tuisi kogo \u201eVas\u00f5st Vas\u2019k\u201c (Eesti Kostabi $elts, Tartu 1997)<br \/>\n\u2022 Luul\u00f5tuisi ja t\u00f5lkid\u00f5 kogo \u201eMaapuup\u00e4iv\u201c (\u00fcten Heli Laaksoneniga) (Sammakko ja V\u00f5ro Selts VKKF, V\u00f5ru-Turu 2000, Sammakko, Turu 2005 (k\u00f5rdustr\u00fckk)).<br \/>\n\u2022 Luul\u00f5kogomik ja CD \u201eViie p\u00e4\u00e4le\u201c (\u00fcten Contra, Aapo Ilvese, Pulga Jaani ja Olavi Ruitlasega) (V\u00e4iku v\u00e4ll\u00e4andja, V\u00f5ru 2005).<br \/>\n\u2022 Latsiraamat \u201eV\u00e4vv\u00e4\u201c (V\u00f5ru 2005).<\/p>\n<p>Luul\u00f5tuisi, jutt\u00f5, arvustuisi jms avaldanu aolehin T\u00f6\u00f6rahva Elu, V\u00f5rumaa Teataja, Koit, Viruskundra, Uma Leht, Sirp, Postimees, Eesti P\u00e4evaleht, aokirjun Vikerkaar, Tuli &amp; Savu, T\u00e4heke, Teater. Muusika. Kino. Jutt\u00f5 ja luul\u00f5tuisi om ilmunu ka kogomik\u00f5n \u201eHea raamat\u201c (NAK, Tartu 1998), \u201eEmaj\u00f5e kondor\u201c (NAK, Tartu 2002), \u201eSano, tuuli\u201c (Helsinki 2002). Luul\u00f5tuisi om avald\u00f5du V\u00f5ro-Seto t\u00e4htraamatin. Laulu \u201eK\u00f5n\u00f5traat\u201c s\u00f5nnu omma avaldanuq pall\u2019oq lauliku.<\/p>\n<p><a href=\"http:\/\/wi.ee\/voro\/wp-content\/uploads\/2016\/02\/Rahmani_Jani_loomingu_kotsile.pdf\" target=\"_blank\" rel=\"noopener\">Jan Rahmani loomingu kotsile<\/a><br \/>\n<a href=\"http:\/\/wi.ee\/voro\/kiranigu\/jan-rahman\/jan-rahmani-luulotuisi\/\">Jan Rahmani luul\u00f5tuisi &gt;&gt;<\/a><\/p>\n","protected":false},"excerpt":{"rendered":"<p>Jan Rahman om s\u00fcnd\u00fcn\u00fc 30.07.1975 V\u00f5ron. Opnu Loosi 8-klassilids\u00f5n koolin (1982-1990), V\u00f5ru I keskkoolin (1990-1993) ja v\u00e4h\u00e4 aigu ka Tartu \u00dclikoolin aokir\u00e4nd\u00fcst (aastil 1993-2004). Olnu Tartu Noorte Autorite Koondisen ja V\u00f5ro Seltsin VKKF. K\u00f5rraldanu eg\u00e4sugutsid v\u00f5ro keele ja kultuuri \u00fcrit\u00fcisi (Kaika suv\u00f5\u00fclikooliq jm). Kirotanu (in\u00e4mb\u00fcisi v\u00f5rokeelitsit) luul\u00f5tuisi, n\u00e4\u00fctem\u00e4nge, arvustuisi ja niisama aolehejutuk\u00f5isi. V\u00f5ro kiilde t\u00f5lknu [&hellip;]<\/p>\n","protected":false},"author":1,"featured_media":0,"parent":9,"menu_order":30,"comment_status":"closed","ping_status":"closed","template":"","meta":{"footnotes":""},"class_list":["post-156","page","type-page","status-publish","hentry"],"yoast_head":"<!-- This site is optimized with the Yoast SEO plugin v27.4 - https:\/\/yoast.com\/product\/yoast-seo-wordpress\/ -->\n<title>Jan Rahman - V\u00f5ro kir\u00e4nd\u00fcs<\/title>\n<meta name=\"robots\" content=\"index, follow, max-snippet:-1, max-image-preview:large, max-video-preview:-1\" \/>\n<link rel=\"canonical\" href=\"https:\/\/wi.ee\/voro\/kiranigu\/jan-rahman\/\" \/>\n<meta property=\"og:locale\" content=\"et_EE\" \/>\n<meta property=\"og:type\" content=\"article\" \/>\n<meta property=\"og:title\" content=\"Jan Rahman - V\u00f5ro kir\u00e4nd\u00fcs\" \/>\n<meta property=\"og:description\" content=\"Jan Rahman om s\u00fcnd\u00fcn\u00fc 30.07.1975 V\u00f5ron. Opnu Loosi 8-klassilids\u00f5n koolin (1982-1990), V\u00f5ru I keskkoolin (1990-1993) ja v\u00e4h\u00e4 aigu ka Tartu \u00dclikoolin aokir\u00e4nd\u00fcst (aastil 1993-2004). Olnu Tartu Noorte Autorite Koondisen ja V\u00f5ro Seltsin VKKF. K\u00f5rraldanu eg\u00e4sugutsid v\u00f5ro keele ja kultuuri \u00fcrit\u00fcisi (Kaika suv\u00f5\u00fclikooliq jm). Kirotanu (in\u00e4mb\u00fcisi v\u00f5rokeelitsit) luul\u00f5tuisi, n\u00e4\u00fctem\u00e4nge, arvustuisi ja niisama aolehejutuk\u00f5isi. V\u00f5ro kiilde t\u00f5lknu [&hellip;]\" \/>\n<meta property=\"og:url\" content=\"https:\/\/wi.ee\/voro\/kiranigu\/jan-rahman\/\" \/>\n<meta property=\"og:site_name\" content=\"V\u00f5ro kir\u00e4nd\u00fcs\" \/>\n<meta property=\"article:modified_time\" content=\"2023-01-15T12:52:56+00:00\" \/>\n<meta property=\"og:image\" content=\"http:\/\/wi.ee\/voro\/wp-content\/uploads\/2016\/02\/jan-rahman.jpg\" \/>\n<meta name=\"twitter:card\" content=\"summary_large_image\" \/>\n<meta name=\"twitter:label1\" content=\"Est. reading time\" \/>\n\t<meta name=\"twitter:data1\" content=\"2 minutit\" \/>\n<script type=\"application\/ld+json\" class=\"yoast-schema-graph\">{\"@context\":\"https:\\\/\\\/schema.org\",\"@graph\":[{\"@type\":\"WebPage\",\"@id\":\"https:\\\/\\\/wi.ee\\\/voro\\\/kiranigu\\\/jan-rahman\\\/\",\"url\":\"https:\\\/\\\/wi.ee\\\/voro\\\/kiranigu\\\/jan-rahman\\\/\",\"name\":\"Jan Rahman - V\u00f5ro kir\u00e4nd\u00fcs\",\"isPartOf\":{\"@id\":\"https:\\\/\\\/wi.ee\\\/voro\\\/#website\"},\"primaryImageOfPage\":{\"@id\":\"https:\\\/\\\/wi.ee\\\/voro\\\/kiranigu\\\/jan-rahman\\\/#primaryimage\"},\"image\":{\"@id\":\"https:\\\/\\\/wi.ee\\\/voro\\\/kiranigu\\\/jan-rahman\\\/#primaryimage\"},\"thumbnailUrl\":\"http:\\\/\\\/wi.ee\\\/voro\\\/wp-content\\\/uploads\\\/2016\\\/02\\\/jan-rahman.jpg\",\"datePublished\":\"2016-02-02T09:36:54+00:00\",\"dateModified\":\"2023-01-15T12:52:56+00:00\",\"breadcrumb\":{\"@id\":\"https:\\\/\\\/wi.ee\\\/voro\\\/kiranigu\\\/jan-rahman\\\/#breadcrumb\"},\"inLanguage\":\"et\",\"potentialAction\":[{\"@type\":\"ReadAction\",\"target\":[\"https:\\\/\\\/wi.ee\\\/voro\\\/kiranigu\\\/jan-rahman\\\/\"]}]},{\"@type\":\"ImageObject\",\"inLanguage\":\"et\",\"@id\":\"https:\\\/\\\/wi.ee\\\/voro\\\/kiranigu\\\/jan-rahman\\\/#primaryimage\",\"url\":\"http:\\\/\\\/wi.ee\\\/voro\\\/wp-content\\\/uploads\\\/2016\\\/02\\\/jan-rahman.jpg\",\"contentUrl\":\"http:\\\/\\\/wi.ee\\\/voro\\\/wp-content\\\/uploads\\\/2016\\\/02\\\/jan-rahman.jpg\"},{\"@type\":\"BreadcrumbList\",\"@id\":\"https:\\\/\\\/wi.ee\\\/voro\\\/kiranigu\\\/jan-rahman\\\/#breadcrumb\",\"itemListElement\":[{\"@type\":\"ListItem\",\"position\":1,\"name\":\"Home\",\"item\":\"https:\\\/\\\/wi.ee\\\/voro\\\/\"},{\"@type\":\"ListItem\",\"position\":2,\"name\":\"KI\u00c4 OMMA V\u00d5RO KIR\u00c4NIGU\",\"item\":\"https:\\\/\\\/wi.ee\\\/voro\\\/kiranigu\\\/\"},{\"@type\":\"ListItem\",\"position\":3,\"name\":\"Jan Rahman\"}]},{\"@type\":\"WebSite\",\"@id\":\"https:\\\/\\\/wi.ee\\\/voro\\\/#website\",\"url\":\"https:\\\/\\\/wi.ee\\\/voro\\\/\",\"name\":\"V\u00f5ro kir\u00e4nd\u00fcs\",\"description\":\"V\u00f5ro kir\u00e4nd\u00fcse kodoleht\",\"potentialAction\":[{\"@type\":\"SearchAction\",\"target\":{\"@type\":\"EntryPoint\",\"urlTemplate\":\"https:\\\/\\\/wi.ee\\\/voro\\\/?s={search_term_string}\"},\"query-input\":{\"@type\":\"PropertyValueSpecification\",\"valueRequired\":true,\"valueName\":\"search_term_string\"}}],\"inLanguage\":\"et\"}]}<\/script>\n<!-- \/ Yoast SEO plugin. -->","yoast_head_json":{"title":"Jan Rahman - V\u00f5ro kir\u00e4nd\u00fcs","robots":{"index":"index","follow":"follow","max-snippet":"max-snippet:-1","max-image-preview":"max-image-preview:large","max-video-preview":"max-video-preview:-1"},"canonical":"https:\/\/wi.ee\/voro\/kiranigu\/jan-rahman\/","og_locale":"et_EE","og_type":"article","og_title":"Jan Rahman - V\u00f5ro kir\u00e4nd\u00fcs","og_description":"Jan Rahman om s\u00fcnd\u00fcn\u00fc 30.07.1975 V\u00f5ron. Opnu Loosi 8-klassilids\u00f5n koolin (1982-1990), V\u00f5ru I keskkoolin (1990-1993) ja v\u00e4h\u00e4 aigu ka Tartu \u00dclikoolin aokir\u00e4nd\u00fcst (aastil 1993-2004). Olnu Tartu Noorte Autorite Koondisen ja V\u00f5ro Seltsin VKKF. K\u00f5rraldanu eg\u00e4sugutsid v\u00f5ro keele ja kultuuri \u00fcrit\u00fcisi (Kaika suv\u00f5\u00fclikooliq jm). Kirotanu (in\u00e4mb\u00fcisi v\u00f5rokeelitsit) luul\u00f5tuisi, n\u00e4\u00fctem\u00e4nge, arvustuisi ja niisama aolehejutuk\u00f5isi. V\u00f5ro kiilde t\u00f5lknu [&hellip;]","og_url":"https:\/\/wi.ee\/voro\/kiranigu\/jan-rahman\/","og_site_name":"V\u00f5ro kir\u00e4nd\u00fcs","article_modified_time":"2023-01-15T12:52:56+00:00","og_image":[{"url":"http:\/\/wi.ee\/voro\/wp-content\/uploads\/2016\/02\/jan-rahman.jpg","type":"","width":"","height":""}],"twitter_card":"summary_large_image","twitter_misc":{"Est. reading time":"2 minutit"},"schema":{"@context":"https:\/\/schema.org","@graph":[{"@type":"WebPage","@id":"https:\/\/wi.ee\/voro\/kiranigu\/jan-rahman\/","url":"https:\/\/wi.ee\/voro\/kiranigu\/jan-rahman\/","name":"Jan Rahman - V\u00f5ro kir\u00e4nd\u00fcs","isPartOf":{"@id":"https:\/\/wi.ee\/voro\/#website"},"primaryImageOfPage":{"@id":"https:\/\/wi.ee\/voro\/kiranigu\/jan-rahman\/#primaryimage"},"image":{"@id":"https:\/\/wi.ee\/voro\/kiranigu\/jan-rahman\/#primaryimage"},"thumbnailUrl":"http:\/\/wi.ee\/voro\/wp-content\/uploads\/2016\/02\/jan-rahman.jpg","datePublished":"2016-02-02T09:36:54+00:00","dateModified":"2023-01-15T12:52:56+00:00","breadcrumb":{"@id":"https:\/\/wi.ee\/voro\/kiranigu\/jan-rahman\/#breadcrumb"},"inLanguage":"et","potentialAction":[{"@type":"ReadAction","target":["https:\/\/wi.ee\/voro\/kiranigu\/jan-rahman\/"]}]},{"@type":"ImageObject","inLanguage":"et","@id":"https:\/\/wi.ee\/voro\/kiranigu\/jan-rahman\/#primaryimage","url":"http:\/\/wi.ee\/voro\/wp-content\/uploads\/2016\/02\/jan-rahman.jpg","contentUrl":"http:\/\/wi.ee\/voro\/wp-content\/uploads\/2016\/02\/jan-rahman.jpg"},{"@type":"BreadcrumbList","@id":"https:\/\/wi.ee\/voro\/kiranigu\/jan-rahman\/#breadcrumb","itemListElement":[{"@type":"ListItem","position":1,"name":"Home","item":"https:\/\/wi.ee\/voro\/"},{"@type":"ListItem","position":2,"name":"KI\u00c4 OMMA V\u00d5RO KIR\u00c4NIGU","item":"https:\/\/wi.ee\/voro\/kiranigu\/"},{"@type":"ListItem","position":3,"name":"Jan Rahman"}]},{"@type":"WebSite","@id":"https:\/\/wi.ee\/voro\/#website","url":"https:\/\/wi.ee\/voro\/","name":"V\u00f5ro kir\u00e4nd\u00fcs","description":"V\u00f5ro kir\u00e4nd\u00fcse kodoleht","potentialAction":[{"@type":"SearchAction","target":{"@type":"EntryPoint","urlTemplate":"https:\/\/wi.ee\/voro\/?s={search_term_string}"},"query-input":{"@type":"PropertyValueSpecification","valueRequired":true,"valueName":"search_term_string"}}],"inLanguage":"et"}]}},"_links":{"self":[{"href":"https:\/\/wi.ee\/voro\/wp-json\/wp\/v2\/pages\/156","targetHints":{"allow":["GET"]}}],"collection":[{"href":"https:\/\/wi.ee\/voro\/wp-json\/wp\/v2\/pages"}],"about":[{"href":"https:\/\/wi.ee\/voro\/wp-json\/wp\/v2\/types\/page"}],"author":[{"embeddable":true,"href":"https:\/\/wi.ee\/voro\/wp-json\/wp\/v2\/users\/1"}],"replies":[{"embeddable":true,"href":"https:\/\/wi.ee\/voro\/wp-json\/wp\/v2\/comments?post=156"}],"version-history":[{"count":6,"href":"https:\/\/wi.ee\/voro\/wp-json\/wp\/v2\/pages\/156\/revisions"}],"predecessor-version":[{"id":970,"href":"https:\/\/wi.ee\/voro\/wp-json\/wp\/v2\/pages\/156\/revisions\/970"}],"up":[{"embeddable":true,"href":"https:\/\/wi.ee\/voro\/wp-json\/wp\/v2\/pages\/9"}],"wp:attachment":[{"href":"https:\/\/wi.ee\/voro\/wp-json\/wp\/v2\/media?parent=156"}],"curies":[{"name":"wp","href":"https:\/\/api.w.org\/{rel}","templated":true}]}}