{"id":141,"date":"2016-02-02T11:25:45","date_gmt":"2016-02-02T09:25:45","guid":{"rendered":"http:\/\/wi.ee\/voro\/?page_id=141"},"modified":"2023-01-15T14:46:07","modified_gmt":"2023-01-15T12:46:07","slug":"pulga-jaan","status":"publish","type":"page","link":"https:\/\/wi.ee\/voro\/kiranigu\/pulga-jaan\/","title":{"rendered":"Pulga Jaan"},"content":{"rendered":"<p><img loading=\"lazy\" decoding=\"async\" class=\"alignleft size-full wp-image-148\" src=\"http:\/\/wi.ee\/voro\/wp-content\/uploads\/2016\/02\/pulga-jaan.jpg\" alt=\"pulga-jaan\" width=\"180\" height=\"190\" \/>Jaan Pulk (JP) vai nigu ted\u00e4 sak\u00f5mbal\u00f5 kutsutas, <strong>Pulga Jaan<\/strong> , s\u00fcnd\u00fc 27. m\u00e4rdikuu p\u00e4\u00e4v\u00e4l 1947 Varstun, \u00fcles kasvi Kuldrin Miku k\u00fcl\u00e4n. Tim\u00e4lt om V\u00f5ro kir\u00e4nd\u00fcs saanu, Kauksi \u00dclle \u201cS\u00e4ng\u00fc\u201d perr\u00e4, uma musterteksti &#8211; \u201cTsiapaha p\u00e4\u00e4l\u201d. JP omgi loonu mitmid laul\u00f5 \u00fcten tekstega ja kirotanu ka jutt\u00f5. JP hind\u00e4 s\u00f5nnu perr\u00e4 s\u00fcnd\u00fc Varstu s\u00fcnn\u00fct\u00fcsmajan (mid\u00e4 in\u00e4mb ol\u00f5-i) \u201ctim\u00e4 aol\u201d niisamapal&#8217;o latsi ku parhilla V\u00f5romaa p\u00e4\u00e4le kokko. JP om el\u00e4v\u00e4 n\u00e4\u00fcde taast, et maaelo om viil v\u00f5imalik, a ilmaparandajat ol\u00f5-i t\u00e4\u00e4st \u00f5ig\u00f5t saanu. Uma artikli ja arvustuse om JP in\u00e4mbjaolt p\u00e4\u00e4le valmistkirotamist pliidi ette visanu.<\/p>\n<p>Haridus\u00f5 om JP saanu Kuldri 8-kl. koolin, Valga 1. Keskkoolin, TR\u00dc-n, kon opse neli aastakka arstitiid\u00fcst, ja EPA-n, mink l\u00f5p\u00f5t tsootehnikuna.<\/p>\n<p>JP om pid\u00e4n\u00fc p\u00e4\u00e4tsootehnigu amm\u00f5tit Kamara sovhoosin Mulgimaal ja Antsla sovhoosin. Sovhoosiao l\u00f5pust oll JP Antsla vallan Oe k\u00fcl\u00e4n talomiis.<\/p>\n<p>Kirotanu om JP veid\u00fc, a \u00f5nn\u00f5 v\u00f5ro keelen. Laulutekste, mid\u00e4 om tett\u00fc \u201cpoiskesest p\u00e4\u00e4le\u201d, om avaldet T\u00e4htraamatiden 1997, 1998. S\u00e4\u00e4l nigu ka V\u00f5ro lug\u00f5mikun om ilmunu viil maal elole j\u00e4\u00e4mise oppuisi, vai \u201cel\u00e4j\u00e4suguelo jutt\u00f5\u201d. Kunstkir\u00e4nd\u00fcslig\u00f5mbist jutt\u00f5st om \u201c\u00dcts p\u00e4iv ja \u00fc\u00fc Aruk\u00fcla Antsu elust\u201d ilmunu 1992 a t\u00e4htraamadun, neli t\u00fckk\u00fc hel\u00fckasetil \u201cPini hind\u201d. P\u00e4\u00e4le telefilmi \u201cS\u00fcgis Antslas\u201d n\u00f5s\u00f5nu larmi v\u00f5tt JP mitmen lehen s\u00f5nna telemiihi kaits\u00f5st. Muidoki om JP avitanu alosta ja kyrralda Kaika suv\u00f5\u00fclikuul\u00f5 jt. v\u00f5ro liikmisega seot tegemiisi, 1998. a lehekuu Keelen ja kirjandusen kirotas kir\u00e4viisiprobleemest. 2011. aastagal sai Sirje Penjam valmis Pulga Jaanist \u00fclesv\u00f5tmise (DVD) &#8220;Valge aborigeen&#8221;, kon autur k\u00f5nelas es laulu &#8220;Tsiapaha p\u00e4\u00e4l&#8221; saamisluku. Per\u00e4m\u00e4dsel aol om JP olnu Uma Lehe kolumnist.<\/p>\n<h3>Looming:<\/h3>\n<p>Pini hind. Pulga Jaani m\u00f5nusaq jutuq hel\u00fckasett V\u00f5ro Instituut\u00b4 1998<\/p>\n<p>Akn\u00f5. Pulga Jaani m\u00f5nusa jutuq ja lauluq. CD. V\u00f5ru Instituut 2002<\/p>\n<p>Hoitmise v\u00e4gi. Pulga Jaani lauluq. CD. V\u00f5ru Instituut 2004<\/p>\n<p>Luul\u00f5tus\u00f5 kogomikun &#8220;Viie p\u00e4\u00e4le&#8221; 2005<\/p>\n<p>Muusigaalbom &#8221; Litsm\u00f5tsa tango ja t\u00f5s\u00f5q lainatuq looq&#8221;. V\u00f5ro Instituut 2021<\/p>\n<h3>Tim\u00e4 kotsile:<\/h3>\n<p>Pm 11. X 1998<\/p>\n<p><a href=\"http:\/\/wi.ee\/voro\/kiranigu\/pulga-jaan\/pulga-jaani-jutto\/\">Pulga Jaani jutt\u00f5 &gt;&gt;<\/a><br \/>\n<a href=\"http:\/\/wi.ee\/voro\/kiranigu\/pulga-jaan\/pulga-jaani-luulotuisi\/\">Pulga Jaani luul\u00f5tuisi &gt;&gt;<\/a><\/p>\n","protected":false},"excerpt":{"rendered":"<p>Jaan Pulk (JP) vai nigu ted\u00e4 sak\u00f5mbal\u00f5 kutsutas, Pulga Jaan , s\u00fcnd\u00fc 27. m\u00e4rdikuu p\u00e4\u00e4v\u00e4l 1947 Varstun, \u00fcles kasvi Kuldrin Miku k\u00fcl\u00e4n. Tim\u00e4lt om V\u00f5ro kir\u00e4nd\u00fcs saanu, Kauksi \u00dclle \u201cS\u00e4ng\u00fc\u201d perr\u00e4, uma musterteksti &#8211; \u201cTsiapaha p\u00e4\u00e4l\u201d. JP omgi loonu mitmid laul\u00f5 \u00fcten tekstega ja kirotanu ka jutt\u00f5. JP hind\u00e4 s\u00f5nnu perr\u00e4 s\u00fcnd\u00fc Varstu s\u00fcnn\u00fct\u00fcsmajan (mid\u00e4 [&hellip;]<\/p>\n","protected":false},"author":1,"featured_media":0,"parent":9,"menu_order":28,"comment_status":"closed","ping_status":"closed","template":"","meta":{"footnotes":""},"class_list":["post-141","page","type-page","status-publish","hentry"],"yoast_head":"<!-- This site is optimized with the Yoast SEO plugin v27.4 - https:\/\/yoast.com\/product\/yoast-seo-wordpress\/ -->\n<title>Pulga Jaan - V\u00f5ro kir\u00e4nd\u00fcs<\/title>\n<meta name=\"robots\" content=\"index, follow, max-snippet:-1, max-image-preview:large, max-video-preview:-1\" \/>\n<link rel=\"canonical\" href=\"https:\/\/wi.ee\/voro\/kiranigu\/pulga-jaan\/\" \/>\n<meta property=\"og:locale\" content=\"et_EE\" \/>\n<meta property=\"og:type\" content=\"article\" \/>\n<meta property=\"og:title\" content=\"Pulga Jaan - V\u00f5ro kir\u00e4nd\u00fcs\" \/>\n<meta property=\"og:description\" content=\"Jaan Pulk (JP) vai nigu ted\u00e4 sak\u00f5mbal\u00f5 kutsutas, Pulga Jaan , s\u00fcnd\u00fc 27. m\u00e4rdikuu p\u00e4\u00e4v\u00e4l 1947 Varstun, \u00fcles kasvi Kuldrin Miku k\u00fcl\u00e4n. Tim\u00e4lt om V\u00f5ro kir\u00e4nd\u00fcs saanu, Kauksi \u00dclle \u201cS\u00e4ng\u00fc\u201d perr\u00e4, uma musterteksti &#8211; \u201cTsiapaha p\u00e4\u00e4l\u201d. JP omgi loonu mitmid laul\u00f5 \u00fcten tekstega ja kirotanu ka jutt\u00f5. JP hind\u00e4 s\u00f5nnu perr\u00e4 s\u00fcnd\u00fc Varstu s\u00fcnn\u00fct\u00fcsmajan (mid\u00e4 [&hellip;]\" \/>\n<meta property=\"og:url\" content=\"https:\/\/wi.ee\/voro\/kiranigu\/pulga-jaan\/\" \/>\n<meta property=\"og:site_name\" content=\"V\u00f5ro kir\u00e4nd\u00fcs\" \/>\n<meta property=\"article:modified_time\" content=\"2023-01-15T12:46:07+00:00\" \/>\n<meta property=\"og:image\" content=\"http:\/\/wi.ee\/voro\/wp-content\/uploads\/2016\/02\/pulga-jaan.jpg\" \/>\n<meta name=\"twitter:card\" content=\"summary_large_image\" \/>\n<meta name=\"twitter:label1\" content=\"Est. reading time\" \/>\n\t<meta name=\"twitter:data1\" content=\"2 minutit\" \/>\n<script type=\"application\/ld+json\" class=\"yoast-schema-graph\">{\"@context\":\"https:\\\/\\\/schema.org\",\"@graph\":[{\"@type\":\"WebPage\",\"@id\":\"https:\\\/\\\/wi.ee\\\/voro\\\/kiranigu\\\/pulga-jaan\\\/\",\"url\":\"https:\\\/\\\/wi.ee\\\/voro\\\/kiranigu\\\/pulga-jaan\\\/\",\"name\":\"Pulga Jaan - V\u00f5ro kir\u00e4nd\u00fcs\",\"isPartOf\":{\"@id\":\"https:\\\/\\\/wi.ee\\\/voro\\\/#website\"},\"primaryImageOfPage\":{\"@id\":\"https:\\\/\\\/wi.ee\\\/voro\\\/kiranigu\\\/pulga-jaan\\\/#primaryimage\"},\"image\":{\"@id\":\"https:\\\/\\\/wi.ee\\\/voro\\\/kiranigu\\\/pulga-jaan\\\/#primaryimage\"},\"thumbnailUrl\":\"http:\\\/\\\/wi.ee\\\/voro\\\/wp-content\\\/uploads\\\/2016\\\/02\\\/pulga-jaan.jpg\",\"datePublished\":\"2016-02-02T09:25:45+00:00\",\"dateModified\":\"2023-01-15T12:46:07+00:00\",\"breadcrumb\":{\"@id\":\"https:\\\/\\\/wi.ee\\\/voro\\\/kiranigu\\\/pulga-jaan\\\/#breadcrumb\"},\"inLanguage\":\"et\",\"potentialAction\":[{\"@type\":\"ReadAction\",\"target\":[\"https:\\\/\\\/wi.ee\\\/voro\\\/kiranigu\\\/pulga-jaan\\\/\"]}]},{\"@type\":\"ImageObject\",\"inLanguage\":\"et\",\"@id\":\"https:\\\/\\\/wi.ee\\\/voro\\\/kiranigu\\\/pulga-jaan\\\/#primaryimage\",\"url\":\"http:\\\/\\\/wi.ee\\\/voro\\\/wp-content\\\/uploads\\\/2016\\\/02\\\/pulga-jaan.jpg\",\"contentUrl\":\"http:\\\/\\\/wi.ee\\\/voro\\\/wp-content\\\/uploads\\\/2016\\\/02\\\/pulga-jaan.jpg\"},{\"@type\":\"BreadcrumbList\",\"@id\":\"https:\\\/\\\/wi.ee\\\/voro\\\/kiranigu\\\/pulga-jaan\\\/#breadcrumb\",\"itemListElement\":[{\"@type\":\"ListItem\",\"position\":1,\"name\":\"Home\",\"item\":\"https:\\\/\\\/wi.ee\\\/voro\\\/\"},{\"@type\":\"ListItem\",\"position\":2,\"name\":\"KI\u00c4 OMMA V\u00d5RO KIR\u00c4NIGU\",\"item\":\"https:\\\/\\\/wi.ee\\\/voro\\\/kiranigu\\\/\"},{\"@type\":\"ListItem\",\"position\":3,\"name\":\"Pulga Jaan\"}]},{\"@type\":\"WebSite\",\"@id\":\"https:\\\/\\\/wi.ee\\\/voro\\\/#website\",\"url\":\"https:\\\/\\\/wi.ee\\\/voro\\\/\",\"name\":\"V\u00f5ro kir\u00e4nd\u00fcs\",\"description\":\"V\u00f5ro kir\u00e4nd\u00fcse kodoleht\",\"potentialAction\":[{\"@type\":\"SearchAction\",\"target\":{\"@type\":\"EntryPoint\",\"urlTemplate\":\"https:\\\/\\\/wi.ee\\\/voro\\\/?s={search_term_string}\"},\"query-input\":{\"@type\":\"PropertyValueSpecification\",\"valueRequired\":true,\"valueName\":\"search_term_string\"}}],\"inLanguage\":\"et\"}]}<\/script>\n<!-- \/ Yoast SEO plugin. -->","yoast_head_json":{"title":"Pulga Jaan - V\u00f5ro kir\u00e4nd\u00fcs","robots":{"index":"index","follow":"follow","max-snippet":"max-snippet:-1","max-image-preview":"max-image-preview:large","max-video-preview":"max-video-preview:-1"},"canonical":"https:\/\/wi.ee\/voro\/kiranigu\/pulga-jaan\/","og_locale":"et_EE","og_type":"article","og_title":"Pulga Jaan - V\u00f5ro kir\u00e4nd\u00fcs","og_description":"Jaan Pulk (JP) vai nigu ted\u00e4 sak\u00f5mbal\u00f5 kutsutas, Pulga Jaan , s\u00fcnd\u00fc 27. m\u00e4rdikuu p\u00e4\u00e4v\u00e4l 1947 Varstun, \u00fcles kasvi Kuldrin Miku k\u00fcl\u00e4n. Tim\u00e4lt om V\u00f5ro kir\u00e4nd\u00fcs saanu, Kauksi \u00dclle \u201cS\u00e4ng\u00fc\u201d perr\u00e4, uma musterteksti &#8211; \u201cTsiapaha p\u00e4\u00e4l\u201d. JP omgi loonu mitmid laul\u00f5 \u00fcten tekstega ja kirotanu ka jutt\u00f5. JP hind\u00e4 s\u00f5nnu perr\u00e4 s\u00fcnd\u00fc Varstu s\u00fcnn\u00fct\u00fcsmajan (mid\u00e4 [&hellip;]","og_url":"https:\/\/wi.ee\/voro\/kiranigu\/pulga-jaan\/","og_site_name":"V\u00f5ro kir\u00e4nd\u00fcs","article_modified_time":"2023-01-15T12:46:07+00:00","og_image":[{"url":"http:\/\/wi.ee\/voro\/wp-content\/uploads\/2016\/02\/pulga-jaan.jpg","type":"","width":"","height":""}],"twitter_card":"summary_large_image","twitter_misc":{"Est. reading time":"2 minutit"},"schema":{"@context":"https:\/\/schema.org","@graph":[{"@type":"WebPage","@id":"https:\/\/wi.ee\/voro\/kiranigu\/pulga-jaan\/","url":"https:\/\/wi.ee\/voro\/kiranigu\/pulga-jaan\/","name":"Pulga Jaan - V\u00f5ro kir\u00e4nd\u00fcs","isPartOf":{"@id":"https:\/\/wi.ee\/voro\/#website"},"primaryImageOfPage":{"@id":"https:\/\/wi.ee\/voro\/kiranigu\/pulga-jaan\/#primaryimage"},"image":{"@id":"https:\/\/wi.ee\/voro\/kiranigu\/pulga-jaan\/#primaryimage"},"thumbnailUrl":"http:\/\/wi.ee\/voro\/wp-content\/uploads\/2016\/02\/pulga-jaan.jpg","datePublished":"2016-02-02T09:25:45+00:00","dateModified":"2023-01-15T12:46:07+00:00","breadcrumb":{"@id":"https:\/\/wi.ee\/voro\/kiranigu\/pulga-jaan\/#breadcrumb"},"inLanguage":"et","potentialAction":[{"@type":"ReadAction","target":["https:\/\/wi.ee\/voro\/kiranigu\/pulga-jaan\/"]}]},{"@type":"ImageObject","inLanguage":"et","@id":"https:\/\/wi.ee\/voro\/kiranigu\/pulga-jaan\/#primaryimage","url":"http:\/\/wi.ee\/voro\/wp-content\/uploads\/2016\/02\/pulga-jaan.jpg","contentUrl":"http:\/\/wi.ee\/voro\/wp-content\/uploads\/2016\/02\/pulga-jaan.jpg"},{"@type":"BreadcrumbList","@id":"https:\/\/wi.ee\/voro\/kiranigu\/pulga-jaan\/#breadcrumb","itemListElement":[{"@type":"ListItem","position":1,"name":"Home","item":"https:\/\/wi.ee\/voro\/"},{"@type":"ListItem","position":2,"name":"KI\u00c4 OMMA V\u00d5RO KIR\u00c4NIGU","item":"https:\/\/wi.ee\/voro\/kiranigu\/"},{"@type":"ListItem","position":3,"name":"Pulga Jaan"}]},{"@type":"WebSite","@id":"https:\/\/wi.ee\/voro\/#website","url":"https:\/\/wi.ee\/voro\/","name":"V\u00f5ro kir\u00e4nd\u00fcs","description":"V\u00f5ro kir\u00e4nd\u00fcse kodoleht","potentialAction":[{"@type":"SearchAction","target":{"@type":"EntryPoint","urlTemplate":"https:\/\/wi.ee\/voro\/?s={search_term_string}"},"query-input":{"@type":"PropertyValueSpecification","valueRequired":true,"valueName":"search_term_string"}}],"inLanguage":"et"}]}},"_links":{"self":[{"href":"https:\/\/wi.ee\/voro\/wp-json\/wp\/v2\/pages\/141","targetHints":{"allow":["GET"]}}],"collection":[{"href":"https:\/\/wi.ee\/voro\/wp-json\/wp\/v2\/pages"}],"about":[{"href":"https:\/\/wi.ee\/voro\/wp-json\/wp\/v2\/types\/page"}],"author":[{"embeddable":true,"href":"https:\/\/wi.ee\/voro\/wp-json\/wp\/v2\/users\/1"}],"replies":[{"embeddable":true,"href":"https:\/\/wi.ee\/voro\/wp-json\/wp\/v2\/comments?post=141"}],"version-history":[{"count":6,"href":"https:\/\/wi.ee\/voro\/wp-json\/wp\/v2\/pages\/141\/revisions"}],"predecessor-version":[{"id":966,"href":"https:\/\/wi.ee\/voro\/wp-json\/wp\/v2\/pages\/141\/revisions\/966"}],"up":[{"embeddable":true,"href":"https:\/\/wi.ee\/voro\/wp-json\/wp\/v2\/pages\/9"}],"wp:attachment":[{"href":"https:\/\/wi.ee\/voro\/wp-json\/wp\/v2\/media?parent=141"}],"curies":[{"name":"wp","href":"https:\/\/api.w.org\/{rel}","templated":true}]}}