{"id":129,"date":"2016-02-02T11:17:44","date_gmt":"2016-02-02T09:17:44","guid":{"rendered":"http:\/\/wi.ee\/voro\/?page_id=129"},"modified":"2016-02-02T11:18:51","modified_gmt":"2016-02-02T09:18:51","slug":"merca","status":"publish","type":"page","link":"https:\/\/wi.ee\/voro\/kiranigu\/merca\/","title":{"rendered":"Merca"},"content":{"rendered":"<p><img loading=\"lazy\" decoding=\"async\" class=\"alignnone wp-image-131 size-full\" src=\"http:\/\/wi.ee\/voro\/wp-content\/uploads\/2016\/02\/merca.jpg\" alt=\"merca\" width=\"150\" height=\"200\" \/><\/p>\n<h3>Merca luul\u00f5tuisi<\/h3>\n<p>MIKITAM\u00c4E 700<\/p>\n<p>Kuulk\u00f5, ti Vinne jo valitsus<br \/>\nkorg\u00f5 herr\u00e4&#8217; jo Kremlih<br \/>\nmis tiide mi maadega<br \/>\nmis ti kaotat mi k\u00fcl\u00e4sid<br \/>\nl\u00fc\u00fcdi rahva jo lahki<br \/>\nsaet setok\u00f5s\u00f5&#8217; jo pool\u00f5s<br \/>\nkuulk\u00f5 ti vinne jo valitsus<br \/>\nkorg\u00f5 herr\u00e4q jo kremlih<br \/>\ntiil om pallo jo umma maadagi<br \/>\ns\u00e4l\u00e4 takah suur tsiberi<br \/>\nmilles tiil\u00f5 viil t\u00fck\u00fck\u00f5n\u00f5<br \/>\nmilles tiile tsim\u00e4r\u00fck\u00f5n\u00f5<br \/>\nkuulk\u00f5 ti vinne jo valitsus<br \/>\nkorg\u00f5 herr\u00e4&#8217; jo Kremlih<br \/>\n\u00e4rg\u00f5 m\u00e4rk\u00f5&#8217; jo piire maaha<br \/>\nandk\u00f5 mii&#8217; maa&#8217; jo tagasi<br \/>\np\u00e4\u00e4stki mii&#8217; p\u00e4\u00e4liin jo vallal\u00f5<br \/>\nlask\u00f5 jo setoq \u00fcttekokko<br \/>\nlaske jo veli vele manoq<\/p>\n<p>*<\/p>\n<p>Om tah tali &amp; jumala kaonu.<br \/>\nEi l\u00f6vv\u00e4&#8217; noid lum\u00f5 alt:<br \/>\nvahc\u00f5lt istut\u00f5t tamm\u00f5&#8217; ni h\u00e4\u00f6n\u00fc<br \/>\nomma&#8217; lac\u00f5ki pyh\u00e4de mant<br \/>\nK\u00f5ll\u00f5 kal\u00f5htas kinni&#8217; mi tund\u00f5<br \/>\nnigu h\u00e4icm\u00f5ki nurmi p\u00e4\u00e4lt<br \/>\n\u00f5nn\u00f5 l\u00e4bi mi unni<br \/>\ncirk\u00f5 hell\u00fc om kull\u00f5lda s\u00e4\u00e4lt.<\/p>\n<p>*<\/p>\n<p>Tiiviirde ists\u00f5 maahha<br \/>\nkaie, no kaie tuut m\u00f5ca<br \/>\np\u00e4iv ped\u00e4jist tei sulavaaha<br \/>\nkulda kults\u00f5d\u00f5 latv\u00f5 oca<br \/>\nkui kerigo ristik\u00f5s\u00f5&#8217;<br \/>\nkaie ladva&#8217; jummala taiva<br \/>\nkink\u00f5l kau\u00f5mbal m\u00e4rgi&#8217; n\u00e4\u00fcdsi&#8217;<br \/>\nkimm\u00e4st tum\u00f5dat noa laiva<br \/>\nsis mia n\u00e4i, et ilm<br \/>\nom k\u00f5ik \u00fcc suur kat\u00f5draal<br \/>\nkuldn\u00f5 jummala silm<br \/>\nvahts\u00f5 taivast mi h\u00e4icn\u00f5vat maad.<\/p>\n<p>*<\/p>\n<p>Innemb\u00e4 olliva es\u00e4nd\u00e4<br \/>\neg\u00e4 koc\u00f5 p\u00e4\u00e4l um herr\u00e4<br \/>\nprovvak\u00f5n\u00f5 vai vana preili<br \/>\n\u00fcc oll h\u00e4\u00e4&amp; t\u00f5n\u00f5 hull\u00f5mp<br \/>\nolliva ingli vai saadana.<br \/>\nNo&#8217; ol\u00f5 \u00f5i kotost, koh pakku menn\u00e4&#8217;<br \/>\nol\u00f5 \u00f5i koekil\u00f5 pag\u00f5da<br \/>\n\u00fcle riigi \u00fcte&#8217; herr\u00e4&#8217;<br \/>\np\u00e4\u00e4le kunna \u00fcte&#8217; provva&#8217;<br \/>\n\u00fcte&#8217; r\u00fc\u00fctli&#8217; eg\u00e4l puul<br \/>\n\u00fcte&#8217; band\u00f5&#8217; k\u00f5g\u00f5 p\u00e4\u00e4l<br \/>\nrahvas om vaen\u00f5 ni varada<br \/>\nsandi mi&#8217; &#8211; saa \u00f5i no&#8217; mid\u00e4<br \/>\ntul\u00f5 \u00f5i tuu abi Euroopast<br \/>\nsaagu&#8217; saagu&#8217; ma sajada<\/p>\n<p>KAVER IIRI LAULU MOLLY MALONE PERR\u00c4<\/p>\n<p>Tah Petseri liinah,<br \/>\nkoh n\u00e4ioq nii kimm\u00e4q<br \/>\nyc tytrik mul selgehe<br \/>\nsy\u00e4mehe j\u00e4i<br \/>\nt\u00e4 kelmist\u00f5 kai\u00f5<br \/>\nku laado p\u00e4\u00e4l sais\u00f5<br \/>\nja purikit-latikit<br \/>\nrahval\u00f5 m\u00f6i<\/p>\n<p>Es tihanu minn\u00e4q<br \/>\net kyss\u00fcq vai hinda<br \/>\nt\u00e4 mano ja s\u00fc\u00e4 ullist<br \/>\npesse mu seheh<br \/>\nma sais\u00f5 ku mol\u00b4o<br \/>\nja m\u00f5tli ku ol\u00f5ss<br \/>\nma purik vai latik<br \/>\ntah vankr\u00f5h t\u00e4 iih<\/p>\n<p>S\u00f5s aig tulli minn\u00e4<br \/>\n\u00e4rq kodo tast liinast<br \/>\nma ycind\u00e4 vankr\u00f5 p\u00e4\u00e4l<br \/>\nj\u00f5i hinn\u00e4st t\u00e4ys<br \/>\npr\u00f5llaq purik vai latik<br \/>\nom \u00f5kvalt ku Kati<br \/>\nL\u00e4tt v\u00e4gh\u00fcsi k\u00e4tte<br \/>\nta tytriku n\u00e4oss<\/p>\n","protected":false},"excerpt":{"rendered":"<p>Merca luul\u00f5tuisi MIKITAM\u00c4E 700 Kuulk\u00f5, ti Vinne jo valitsus korg\u00f5 herr\u00e4&#8217; jo Kremlih mis tiide mi maadega mis ti kaotat mi k\u00fcl\u00e4sid l\u00fc\u00fcdi rahva jo lahki saet setok\u00f5s\u00f5&#8217; jo pool\u00f5s kuulk\u00f5 ti vinne jo valitsus korg\u00f5 herr\u00e4q jo kremlih tiil om pallo jo umma maadagi s\u00e4l\u00e4 takah suur tsiberi milles tiil\u00f5 viil t\u00fck\u00fck\u00f5n\u00f5 milles tiile [&hellip;]<\/p>\n","protected":false},"author":1,"featured_media":0,"parent":9,"menu_order":24,"comment_status":"closed","ping_status":"closed","template":"","meta":{"footnotes":""},"class_list":["post-129","page","type-page","status-publish","hentry"],"yoast_head":"<!-- This site is optimized with the Yoast SEO plugin v27.3 - https:\/\/yoast.com\/product\/yoast-seo-wordpress\/ -->\n<title>Merca - V\u00f5ro kir\u00e4nd\u00fcs<\/title>\n<meta name=\"robots\" content=\"index, follow, max-snippet:-1, max-image-preview:large, max-video-preview:-1\" \/>\n<link rel=\"canonical\" href=\"https:\/\/wi.ee\/voro\/kiranigu\/merca\/\" \/>\n<meta property=\"og:locale\" content=\"et_EE\" \/>\n<meta property=\"og:type\" content=\"article\" \/>\n<meta property=\"og:title\" content=\"Merca - V\u00f5ro kir\u00e4nd\u00fcs\" \/>\n<meta property=\"og:description\" content=\"Merca luul\u00f5tuisi MIKITAM\u00c4E 700 Kuulk\u00f5, ti Vinne jo valitsus korg\u00f5 herr\u00e4&#8217; jo Kremlih mis tiide mi maadega mis ti kaotat mi k\u00fcl\u00e4sid l\u00fc\u00fcdi rahva jo lahki saet setok\u00f5s\u00f5&#8217; jo pool\u00f5s kuulk\u00f5 ti vinne jo valitsus korg\u00f5 herr\u00e4q jo kremlih tiil om pallo jo umma maadagi s\u00e4l\u00e4 takah suur tsiberi milles tiil\u00f5 viil t\u00fck\u00fck\u00f5n\u00f5 milles tiile [&hellip;]\" \/>\n<meta property=\"og:url\" content=\"https:\/\/wi.ee\/voro\/kiranigu\/merca\/\" \/>\n<meta property=\"og:site_name\" content=\"V\u00f5ro kir\u00e4nd\u00fcs\" \/>\n<meta property=\"article:modified_time\" content=\"2016-02-02T09:18:51+00:00\" \/>\n<meta property=\"og:image\" content=\"http:\/\/wi.ee\/voro\/wp-content\/uploads\/2016\/02\/merca.jpg\" \/>\n<meta name=\"twitter:card\" content=\"summary_large_image\" \/>\n<meta name=\"twitter:label1\" content=\"Est. reading time\" \/>\n\t<meta name=\"twitter:data1\" content=\"2 minutit\" \/>\n<script type=\"application\/ld+json\" class=\"yoast-schema-graph\">{\"@context\":\"https:\\\/\\\/schema.org\",\"@graph\":[{\"@type\":\"WebPage\",\"@id\":\"https:\\\/\\\/wi.ee\\\/voro\\\/kiranigu\\\/merca\\\/\",\"url\":\"https:\\\/\\\/wi.ee\\\/voro\\\/kiranigu\\\/merca\\\/\",\"name\":\"Merca - V\u00f5ro kir\u00e4nd\u00fcs\",\"isPartOf\":{\"@id\":\"https:\\\/\\\/wi.ee\\\/voro\\\/#website\"},\"primaryImageOfPage\":{\"@id\":\"https:\\\/\\\/wi.ee\\\/voro\\\/kiranigu\\\/merca\\\/#primaryimage\"},\"image\":{\"@id\":\"https:\\\/\\\/wi.ee\\\/voro\\\/kiranigu\\\/merca\\\/#primaryimage\"},\"thumbnailUrl\":\"http:\\\/\\\/wi.ee\\\/voro\\\/wp-content\\\/uploads\\\/2016\\\/02\\\/merca.jpg\",\"datePublished\":\"2016-02-02T09:17:44+00:00\",\"dateModified\":\"2016-02-02T09:18:51+00:00\",\"breadcrumb\":{\"@id\":\"https:\\\/\\\/wi.ee\\\/voro\\\/kiranigu\\\/merca\\\/#breadcrumb\"},\"inLanguage\":\"et\",\"potentialAction\":[{\"@type\":\"ReadAction\",\"target\":[\"https:\\\/\\\/wi.ee\\\/voro\\\/kiranigu\\\/merca\\\/\"]}]},{\"@type\":\"ImageObject\",\"inLanguage\":\"et\",\"@id\":\"https:\\\/\\\/wi.ee\\\/voro\\\/kiranigu\\\/merca\\\/#primaryimage\",\"url\":\"http:\\\/\\\/wi.ee\\\/voro\\\/wp-content\\\/uploads\\\/2016\\\/02\\\/merca.jpg\",\"contentUrl\":\"http:\\\/\\\/wi.ee\\\/voro\\\/wp-content\\\/uploads\\\/2016\\\/02\\\/merca.jpg\"},{\"@type\":\"BreadcrumbList\",\"@id\":\"https:\\\/\\\/wi.ee\\\/voro\\\/kiranigu\\\/merca\\\/#breadcrumb\",\"itemListElement\":[{\"@type\":\"ListItem\",\"position\":1,\"name\":\"Home\",\"item\":\"https:\\\/\\\/wi.ee\\\/voro\\\/\"},{\"@type\":\"ListItem\",\"position\":2,\"name\":\"KI\u00c4 OMMA V\u00d5RO KIR\u00c4NIGU\",\"item\":\"https:\\\/\\\/wi.ee\\\/voro\\\/kiranigu\\\/\"},{\"@type\":\"ListItem\",\"position\":3,\"name\":\"Merca\"}]},{\"@type\":\"WebSite\",\"@id\":\"https:\\\/\\\/wi.ee\\\/voro\\\/#website\",\"url\":\"https:\\\/\\\/wi.ee\\\/voro\\\/\",\"name\":\"V\u00f5ro kir\u00e4nd\u00fcs\",\"description\":\"V\u00f5ro kir\u00e4nd\u00fcse kodoleht\",\"potentialAction\":[{\"@type\":\"SearchAction\",\"target\":{\"@type\":\"EntryPoint\",\"urlTemplate\":\"https:\\\/\\\/wi.ee\\\/voro\\\/?s={search_term_string}\"},\"query-input\":{\"@type\":\"PropertyValueSpecification\",\"valueRequired\":true,\"valueName\":\"search_term_string\"}}],\"inLanguage\":\"et\"}]}<\/script>\n<!-- \/ Yoast SEO plugin. -->","yoast_head_json":{"title":"Merca - V\u00f5ro kir\u00e4nd\u00fcs","robots":{"index":"index","follow":"follow","max-snippet":"max-snippet:-1","max-image-preview":"max-image-preview:large","max-video-preview":"max-video-preview:-1"},"canonical":"https:\/\/wi.ee\/voro\/kiranigu\/merca\/","og_locale":"et_EE","og_type":"article","og_title":"Merca - V\u00f5ro kir\u00e4nd\u00fcs","og_description":"Merca luul\u00f5tuisi MIKITAM\u00c4E 700 Kuulk\u00f5, ti Vinne jo valitsus korg\u00f5 herr\u00e4&#8217; jo Kremlih mis tiide mi maadega mis ti kaotat mi k\u00fcl\u00e4sid l\u00fc\u00fcdi rahva jo lahki saet setok\u00f5s\u00f5&#8217; jo pool\u00f5s kuulk\u00f5 ti vinne jo valitsus korg\u00f5 herr\u00e4q jo kremlih tiil om pallo jo umma maadagi s\u00e4l\u00e4 takah suur tsiberi milles tiil\u00f5 viil t\u00fck\u00fck\u00f5n\u00f5 milles tiile [&hellip;]","og_url":"https:\/\/wi.ee\/voro\/kiranigu\/merca\/","og_site_name":"V\u00f5ro kir\u00e4nd\u00fcs","article_modified_time":"2016-02-02T09:18:51+00:00","og_image":[{"url":"http:\/\/wi.ee\/voro\/wp-content\/uploads\/2016\/02\/merca.jpg","type":"","width":"","height":""}],"twitter_card":"summary_large_image","twitter_misc":{"Est. reading time":"2 minutit"},"schema":{"@context":"https:\/\/schema.org","@graph":[{"@type":"WebPage","@id":"https:\/\/wi.ee\/voro\/kiranigu\/merca\/","url":"https:\/\/wi.ee\/voro\/kiranigu\/merca\/","name":"Merca - V\u00f5ro kir\u00e4nd\u00fcs","isPartOf":{"@id":"https:\/\/wi.ee\/voro\/#website"},"primaryImageOfPage":{"@id":"https:\/\/wi.ee\/voro\/kiranigu\/merca\/#primaryimage"},"image":{"@id":"https:\/\/wi.ee\/voro\/kiranigu\/merca\/#primaryimage"},"thumbnailUrl":"http:\/\/wi.ee\/voro\/wp-content\/uploads\/2016\/02\/merca.jpg","datePublished":"2016-02-02T09:17:44+00:00","dateModified":"2016-02-02T09:18:51+00:00","breadcrumb":{"@id":"https:\/\/wi.ee\/voro\/kiranigu\/merca\/#breadcrumb"},"inLanguage":"et","potentialAction":[{"@type":"ReadAction","target":["https:\/\/wi.ee\/voro\/kiranigu\/merca\/"]}]},{"@type":"ImageObject","inLanguage":"et","@id":"https:\/\/wi.ee\/voro\/kiranigu\/merca\/#primaryimage","url":"http:\/\/wi.ee\/voro\/wp-content\/uploads\/2016\/02\/merca.jpg","contentUrl":"http:\/\/wi.ee\/voro\/wp-content\/uploads\/2016\/02\/merca.jpg"},{"@type":"BreadcrumbList","@id":"https:\/\/wi.ee\/voro\/kiranigu\/merca\/#breadcrumb","itemListElement":[{"@type":"ListItem","position":1,"name":"Home","item":"https:\/\/wi.ee\/voro\/"},{"@type":"ListItem","position":2,"name":"KI\u00c4 OMMA V\u00d5RO KIR\u00c4NIGU","item":"https:\/\/wi.ee\/voro\/kiranigu\/"},{"@type":"ListItem","position":3,"name":"Merca"}]},{"@type":"WebSite","@id":"https:\/\/wi.ee\/voro\/#website","url":"https:\/\/wi.ee\/voro\/","name":"V\u00f5ro kir\u00e4nd\u00fcs","description":"V\u00f5ro kir\u00e4nd\u00fcse kodoleht","potentialAction":[{"@type":"SearchAction","target":{"@type":"EntryPoint","urlTemplate":"https:\/\/wi.ee\/voro\/?s={search_term_string}"},"query-input":{"@type":"PropertyValueSpecification","valueRequired":true,"valueName":"search_term_string"}}],"inLanguage":"et"}]}},"_links":{"self":[{"href":"https:\/\/wi.ee\/voro\/wp-json\/wp\/v2\/pages\/129","targetHints":{"allow":["GET"]}}],"collection":[{"href":"https:\/\/wi.ee\/voro\/wp-json\/wp\/v2\/pages"}],"about":[{"href":"https:\/\/wi.ee\/voro\/wp-json\/wp\/v2\/types\/page"}],"author":[{"embeddable":true,"href":"https:\/\/wi.ee\/voro\/wp-json\/wp\/v2\/users\/1"}],"replies":[{"embeddable":true,"href":"https:\/\/wi.ee\/voro\/wp-json\/wp\/v2\/comments?post=129"}],"version-history":[{"count":3,"href":"https:\/\/wi.ee\/voro\/wp-json\/wp\/v2\/pages\/129\/revisions"}],"predecessor-version":[{"id":133,"href":"https:\/\/wi.ee\/voro\/wp-json\/wp\/v2\/pages\/129\/revisions\/133"}],"up":[{"embeddable":true,"href":"https:\/\/wi.ee\/voro\/wp-json\/wp\/v2\/pages\/9"}],"wp:attachment":[{"href":"https:\/\/wi.ee\/voro\/wp-json\/wp\/v2\/media?parent=129"}],"curies":[{"name":"wp","href":"https:\/\/api.w.org\/{rel}","templated":true}]}}