{"id":104,"date":"2016-02-02T10:54:42","date_gmt":"2016-02-02T08:54:42","guid":{"rendered":"http:\/\/wi.ee\/voro\/?page_id=104"},"modified":"2016-02-02T10:54:42","modified_gmt":"2016-02-02T08:54:42","slug":"luulotuisi","status":"publish","type":"page","link":"https:\/\/wi.ee\/voro\/kiranigu\/kauksi-ulle\/luulotuisi\/","title":{"rendered":"Luul\u00f5tuisi"},"content":{"rendered":"<p>VEREVIDE PRUNTS\u00d5GA S\u00d5BRANN\u00d5D\u00d5L\u00d5<\/p>\n<p>Poisiq tul\u00f5va ja poisiq l\u00e4tv\u00e4<br \/>\nmu verevide prunts\u00f5ga s\u00f5brann\u00f5q<br \/>\nn\u00e4id maaha j\u00e4tv\u00e4<\/p>\n<p>ja laulva l\u00e4nn\u00fctest<br \/>\nja minejidest<br \/>\nja otsast j\u00e4lqki tul\u00f5jidest<\/p>\n<p>(noist myn\u00f5q meestes saanuq<br \/>\nt\u00f5s\u00f5q vunts\u00f5ga)<\/p>\n<p>ja n\u00e4ide \u00fcmbre<br \/>\nlaulva tand\u00b4sva naarva<br \/>\ns\u00f5brann\u00f5q verevide prunts\u00f5ga<\/p>\n<p>nii p\u00e4ivist n\u00e4d\u00e4liq<br \/>\nkuuq aastaq kooliaig<br \/>\nja eluaigki saavaq<br \/>\nja istus\u00f5 mu \u00fcmbre<br \/>\nmu verevide prunts\u00f5ga s\u00f5brann\u00f5q&#8230;<\/p>\n<p>T\u00d5S\u00d5LPUUL LAUDA<\/p>\n<p>Egas maq tuud<br \/>\nt\u00f5mmut<br \/>\nmis ig\u00e4vest ello kink<br \/>\ntii\u00e4ki-s tahta<\/p>\n<p>Maq pall\u00f5lsi<br \/>\narmujoogi op\u00f5tust<\/p>\n<p>\u00dcllest anda-s<br \/>\nk\u00e4sti m\u00e4rki<\/p>\n<p>Sai proovit<br \/>\nK\u00f5lba-s t\u00fcrg\u00fc uba<br \/>\navida-s gruusia korg\u00f5mb sort\u00b4<br \/>\nega india rohilan\u00f5<\/p>\n<p>Maq paks\u00f5 kyg\u00f5s<br \/>\nvavv\u00f5rnamoosi<\/p>\n<p>l\u00e4tteviiga<\/p>\n<p>ei ig\u00e4vest ello<br \/>\nei s\u00fc\u00e4mehallo<\/p>\n<p>Ig\u00e4veste j\u00e4\u00e4 maq kaema<br \/>\ns\u00f5bra sinitside silmi kaivu<br \/>\nt\u00f5s\u00f5lpuul lauda<\/p>\n<p>p\u00f5sk\u00b4 ryysk<br \/>\nku k\u00fctsel vavv\u00f5rnal<\/p>\n<p>*<\/p>\n<p>Vahel maq ol\u00f5<br \/>\nhel\u00fcld\u00e4 laulnu<br \/>\nja jalulda tand\u00b4snu kah<\/p>\n<p>sys ku ki\u00e4ki om kaenuq<br \/>\nmu p\u00e4\u00e4le ku p\u00e4iv<\/p>\n<p>kel silmin s\u00e4r\u00e4nde pilk<br \/>\nkel k\u00e4evarr\u00f5n s\u00e4\u00e4ne kimm\u00fcs<br \/>\nja hel\u00fcn hille hell<\/p>\n<p>sys maq ol\u00f5gi hel\u00fcga laulnu<br \/>\nsynnu heitn\u00fc<br \/>\nja umma s\u00fc\u00e4nd<br \/>\nsys ol\u00f5gi jalgu p\u00e4\u00e4l tand\u00b4snu<br \/>\nnigu siivuga platsi kotsil<br \/>\nvai laivuga lainide all<\/p>\n<p>*<\/p>\n<p>&#8220;Vanaim\u00e4, ma lupa, ku suur\u00f5s kasu,<br \/>\neg\u00e4 p\u00e4iv umbl\u00f5 p\u00f5ll\u00f5 vai poordiga kleidi,&#8221;<br \/>\nkyn\u00f5li \u00fcleminev\u00e4 aasta.<\/p>\n<p>&#8220;Vanaim\u00e4, lupaq, et sa kunagi \u00e4rq ei kool\u00f5q,&#8221;<br \/>\npalssi ma inne ku sai kaiaq kooli pool\u00f5.<\/p>\n<p>&#8220;Vanaim\u00e4, n\u00fc\u00fcd ma su iist niitm\u00e4 nakka!&#8221;<br \/>\nA esiq joosi ku t\u00f5s\u00f5qki lakk\u00b4a.<\/p>\n<p>&#8220;Vanaim\u00e4, ma ynn\u00f5 su rass\u00f5t ello<br \/>\nv\u00f5i kirota ilma piteh lakk\u00b4a&#8230;&#8221;<\/p>\n<p>A tuud mu vanaim\u00e4kene<br \/>\nvaivalt et lug\u00f5ma nakkas&#8230;<\/p>\n<p>KAR`AMAA MAR`AMAA<\/p>\n<p>Siin, kon m\u00f5ts oll\u00b4 ja noq lank\u00b4<br \/>\nraoti, olliq m\u00f5isanurm\u00f5q, maq<br \/>\nolli lats\u00f5h kar\u00b4ah &#8230;<br \/>\ncillo vanavanaim\u00e4<\/p>\n<p>P\u00e4iv paistu<br \/>\nja kari sei<br \/>\nts\u00b4ura piibarit puhk\u00f5<br \/>\nja pini puhas\u00b4<\/p>\n<p>Aga jo luhast<br \/>\nhakk\u00f5 linnas\u00b4<br \/>\nja puhas\u00b4 tuul\u00b4<br \/>\npaheld\u00f5<\/p>\n<p>S\u00e4\u00e4lt t\u00e4\u00e4 juusks\u00f5<br \/>\nei &#8211; linnas\u00b4<br \/>\nmiiss\u00b4 hob\u00f5s\u00f5 s\u00e4l\u00e4h<br \/>\nn\u00e4go nuur\u00b4<br \/>\nolg kimm\u00e4s<\/p>\n<p>Tulli<br \/>\nSiin<br \/>\n\u00dcles<br \/>\nma l\u00e4\u00e4 vasta<br \/>\nMis tan m\u00e4rki<br \/>\nmuiduki m\u00f5tsa<br \/>\nammuq oll\u00b4 pel\u00e4t<br \/>\nkyikaig tiit<\/p>\n<p>vahel s\u00e4\u00e4lt<br \/>\nja vahel siist<br \/>\nvinne v\u00e4gi<br \/>\nvai ordu riik\u00b4<\/p>\n<p>veli s\u00f5its\u00f5<br \/>\nim\u00e4 kodu<br \/>\nes\u00e4 k\u00fcnd<br \/>\nsysar\u00b4 eht}<\/p>\n<p>Mi\u00e4 t\u00e4\u00e4 eht<br \/>\nKas &#8230;<br \/>\neiq<\/p>\n<p>Tim\u00e4 l\u00e4tt saatma<br \/>\ntoda ki\u00e4 l\u00e4tt<br \/>\nes\u00e4 k\u00fcnd<br \/>\n&#8230;<br \/>\nK\u00e4ve \u00fcle<br \/>\nj\u00e4lleki<br \/>\nPinikor\u00b4us<br \/>\nja lehm\u00e4p\u00e4\u00e4<br \/>\nKaiv kust<br \/>\nuibu murt<\/p>\n<p>Aja m\u00f5tsast kar\u00b4a<br \/>\nlehm tul\u00f5 luhast<br \/>\nSysara kaal kaalah<br \/>\nEsiq muah tikat<\/p>\n<p>Hob\u00f5s\u00f5 s\u00e4l\u00e4h must kikas<\/p>\n<p>Koplikuus\u00f5 palanu oss<br \/>\ntsiht\u00b4 ku vikat\u00b4<\/p>\n<p>Or\u00b4at\u00e4ht paistus \u00fcle<br \/>\nki\u00e4 visat<br \/>\nki\u00e4 viid<br \/>\nverihain l\u00e4\u00fcg\u00fcs ku siid\u00b4<\/p>\n<p>Mi\u00e4 alal\u00f5<br \/>\nmi\u00e4 viil j\u00e4i<\/p>\n<p>Im\u00e4 haud<br \/>\ntim\u00e4le laulas\u00b4<\/p>\n<p>Tul\u00f5q kodo im\u00e4kene<br \/>\nvasta<\/p>\n<p>Ei saaq tullaq<br \/>\nei t\u00f5ot\u00f5<\/p>\n<p>Muru kasvi mulla p\u00e4\u00e4le<br \/>\nAruhainaq havva p\u00e4\u00e4le<br \/>\nKast\u00f5hainaq kaala p\u00e4\u00e4le<br \/>\nSinililliq silmi p\u00e4\u00e4le<br \/>\nKull\u00f5rkupuq kulm\u00f5 p\u00e4\u00e4le<\/p>\n<p>Es\u00e4 es k\u00fcnn\u00e4q in\u00e4mb<br \/>\nesiq ts\u00b4ura<br \/>\nSysar\u00b4 ullis<br \/>\nei in\u00e4mb miist<\/p>\n<p>Ja im\u00e4 l\u00e4ts\u00b4 ammuq siist<br \/>\ntul\u00f5ki-i tagasi<br \/>\nArmuq l\u00e4tsiq alt v\u00e4r\u00e4di<br \/>\ntiid\u00e4 piten<\/p>\n<p>Ja s\u00fc\u00fct\u00fc<br \/>\nj\u00e4i s\u00fc\u00fcd\u00fc<br \/>\nkasvi m\u00f5tsa<br \/>\nm\u00f5ts raoti<\/p>\n<p>S\u00e4\u00e4l r\u00e4b\u00e4st\u00fch<br \/>\nveret\u00e4s vavv\u00f5rn<br \/>\nmuah mustik<br \/>\nja muial maas\u00b4k &#8230;}<\/p>\n<p>UPPUNU VELI<\/p>\n<p>kasvi t\u00e4\u00e4 sysar\u00b4<br \/>\nkolm velle t\u00e4l olliq<br \/>\nkyik laivameheq<br \/>\nja pik\u00e4q ja h\u00e4\u00e4q<\/p>\n<p>\u00fcts tuk\u00f5v oll\u00b4 ronima<br \/>\nmast\u00f5 p\u00e4\u00e4l<br \/>\ntorm\u00b4 tulli<br \/>\nja varsti<br \/>\nvii p\u00f5h\u00b4an<br \/>\nligosi t\u00e4\u00e4<br \/>\nts\u00b4arop\u00e4\u00e4<\/p>\n<p>kasvi t\u00e4\u00e4 sysar\u00b4<br \/>\nkats\u00b4 velle oll\u00b4 t\u00e4l<br \/>\nlaivameheq<br \/>\npik\u00e4q ja h\u00e4\u00e4q<\/p>\n<p>t\u00f5n\u00f5 julg\u00f5<br \/>\noll\u00b4 t\u00fc\u00fcrm\u00e4<br \/>\nku ka m\u00e4d\u00e4n\u00fc<br \/>\nlaiv<br \/>\ntorm\u00b4 tulli<br \/>\nja merri p\u00f5hju p\u00e4\u00e4l<br \/>\nkalluga<br \/>\njuttu ai<br \/>\nt\u00e4\u00e4 must p\u00e4\u00e4<\/p>\n<p>kasvi t\u00e4\u00e4 sysar\u00b4<br \/>\nja veli oll\u00b4 viil<br \/>\npikk ja tim\u00e4gi<br \/>\nlaivamiiss\u00b4<\/p>\n<p>tuu veli oll\u00b4 julg\u00f5<br \/>\nja jutuga haak\u00b4<br \/>\nkiil\u00b4 terr\u00e4v<br \/>\nja junga k\u00e4est<br \/>\ntiid t\u00fc\u00fcr es saaq<br \/>\nja varsti t\u00e4\u00e4<br \/>\nvahakas linakas hius<br \/>\nmerep\u00f5h\u00b4an<br \/>\ns\u00e4\u00e4l h\u00f5ll\u00b4os kos<br \/>\nmerimoll\u00b4uski uus\u00b4<\/p>\n<p>kasvi t\u00e4\u00e4 sysar\u00b4<br \/>\n\u00fcle Atlanti s\u00f5it\u00b4<br \/>\ntiine s\u00e4idset\u00f5ist aastat<br \/>\nja kolveer\u00e4nd viil<\/p>\n<p>Im\u00e4 kirot\u00b4 et uus\u00b4 veli<br \/>\ns\u00e4idset\u00f5ist saaman<br \/>\ntulguq velj\u00e4 kaema<\/p>\n<p>kuts todagi meri<br \/>\nl\u00e4tt pikemb\u00e4s aoss<\/p>\n<p>vanas j\u00e4\u00e4m\u00e4n jo sysar\u00b4<br \/>\nja \u00fcts tim\u00e4 veli<br \/>\nmis karva t\u00e4\u00e4 hius<br \/>\nmis pikkus mis julg<\/p>\n<p>sysar\u00b4 salli kudi<br \/>\nja kompassi ost\u00b4<br \/>\nja tul\u00f5ma nakas\u00b4<br \/>\nhumm\u00f5n\u00b4 p\u00e4iv<\/p>\n<p>Iiri randa<br \/>\njovva es laiv<br \/>\nja jovvaki-s viil<br \/>\npikk ja aiglan\u00f5<br \/>\nmerine tii<\/p>\n<p>veli l\u00e4pe-s uuta<br \/>\nja paati ist\u00f5<br \/>\nja s\u00f5uds\u00f5 p\u00e4\u00e4v\u00e4<br \/>\nt\u00fck\u00fc t\u00f5istki viil<\/p>\n<p>sysar\u00b4 tul\u00f5man s\u00e4\u00e4lt Ameerigamaalt<br \/>\nja Atlanti p\u00e4\u00e4lt<\/p>\n<p>Es saaqki paita<br \/>\nvele verev\u00e4t p\u00e4\u00e4d<br \/>\nnii t\u00e4\u00e4 um<br \/>\nku p\u00e4\u00e4v\u00e4ga ildas j\u00e4\u00e4t<\/p>\n","protected":false},"excerpt":{"rendered":"<p>VEREVIDE PRUNTS\u00d5GA S\u00d5BRANN\u00d5D\u00d5L\u00d5 Poisiq tul\u00f5va ja poisiq l\u00e4tv\u00e4 mu verevide prunts\u00f5ga s\u00f5brann\u00f5q n\u00e4id maaha j\u00e4tv\u00e4 ja laulva l\u00e4nn\u00fctest ja minejidest ja otsast j\u00e4lqki tul\u00f5jidest (noist myn\u00f5q meestes saanuq t\u00f5s\u00f5q vunts\u00f5ga) ja n\u00e4ide \u00fcmbre laulva tand\u00b4sva naarva s\u00f5brann\u00f5q verevide prunts\u00f5ga nii p\u00e4ivist n\u00e4d\u00e4liq kuuq aastaq kooliaig ja eluaigki saavaq ja istus\u00f5 mu \u00fcmbre mu verevide prunts\u00f5ga [&hellip;]<\/p>\n","protected":false},"author":1,"featured_media":0,"parent":94,"menu_order":0,"comment_status":"closed","ping_status":"closed","template":"","meta":{"footnotes":""},"class_list":["post-104","page","type-page","status-publish","hentry"],"yoast_head":"<!-- This site is optimized with the Yoast SEO plugin v27.4 - https:\/\/yoast.com\/product\/yoast-seo-wordpress\/ -->\n<title>Luul\u00f5tuisi - V\u00f5ro kir\u00e4nd\u00fcs<\/title>\n<meta name=\"robots\" content=\"index, follow, max-snippet:-1, max-image-preview:large, max-video-preview:-1\" \/>\n<link rel=\"canonical\" href=\"https:\/\/wi.ee\/voro\/kiranigu\/kauksi-ulle\/luulotuisi\/\" \/>\n<meta property=\"og:locale\" content=\"et_EE\" \/>\n<meta property=\"og:type\" content=\"article\" \/>\n<meta property=\"og:title\" content=\"Luul\u00f5tuisi - V\u00f5ro kir\u00e4nd\u00fcs\" \/>\n<meta property=\"og:description\" content=\"VEREVIDE PRUNTS\u00d5GA S\u00d5BRANN\u00d5D\u00d5L\u00d5 Poisiq tul\u00f5va ja poisiq l\u00e4tv\u00e4 mu verevide prunts\u00f5ga s\u00f5brann\u00f5q n\u00e4id maaha j\u00e4tv\u00e4 ja laulva l\u00e4nn\u00fctest ja minejidest ja otsast j\u00e4lqki tul\u00f5jidest (noist myn\u00f5q meestes saanuq t\u00f5s\u00f5q vunts\u00f5ga) ja n\u00e4ide \u00fcmbre laulva tand\u00b4sva naarva s\u00f5brann\u00f5q verevide prunts\u00f5ga nii p\u00e4ivist n\u00e4d\u00e4liq kuuq aastaq kooliaig ja eluaigki saavaq ja istus\u00f5 mu \u00fcmbre mu verevide prunts\u00f5ga [&hellip;]\" \/>\n<meta property=\"og:url\" content=\"https:\/\/wi.ee\/voro\/kiranigu\/kauksi-ulle\/luulotuisi\/\" \/>\n<meta property=\"og:site_name\" content=\"V\u00f5ro kir\u00e4nd\u00fcs\" \/>\n<meta name=\"twitter:card\" content=\"summary_large_image\" \/>\n<meta name=\"twitter:label1\" content=\"Est. reading time\" \/>\n\t<meta name=\"twitter:data1\" content=\"4 minutit\" \/>\n<script type=\"application\/ld+json\" class=\"yoast-schema-graph\">{\"@context\":\"https:\\\/\\\/schema.org\",\"@graph\":[{\"@type\":\"WebPage\",\"@id\":\"https:\\\/\\\/wi.ee\\\/voro\\\/kiranigu\\\/kauksi-ulle\\\/luulotuisi\\\/\",\"url\":\"https:\\\/\\\/wi.ee\\\/voro\\\/kiranigu\\\/kauksi-ulle\\\/luulotuisi\\\/\",\"name\":\"Luul\u00f5tuisi - V\u00f5ro kir\u00e4nd\u00fcs\",\"isPartOf\":{\"@id\":\"https:\\\/\\\/wi.ee\\\/voro\\\/#website\"},\"datePublished\":\"2016-02-02T08:54:42+00:00\",\"breadcrumb\":{\"@id\":\"https:\\\/\\\/wi.ee\\\/voro\\\/kiranigu\\\/kauksi-ulle\\\/luulotuisi\\\/#breadcrumb\"},\"inLanguage\":\"et\",\"potentialAction\":[{\"@type\":\"ReadAction\",\"target\":[\"https:\\\/\\\/wi.ee\\\/voro\\\/kiranigu\\\/kauksi-ulle\\\/luulotuisi\\\/\"]}]},{\"@type\":\"BreadcrumbList\",\"@id\":\"https:\\\/\\\/wi.ee\\\/voro\\\/kiranigu\\\/kauksi-ulle\\\/luulotuisi\\\/#breadcrumb\",\"itemListElement\":[{\"@type\":\"ListItem\",\"position\":1,\"name\":\"Home\",\"item\":\"https:\\\/\\\/wi.ee\\\/voro\\\/\"},{\"@type\":\"ListItem\",\"position\":2,\"name\":\"KI\u00c4 OMMA V\u00d5RO KIR\u00c4NIGU\",\"item\":\"https:\\\/\\\/wi.ee\\\/voro\\\/kiranigu\\\/\"},{\"@type\":\"ListItem\",\"position\":3,\"name\":\"Kauksi \u00dclle\",\"item\":\"https:\\\/\\\/wi.ee\\\/voro\\\/kiranigu\\\/kauksi-ulle\\\/\"},{\"@type\":\"ListItem\",\"position\":4,\"name\":\"Luul\u00f5tuisi\"}]},{\"@type\":\"WebSite\",\"@id\":\"https:\\\/\\\/wi.ee\\\/voro\\\/#website\",\"url\":\"https:\\\/\\\/wi.ee\\\/voro\\\/\",\"name\":\"V\u00f5ro kir\u00e4nd\u00fcs\",\"description\":\"V\u00f5ro kir\u00e4nd\u00fcse kodoleht\",\"potentialAction\":[{\"@type\":\"SearchAction\",\"target\":{\"@type\":\"EntryPoint\",\"urlTemplate\":\"https:\\\/\\\/wi.ee\\\/voro\\\/?s={search_term_string}\"},\"query-input\":{\"@type\":\"PropertyValueSpecification\",\"valueRequired\":true,\"valueName\":\"search_term_string\"}}],\"inLanguage\":\"et\"}]}<\/script>\n<!-- \/ Yoast SEO plugin. -->","yoast_head_json":{"title":"Luul\u00f5tuisi - V\u00f5ro kir\u00e4nd\u00fcs","robots":{"index":"index","follow":"follow","max-snippet":"max-snippet:-1","max-image-preview":"max-image-preview:large","max-video-preview":"max-video-preview:-1"},"canonical":"https:\/\/wi.ee\/voro\/kiranigu\/kauksi-ulle\/luulotuisi\/","og_locale":"et_EE","og_type":"article","og_title":"Luul\u00f5tuisi - V\u00f5ro kir\u00e4nd\u00fcs","og_description":"VEREVIDE PRUNTS\u00d5GA S\u00d5BRANN\u00d5D\u00d5L\u00d5 Poisiq tul\u00f5va ja poisiq l\u00e4tv\u00e4 mu verevide prunts\u00f5ga s\u00f5brann\u00f5q n\u00e4id maaha j\u00e4tv\u00e4 ja laulva l\u00e4nn\u00fctest ja minejidest ja otsast j\u00e4lqki tul\u00f5jidest (noist myn\u00f5q meestes saanuq t\u00f5s\u00f5q vunts\u00f5ga) ja n\u00e4ide \u00fcmbre laulva tand\u00b4sva naarva s\u00f5brann\u00f5q verevide prunts\u00f5ga nii p\u00e4ivist n\u00e4d\u00e4liq kuuq aastaq kooliaig ja eluaigki saavaq ja istus\u00f5 mu \u00fcmbre mu verevide prunts\u00f5ga [&hellip;]","og_url":"https:\/\/wi.ee\/voro\/kiranigu\/kauksi-ulle\/luulotuisi\/","og_site_name":"V\u00f5ro kir\u00e4nd\u00fcs","twitter_card":"summary_large_image","twitter_misc":{"Est. reading time":"4 minutit"},"schema":{"@context":"https:\/\/schema.org","@graph":[{"@type":"WebPage","@id":"https:\/\/wi.ee\/voro\/kiranigu\/kauksi-ulle\/luulotuisi\/","url":"https:\/\/wi.ee\/voro\/kiranigu\/kauksi-ulle\/luulotuisi\/","name":"Luul\u00f5tuisi - V\u00f5ro kir\u00e4nd\u00fcs","isPartOf":{"@id":"https:\/\/wi.ee\/voro\/#website"},"datePublished":"2016-02-02T08:54:42+00:00","breadcrumb":{"@id":"https:\/\/wi.ee\/voro\/kiranigu\/kauksi-ulle\/luulotuisi\/#breadcrumb"},"inLanguage":"et","potentialAction":[{"@type":"ReadAction","target":["https:\/\/wi.ee\/voro\/kiranigu\/kauksi-ulle\/luulotuisi\/"]}]},{"@type":"BreadcrumbList","@id":"https:\/\/wi.ee\/voro\/kiranigu\/kauksi-ulle\/luulotuisi\/#breadcrumb","itemListElement":[{"@type":"ListItem","position":1,"name":"Home","item":"https:\/\/wi.ee\/voro\/"},{"@type":"ListItem","position":2,"name":"KI\u00c4 OMMA V\u00d5RO KIR\u00c4NIGU","item":"https:\/\/wi.ee\/voro\/kiranigu\/"},{"@type":"ListItem","position":3,"name":"Kauksi \u00dclle","item":"https:\/\/wi.ee\/voro\/kiranigu\/kauksi-ulle\/"},{"@type":"ListItem","position":4,"name":"Luul\u00f5tuisi"}]},{"@type":"WebSite","@id":"https:\/\/wi.ee\/voro\/#website","url":"https:\/\/wi.ee\/voro\/","name":"V\u00f5ro kir\u00e4nd\u00fcs","description":"V\u00f5ro kir\u00e4nd\u00fcse kodoleht","potentialAction":[{"@type":"SearchAction","target":{"@type":"EntryPoint","urlTemplate":"https:\/\/wi.ee\/voro\/?s={search_term_string}"},"query-input":{"@type":"PropertyValueSpecification","valueRequired":true,"valueName":"search_term_string"}}],"inLanguage":"et"}]}},"_links":{"self":[{"href":"https:\/\/wi.ee\/voro\/wp-json\/wp\/v2\/pages\/104","targetHints":{"allow":["GET"]}}],"collection":[{"href":"https:\/\/wi.ee\/voro\/wp-json\/wp\/v2\/pages"}],"about":[{"href":"https:\/\/wi.ee\/voro\/wp-json\/wp\/v2\/types\/page"}],"author":[{"embeddable":true,"href":"https:\/\/wi.ee\/voro\/wp-json\/wp\/v2\/users\/1"}],"replies":[{"embeddable":true,"href":"https:\/\/wi.ee\/voro\/wp-json\/wp\/v2\/comments?post=104"}],"version-history":[{"count":1,"href":"https:\/\/wi.ee\/voro\/wp-json\/wp\/v2\/pages\/104\/revisions"}],"predecessor-version":[{"id":105,"href":"https:\/\/wi.ee\/voro\/wp-json\/wp\/v2\/pages\/104\/revisions\/105"}],"up":[{"embeddable":true,"href":"https:\/\/wi.ee\/voro\/wp-json\/wp\/v2\/pages\/94"}],"wp:attachment":[{"href":"https:\/\/wi.ee\/voro\/wp-json\/wp\/v2\/media?parent=104"}],"curies":[{"name":"wp","href":"https:\/\/api.w.org\/{rel}","templated":true}]}}